000
CXUS55 KCYS 281000
CF6LAR
PRELIMINARY LOCAL CLIMATOLOGICAL DATA (WS FORM: F-6)

                                          STATION:   LARAMIE WYOMING AIRPORT
                                          MONTH:     AUGUST
                                          YEAR:      2015
                                          LATITUDE:   41 18 N
                                          LONGITUDE: 105 40 W

  TEMPERATURE IN F:       :PCPN:    SNOW:  WIND      :SUNSHINE: SKY     :PK WND
================================================================================
1   2   3   4   5  6A  6B    7    8   9   10  11  12  13   14  15   16   17  18
                                     12Z  AVG MX 2MIN
DY MAX MIN AVG DEP HDD CDD  WTR  SNW DPTH SPD SPD DIR MIN PSBL S-S WX    SPD DR
================================================================================

 1  86  47  67   3   0   2 0.00    M    M  7.0 17  80   M    M   0        21 100
 2  87  47  67   3   0   2 0.00    M    M  6.9 17 140   M    M   2        23 140
 3  83  52  68   4   0   3    T    M    M 11.5 29 230   M    M   3 1      37 230
 4  77  50  64   0   1   0 0.02    M    M 13.0 31 290   M    M   7        42 300
 5  84  43  64   0   1   0 0.03    M    M  8.1 26 290   M    M   2 3      33 230
 6  80  50  65   1   0   0 0.00    M    M 11.8 32 260   M    M   1        42 280
 7  79  49  64   0   1   0    T    M    M  7.8 31 160   M    M   3        39 160
 8  80  48  64   0   1   0 0.00    M    M 10.4 24 280   M    M   2        33 230
 9  79  46  63  -1   2   0 0.00    M    M 11.2 28 230   M    M   3        36 220
10  83  40  62  -2   3   0 0.00    M    M 10.5 26 140   M    M   1        33 150
11  85  48  67   4   0   2 0.00    M    M  9.8 21 140   M    M   2 3      25 140
12  84  52  68   5   0   3 0.00    M    M  9.1 22 240   M    M   4        27 240
13  85  55  70   7   0   5    T    M    M  7.6 20 190   M    M   4 3      26 330
14  88  47  68   5   0   3 0.24    M    M  8.4 26 220   M    M   3 3      45 240
15  86  53  70   7   0   5 0.08    M    M 11.1 33 280   M    M   0 3      43 280
16  80  50  65   2   0   0 0.42    M    M 11.6 37 310   M    M   0 3      50 310
17  79  46  63   1   2   0 0.00    M    M 11.9 36 330   M    M   1        45 320
18  64  38  51 -11  14   0 0.24    M    0 12.2 28 350   M    M   3        40 350
19  67  37  52 -10  13   0 0.00    M    M  7.7 17 310   M    M   2        21 310
20  76  43  60  -2   5   0 0.00    M    M  8.7 21 280   M    M   2        26 280
21  82  42  62   0   3   0    T    M    M 14.9 33 260   M    M   0        41 280
22  75  44  60  -1   5   0 0.00    M    M 12.8 30 270   M    M   0        38 260
23  79  38  59  -2   6   0 0.00    M    M  8.7 22 320   M    M   0        28 330
24  83  43  63   2   2   0 0.00    M    M 10.0 22 350   M    M   0        32 320
25  86  45  66   5   0   1 0.00    M    M  7.1 15 360   M    M   0        21 340
26  86  51  69   9   0   4    T    M    M  8.7 28 170   M    M   1        35 150
27  71  52  62   2   3   0 0.09    M    M  8.3 31 330   M    M   8 13     41 320
================================================================================
SM 2174 1256        62  30  1.12    M    266.8          M       54
================================================================================
AV 80.5 46.5                               9.9 FASTST   M    M   2    MAX(MPH)
                                 MISC ---->  # 37 310               # 50  310
================================================================================
NOTES:
# LAST OF SEVERAL OCCURRENCES

COLUMN 17 PEAK WIND IN M.P.H.

PRELIMINARY LOCAL CLIMATOLOGICAL DATA (WS FORM: F-6) , PAGE 2

                                          STATION:  LARAMIE WYOMING AIRPORT
                                          MONTH:    AUGUST
                                          YEAR:     2015
                                          LATITUDE:   41 18 N
                                          LONGITUDE: 105 40 W

[TEMPERATURE DATA]      [PRECIPITATION DATA]       SYMBOLS USED IN COLUMN 16

AVERAGE MONTHLY: 63.5   TOTAL FOR MONTH:   1.12    1 = FOG OR MIST
DPTR FM NORMAL:   0.9   DPTR FM NORMAL:    0.03    2 = FOG REDUCING VISIBILITY
HIGHEST:    88 ON 14    GRTST 24HR  0.42 ON 16-16      TO 1/4 MILE OR LESS
LOWEST:     37 ON 19                               3 = THUNDER
                        SNOW, ICE PELLETS, HAIL    4 = ICE PELLETS
                        TOTAL MONTH:    M          5 = HAIL
                        GRTST 24HR    M  ON   M    6 = FREEZING RAIN OR DRIZZLE
                        GRTST DEPTH:   0           7 = DUSTSTORM OR SANDSTORM:
                                                       VSBY 1/2 MILE OR LESS
                                                   8 = SMOKE OR HAZE
[NO. OF DAYS WITH]      [WEATHER - DAYS WITH]      9 = BLOWING SNOW
                                                   X = TORNADO
MAX 32 OR BELOW:   0    0.01 INCH OR MORE:   7
MAX 90 OR ABOVE:   0    0.10 INCH OR MORE:   3
MIN 32 OR BELOW:   0    0.50 INCH OR MORE:   0
MIN  0 OR BELOW:   0    1.00 INCH OR MORE:   0

[HDD (BASE 65) ]
TOTAL THIS MO.    62    CLEAR  (SCALE 0-3)  21
DPTR FM NORMAL   -18    PTCLDY (SCALE 4-7)   6
TOTAL FM JUL 1   140    CLOUDY (SCALE 8-10)  0
DPTR FM NORMAL    -9

[CDD (BASE 65) ]
TOTAL THIS MO.    30
DPTR FM NORMAL    13    [PRESSURE DATA]
TOTAL FM JAN 1    64    HIGHEST SLP M ON M
DPTR FM NORMAL     0    LOWEST  SLP 29.60 ON 21

[REMARKS]
