000
CXUS55 KLOX 251655
CF6LAX
PRELIMINARY LOCAL CLIMATOLOGICAL DATA (WS FORM: F-6)

                                          STATION:   LOS ANGELES INTL AIRPORT CA
                                          MONTH:     OCTOBER
                                          YEAR:      2014
                                          LATITUDE:   33 55 N
                                          LONGITUDE: 118 24 W

  TEMPERATURE IN F:       :PCPN:    SNOW:  WIND      :SUNSHINE: SKY     :PK WND
================================================================================
1   2   3   4   5  6A  6B    7    8   9   10  11  12  13   14  15   16   17  18
                                     12Z  AVG MX 2MIN
DY MAX MIN AVG DEP HDD CDD  WTR  SNW DPTH SPD SPD DIR MIN PSBL S-S WX    SPD DR
================================================================================

 1  75  63  69   1   0   4 0.00  0.0    0  5.8 15 260   M    M   3 18     20 270
 2  94  63  79  12   0  14 0.00  0.0    0  5.8 16 270   M    M   0 1      18 260
 3  95  66  81  14   0  16 0.00  0.0    0  6.2 16 280   M    M   3        17 280
 4  88  65  77  10   0  12 0.00  0.0    0  5.1 13 270   M    M   3         M  M
 5  85  63  74   7   0   9 0.00  0.0    0  5.1 13 270   M    M   4 12     15 280
 6  86  64  75   8   0  10 0.00  0.0    0  4.9 13 260   M    M   3 1       M  M
 7  87  67  77  10   0  12 0.00  0.0    0  5.4 15 280   M    M   4 18     20 270
 8  75  64  70   3   0   5 0.00  0.0    0  5.2 14 260   M    M   4 18     18 250
 9  76  66  71   4   0   6 0.00  0.0    0  7.0 15 260   M    M   4        20 250
10  73  66  70   3   0   5 0.00  0.0    0  6.4 15 260   M    M   7 1      20 270
11  74  65  70   4   0   5 0.00  0.0    0  5.6 17 270   M    M   7 18     21 280
12  75  66  71   5   0   6 0.00  0.0    0  5.5 15 260   M    M   6 18     18 260
13  74  65  70   4   0   5 0.00  0.0    0  5.7 14 270   M    M   6 18     20 280
14  72  65  69   3   0   4 0.00  0.0    0  7.4 15 270   M    M   8 18     18 260
15  74  63  69   3   0   4 0.00  0.0    0  8.5 18 270   M    M   5        23 280
16  73  61  67   1   0   2 0.00  0.0    0  6.8 14 270   M    M   2 1       M  M
17  73  60  67   1   0   2 0.00  0.0    0  7.7 18 280   M    M   5        23 290
18  73  60  67   1   0   2 0.00  0.0    0  5.8 15 270   M    M   2        22 250
19  73  60  67   1   0   2 0.00  0.0    0  7.2 15 260   M    M   3        20 230
20  73  65  69   3   0   4 0.00  0.0    0  6.1 16 260   M    M   5        21 230
21  74  63  69   4   0   4 0.00  0.0    0  5.5 15 270   M    M   4 18     20 260
22  79  64  72   7   0   7 0.00  0.0    0  6.0 14 270   M    M   3 1      20 260
23  77  61  69   4   0   4 0.00  0.0    0  4.1 13 280   M    M   2 1      16 280
24  80  60  70   5   0   5 0.00  0.0    0  4.9 12 280   M    M   1 18     14 270
================================================================================
SM 1878 1525         0 149  0.00     0.0 143.8          M       94
================================================================================
AV 78.2 63.5                               6.0 FASTST   M    M   4    MAX(MPH)
                                 MISC ---->  # 18 270               # 23  280
================================================================================
NOTES:
# LAST OF SEVERAL OCCURRENCES

COLUMN 17 PEAK WIND IN M.P.H.

PRELIMINARY LOCAL CLIMATOLOGICAL DATA (WS FORM: F-6) , PAGE 2

                                          STATION:  LOS ANGELES INTL AIRPORT CA
                                          MONTH:    OCTOBER
                                          YEAR:     2014
                                          LATITUDE:   33 55 N
                                          LONGITUDE: 118 24 W

[TEMPERATURE DATA]      [PRECIPITATION DATA]       SYMBOLS USED IN COLUMN 16

AVERAGE MONTHLY: 70.9   TOTAL FOR MONTH:   0.00    1 = FOG OR MIST
DPTR FM NORMAL:   4.6   DPTR FM NORMAL:   -0.37    2 = FOG REDUCING VISIBILITY
HIGHEST:    95 ON  3    GRTST 24HR  0.00 ON 24-24      TO 1/4 MILE OR LESS
LOWEST:     60 ON 24,19                            3 = THUNDER
                        SNOW, ICE PELLETS, HAIL    4 = ICE PELLETS
                        TOTAL MONTH:   0.0 INCH    5 = HAIL
                        GRTST 24HR     0.0         6 = FREEZING RAIN OR DRIZZLE
                        GRTST DEPTH:   0           7 = DUSTSTORM OR SANDSTORM:
                                                       VSBY 1/2 MILE OR LESS
                                                   8 = SMOKE OR HAZE
[NO. OF DAYS WITH]      [WEATHER - DAYS WITH]      9 = BLOWING SNOW
                                                   X = TORNADO
MAX 32 OR BELOW:   0    0.01 INCH OR MORE:   0
MAX 90 OR ABOVE:   2    0.10 INCH OR MORE:   0
MIN 32 OR BELOW:   0    0.50 INCH OR MORE:   0
MIN  0 OR BELOW:   0    1.00 INCH OR MORE:   0

[HDD (BASE 65) ]
TOTAL THIS MO.     0    CLEAR  (SCALE 0-3)   9
DPTR FM NORMAL   -22    PTCLDY (SCALE 4-7)  14
TOTAL FM JUL 1     0    CLOUDY (SCALE 8-10)  1
DPTR FM NORMAL   -31

[CDD (BASE 65) ]
TOTAL THIS MO.   149
DPTR FM NORMAL    94    [PRESSURE DATA]
TOTAL FM JAN 1  1114    HIGHEST SLP M ON M
DPTR FM NORMAL   591    LOWEST  SLP 29.72 ON  1

[REMARKS]
