000
CXUS54 KLUB 290755
CF6LBB
PRELIMINARY LOCAL CLIMATOLOGICAL DATA (WS FORM: F-6)

                                          STATION:   LUBBOCK
                                          MONTH:     JULY
                                          YEAR:      2015
                                          LATITUDE:   33 39 N
                                          LONGITUDE: 101 49 W

  TEMPERATURE IN F:       :PCPN:    SNOW:  WIND      :SUNSHINE: SKY     :PK WND
================================================================================
1   2   3   4   5  6A  6B    7    8   9   10  11  12  13   14  15   16   17  18
                                     12Z  AVG MX 2MIN
DY MAX MIN AVG DEP HDD CDD  WTR  SNW DPTH SPD SPD DIR MIN PSBL S-S WX    SPD DR
================================================================================

 1  93  71  82   2   0  17 0.00  0.0    0 14.2 22 180   M    M   4        27 190
 2  93  69  81   1   0  16 0.00  0.0    0 10.9 20 140   M    M   7        25 120
 3  89  69  79  -1   0  14 0.00  0.0    0  7.1 16 150   M    M   8 8      20 150
 4  91  69  80   0   0  15 0.00  0.0    0  9.9 18 140   M    M   7        26 220
 5  92  72  82   2   0  17 0.00  0.0    0 13.8 21 180   M    M   6        26 170
 6  97  68  83   3   0  18 2.43  0.0    0 12.7 32 280   M    M   5 13     39 280
 7  71  64  68 -12   0   3 0.97  0.0    0 11.5 22  20   M    M  10 13     28  10
 8  82  64  73  -7   0   8 0.00  0.0    0  9.2 23 160   M    M   7 18     29 170
 9  85  64  75  -5   0  10 0.04  0.0    0 13.6 23 160   M    M   8 13     28  80
10  87  66  77  -3   0  12 0.48  0.0    0 10.2 29 200   M    M   8 13     37 210
11  88  70  79  -1   0  14 0.04  0.0    0 11.8 22 180   M    M   7        26 180
12  93  68  81   1   0  16 0.00  0.0    0 11.3 21 200   M    M   5        26 200
13  96  68  82   2   0  17 0.00  0.0    0 11.2 20 160   M    M   1        24 200
14  95  69  82   2   0  17 0.00  0.0    0  9.9 20 160   M    M   2        25 190
15  92  73  83   3   0  18 0.00  0.0    0 11.9 20 180   M    M   2        23 180
16  95  74  85   5   0  20 0.00  0.0    0 11.9 18 210   M    M   6        30 180
17  95  75  85   5   0  20 0.00  0.0    0 13.5 22 200   M    M   4        28 210
18  95  72  84   4   0  19 0.00  0.0    0 12.3 21 190   M    M   2        26 180
19  93  72  83   3   0  18 0.00  0.0    0 11.3 20 150   M    M   2        26 150
20  95  71  83   3   0  18 0.00  0.0    0 11.5 41 340   M    M   4 8      50 340
21  89  69  79  -1   0  14 0.00  0.0    0  7.5 20  10   M    M   7        26  10
22  94  71  83   3   0  18 0.00  0.0    0  9.4 20 200   M    M   7        28 180
23  96  75  86   6   0  21 0.00  0.0    0 10.1 17 200   M    M   4        21 170
24  96  76  86   6   0  21 0.00  0.0    0 10.2 17 210   M    M   1        25 210
25  96  73  85   5   0  20 0.00  0.0    0  9.7 18 150   M    M   2        27 210
26  97  69  83   3   0  18 0.00  0.0    0 10.6 20 170   M    M   1        29 170
27  97  72  85   5   0  20 0.00  0.0    0 11.3 22 140   M    M   2        29 150
28  98  73  86   6   0  21 0.00  0.0    0 11.5 23 360   M    M   2        31 350
================================================================================
SM 2580 1966         0 460  3.96     0.0 310.0          M      131
================================================================================
AV 92.1 70.2                              11.1 FASTST   M    M   5    MAX(MPH)
                                 MISC ---->  # 41 340               # 50  340
================================================================================
NOTES:
# LAST OF SEVERAL OCCURRENCES

COLUMN 17 PEAK WIND IN M.P.H.

PRELIMINARY LOCAL CLIMATOLOGICAL DATA (WS FORM: F-6) , PAGE 2

                                          STATION:  LUBBOCK
                                          MONTH:    JULY
                                          YEAR:     2015
                                          LATITUDE:   33 39 N
                                          LONGITUDE: 101 49 W

[TEMPERATURE DATA]      [PRECIPITATION DATA]       SYMBOLS USED IN COLUMN 16

AVERAGE MONTHLY: 81.2   TOTAL FOR MONTH:   3.96    1 = FOG OR MIST
DPTR FM NORMAL:   1.2   DPTR FM NORMAL:    2.21    2 = FOG REDUCING VISIBILITY
HIGHEST:    98 ON 28    GRTST 24HR  3.40 ON  6- 7      TO 1/4 MILE OR LESS
LOWEST:     64 ON  9, 8                            3 = THUNDER
                        SNOW, ICE PELLETS, HAIL    4 = ICE PELLETS
                        TOTAL MONTH:   0.0 INCH    5 = HAIL
                        GRTST 24HR     0.0         6 = FREEZING RAIN OR DRIZZLE
                        GRTST DEPTH:   0           7 = DUSTSTORM OR SANDSTORM:
                                                       VSBY 1/2 MILE OR LESS
                                                   8 = SMOKE OR HAZE
[NO. OF DAYS WITH]      [WEATHER - DAYS WITH]      9 = BLOWING SNOW
                                                   X = TORNADO
MAX 32 OR BELOW:   0    0.01 INCH OR MORE:   5
MAX 90 OR ABOVE:  21    0.10 INCH OR MORE:   3
MIN 32 OR BELOW:   0    0.50 INCH OR MORE:   2
MIN  0 OR BELOW:   0    1.00 INCH OR MORE:   1

[HDD (BASE 65) ]
TOTAL THIS MO.     0    CLEAR  (SCALE 0-3)  10
DPTR FM NORMAL     0    PTCLDY (SCALE 4-7)  16
TOTAL FM JUL 1     0    CLOUDY (SCALE 8-10)  2
DPTR FM NORMAL     0

[CDD (BASE 65) ]
TOTAL THIS MO.   460
DPTR FM NORMAL    40    [PRESSURE DATA]
TOTAL FM JAN 1   975    HIGHEST SLP M ON M
DPTR FM NORMAL   -65    LOWEST  SLP 29.72 ON M

[REMARKS]
