000
CXUS52 KILM 241000
CF6LBT
PRELIMINARY LOCAL CLIMATOLOGICAL DATA (WS FORM: F-6)

                                          STATION:   LUMBERTON NORTH CAROLINA
                                          MONTH:     MARCH
                                          YEAR:      2017
                                          LATITUDE:   34 35 N
                                          LONGITUDE:  79  4 W

  TEMPERATURE IN F:       :PCPN:    SNOW:  WIND      :SUNSHINE: SKY     :PK WND
================================================================================
1   2   3   4   5  6A  6B    7    8   9   10  11  12  13   14  15   16   17  18
                                     12Z  AVG MX 2MIN
DY MAX MIN AVG DEP HDD CDD  WTR  SNW DPTH SPD SPD DIR MIN PSBL S-S WX    SPD DR
================================================================================

 1  84  64  74  24   0   9 0.26    M    M 14.8 39 250   M    M   4 138    55 240
 2  64  39  52   2  13   0 0.17    M    M 10.6 23 340   M    M   2 13     29 300
 3  61  30  46  -5  19   0 0.00    M    M  8.7 24 280   M    M   0        33 340
 4  56  28  42  -9  23   0 0.00    M    M  2.8 12  30   M    M   0        18  40
 5  59  31  45  -6  20   0 0.00    M    M  4.2 14  70   M    M   0        19  70
 6  69  34  52   1  13   0 0.00    M    M  3.7 13 230   M    M   1        17 240
 7  75  42  59   7   6   0 0.00    M    M  6.5 16 190   M    M   4        23 180
 8  73  42  58   6   7   0    T    M    M  6.9 24 340   M    M   3 1      28 330
 9  77  35  56   4   9   0 0.00    M    M  4.8 16 230   M    M   0 18     20 230
10  76  40  58   6   7   0 0.13    M    M 12.2 29 290   M    M   1 1      37 300
11  57  31  44  -9  21   0 0.00    M    M  3.8 14 330   M    M   4 8      19  10
12  48  30  39 -14  26   0 0.29    M    M  6.4 20  40   M    M   8 1      24  40
13  45  30  38 -15  27   0 0.82    M    M  9.9 18  40   M    M   7 1      23  40
14  54  35  45  -9  20   0 0.13    M    M 13.9 23 330   M    M  10 1      30 310
15  43  28  36 -18  29   0    T    M    M 13.9 29 310   M    M   1        35 320
16  51  23  37 -17  28   0 0.00    M    M  8.5 20 280   M    M   0        26 280
17  62  25  44 -10  21   0 0.00    M    M  5.9 16 190   M    M   1        23 190
18  68  47  58   3   7   0 0.52    M    M  8.1 43 310   M    M   7 13     54 300
19  60  37  49  -6  16   0 0.00    M    M 10.1 23  10   M    M   1        30 340
20  65  32  49  -6  16   0 0.00    M    M  3.0 16 280   M    M   0 1      20 290
21  85  51  68  12   0   3 0.14    M    M  6.3 25 340   M    M   2 13     35 320
22  66  46  56   0   9   0 0.25    M    M 10.1 21 360   M    M   2 13     27  20
23  60  37  49  -7  16   0 0.00    M    M  6.4 20  70   M    M   0        24  80
================================================================================
SM 1458  837       353  12  2.71    M    181.5          M       58
================================================================================
AV 63.4 36.4                               7.9 FASTST   M    M   3    MAX(MPH)
                                 MISC ---->  # 43 310               # 55  240
================================================================================
NOTES:
# LAST OF SEVERAL OCCURRENCES

COLUMN 17 PEAK WIND IN M.P.H.

PRELIMINARY LOCAL CLIMATOLOGICAL DATA (WS FORM: F-6) , PAGE 2

                                          STATION:  LUMBERTON NORTH CAROLINA
                                          MONTH:    MARCH
                                          YEAR:     2017
                                          LATITUDE:   34 35 N
                                          LONGITUDE:  79  4 W

[TEMPERATURE DATA]      [PRECIPITATION DATA]       SYMBOLS USED IN COLUMN 16

AVERAGE MONTHLY: 49.9   TOTAL FOR MONTH:   2.71    1 = FOG OR MIST
DPTR FM NORMAL:  -3.2   DPTR FM NORMAL:    0.26    2 = FOG REDUCING VISIBILITY
HIGHEST:    85 ON 21    GRTST 24HR  0.82 ON 13-13      TO 1/4 MILE OR LESS
LOWEST:     23 ON 16                               3 = THUNDER
                        SNOW, ICE PELLETS, HAIL    4 = ICE PELLETS
                        TOTAL MONTH:    M          5 = HAIL
                        GRTST 24HR    M  ON   M    6 = FREEZING RAIN OR DRIZZLE
                        GRTST DEPTH:  M  ON   M    7 = DUSTSTORM OR SANDSTORM:
                                                       VSBY 1/2 MILE OR LESS
                                                   8 = SMOKE OR HAZE
[NO. OF DAYS WITH]      [WEATHER - DAYS WITH]      9 = BLOWING SNOW
                                                   X = TORNADO
MAX 32 OR BELOW:   0    0.01 INCH OR MORE:   9
MAX 90 OR ABOVE:   0    0.10 INCH OR MORE:   9
MIN 32 OR BELOW:  10    0.50 INCH OR MORE:   2
MIN  0 OR BELOW:   0    1.00 INCH OR MORE:   0

[HDD (BASE 65) ]
TOTAL THIS MO.   353    CLEAR  (SCALE 0-3)  16
DPTR FM NORMAL    72    PTCLDY (SCALE 4-7)   5
TOTAL FM JUL 1  2000    CLOUDY (SCALE 8-10)  2
DPTR FM NORMAL  -511

[CDD (BASE 65) ]
TOTAL THIS MO.    12
DPTR FM NORMAL    12    [PRESSURE DATA]
TOTAL FM JAN 1    22    HIGHEST SLP  0.00 ON  7
DPTR FM NORMAL    19    LOWEST  SLP 29.56 ON 14

[REMARKS]
