000
CXUS54 KLCH 291811
CF6LCH
PRELIMINARY LOCAL CLIMATOLOGICAL DATA (WS FORM: F-6)

                                          STATION:   LAKE CHARLES
                                          MONTH:     AUGUST
                                          YEAR:      2016
                                          LATITUDE:   30  7 N
                                          LONGITUDE:  93 13 W

  TEMPERATURE IN F:       :PCPN:    SNOW:  WIND      :SUNSHINE: SKY     :PK WND
================================================================================
1   2   3   4   5  6A  6B    7    8   9   10  11  12  13   14  15   16   17  18
                                     12Z  AVG MX 2MIN
DY MAX MIN AVG DEP HDD CDD  WTR  SNW DPTH SPD SPD DIR MIN PSBL S-S WX    SPD DR
================================================================================

 1  95  76  86   3   0  21 0.00  0.0    0  3.3 13 140   M    M   2 3      20 140
 2  97  77  87   4   0  22 0.00  0.0    0  3.2 14 160   M    M   2        19 160
 3  97  79  88   5   0  23 0.00  0.0    0  4.1 10 320   M    M   1 1      13 320
 4  96  77  87   4   0  22 0.00  0.0    0  2.4 18 170   M    M   1 138    26 170
 5  96  78  87   4   0  22 0.00  0.0    0  3.6 16  90   M    M   2 13     21  90
 6  95  78  87   4   0  22 0.00  0.0    0  4.8 12 220   M    M   1 3      17 270
 7  96  78  87   4   0  22 0.00  0.0    0  4.2 17 110   M    M   2 13     23 110
 8  97  73  85   2   0  20 1.12  0.0    0  4.8 31  50   M    M   2 13     38  50
 9  98  77  88   5   0  23 0.09  0.0    0  2.8 16 310   M    M   2 13     21 330
10  96  75  86   3   0  21 2.29  0.0    0  4.1 36  40   M    M   3 1238   55  20
11  89  78  84   1   0  19    T  0.0    0  5.0 12 220   M    M   2 1      17 210
12  87  76  82  -1   0  17 1.17  0.0    0  7.1 29 250   M    M   4 123    39 240
13  82  74  78  -5   0  13 4.06  0.0    0 10.2 20 240   M    M   9 13     29 320
14  81  74  78  -5   0  13 0.32  0.0    0  5.2 16 260   M    M   8 1      25 250
15  89  75  82  -1   0  17 1.01  0.0    0  6.7 29 140   M    M   6 138    35 130
16  87  74  81  -2   0  16 1.16  0.0    0  6.4 22 130   M    M   3 13     25 130
17  87  74  81  -2   0  16 0.43  0.0    0  6.1 18 160   M    M   2 13     24 180
18  87  74  81  -2   0  16 0.01  0.0    0  4.5 16  70   M    M   3 13     20  60
19  89  75  82  -1   0  17 0.26  0.0    0  4.6 15 190   M    M   2 13     24 190
20  90  76  83   0   0  18    T  0.0    0  5.4 15 240   M    M   1        20 240
21  90  77  84   1   0  19    T  0.0    0  4.6 18 340   M    M   1 3      27 220
22  92  76  84   1   0  19 0.00  0.0    0  3.5 16 250   M    M   2 3      23 260
23  91  76  84   1   0  19 0.57  0.0    0  3.6 14  50   M    M   1 13     18  50
24  92  76  84   1   0  19 0.00  0.0    0  2.4 12 220   M    M   1 1      15 220
25  92  76  84   1   0  19    T  0.0    0  6.0 21 100   M    M   1 3      25 100
26  90  75  83   0   0  18 0.03  0.0    0  5.7 14  80   M    M   5 1      18 120
27  87  74  81  -1   0  16 1.02  0.0    0  8.6 28  50   M    M   5 13     39  60
28  84  74  79  -3   0  14 1.16  0.0    0  7.2 23 110   M    M   5 13     27 110
================================================================================
SM 2549 2122         0 523 14.70     0.0 140.1          M       79
================================================================================
AV 91.0 75.8                               5.0 FASTST   M    M   3    MAX(MPH)
                                 MISC ---->  # 36  40               # 55   20
================================================================================
NOTES:
# LAST OF SEVERAL OCCURRENCES

COLUMN 17 PEAK WIND IN M.P.H.

PRELIMINARY LOCAL CLIMATOLOGICAL DATA (WS FORM: F-6) , PAGE 2

                                          STATION:  LAKE CHARLES
                                          MONTH:    AUGUST
                                          YEAR:     2016
                                          LATITUDE:   30  7 N
                                          LONGITUDE:  93 13 W

[TEMPERATURE DATA]      [PRECIPITATION DATA]       SYMBOLS USED IN COLUMN 16

AVERAGE MONTHLY: 83.4   TOTAL FOR MONTH:  14.70    1 = FOG OR MIST
DPTR FM NORMAL:   0.5   DPTR FM NORMAL:   10.34    2 = FOG REDUCING VISIBILITY
HIGHEST:    98 ON  9    GRTST 24HR  4.15 ON 12-13      TO 1/4 MILE OR LESS
LOWEST:     73 ON  8                               3 = THUNDER
                        SNOW, ICE PELLETS, HAIL    4 = ICE PELLETS
                        TOTAL MONTH:   0.0 INCH    5 = HAIL
                        GRTST 24HR     0.0         6 = FREEZING RAIN OR DRIZZLE
                        GRTST DEPTH:   0           7 = DUSTSTORM OR SANDSTORM:
                                                       VSBY 1/2 MILE OR LESS
                                                   8 = SMOKE OR HAZE
[NO. OF DAYS WITH]      [WEATHER - DAYS WITH]      9 = BLOWING SNOW
                                                   X = TORNADO
MAX 32 OR BELOW:   0    0.01 INCH OR MORE:  15
MAX 90 OR ABOVE:  17    0.10 INCH OR MORE:  12
MIN 32 OR BELOW:   0    0.50 INCH OR MORE:   9
MIN  0 OR BELOW:   0    1.00 INCH OR MORE:   8

[HDD (BASE 65) ]
TOTAL THIS MO.     0    CLEAR  (SCALE 0-3)  21
DPTR FM NORMAL     0    PTCLDY (SCALE 4-7)   5
TOTAL FM JUL 1     0    CLOUDY (SCALE 8-10)  2
DPTR FM NORMAL     0

[CDD (BASE 65) ]
TOTAL THIS MO.   523
DPTR FM NORMAL    21    [PRESSURE DATA]
TOTAL FM JAN 1  2271    HIGHEST SLP M ON M
DPTR FM NORMAL   198    LOWEST  SLP 29.77 ON 13

[REMARKS]
