000
CXUS54 KLCH 230850
CF6LFT
PRELIMINARY LOCAL CLIMATOLOGICAL DATA (WS FORM: F-6)

                                          STATION:   LAFAYETTE
                                          MONTH:     AUGUST
                                          YEAR:      2017
                                          LATITUDE:   30 12 N
                                          LONGITUDE:  92  0 W

  TEMPERATURE IN F:       :PCPN:    SNOW:  WIND      :SUNSHINE: SKY     :PK WND
================================================================================
1   2   3   4   5  6A  6B    7    8   9   10  11  12  13   14  15   16   17  18
                                     12Z  AVG MX 2MIN
DY MAX MIN AVG DEP HDD CDD  WTR  SNW DPTH SPD SPD DIR MIN PSBL S-S WX    SPD DR
================================================================================

 1  93  75  84   0   0  19 0.00  0.0    0  3.0 10  40   M    M   3        14  60
 2  88  74  81  -3   0  16 0.71  0.0    0  3.7 10 160   M    M   4 13     15 150
 3  87  76  82  -2   0  17 0.80  0.0    0  4.3 14  30   M    M   7 123    17  30
 4  92  76  84   0   0  19 0.00  0.0    0  4.6 13 200   M    M   5 1      15 200
 5  94  76  85   1   0  20 0.00  0.0    0  3.1 16 220   M    M   3 123    21 220
 6  91  75  83  -1   0  18 0.31  0.0    0  5.2 30 230   M    M   3 13     37 230
 7  90  76  83  -1   0  18 0.51  0.0    0  4.3 18 190   M    M   3 138    23 200
 8  91  75  83  -1   0  18    T  0.0    0  2.6 10 340   M    M   5 138    13 150
 9  88  77  83  -1   0  18 0.06  0.0    0  1.8 15 210   M    M   2 13     19 220
10  91  77  84   0   0  19 0.35  0.0    0  2.3 23 220   M    M   2 138    29 220
11  92  78  85   1   0  20 0.46  0.0    0  4.1 26 220   M    M   1 138    39 210
12  95  73  84   0   0  19 2.09  0.0    0  4.7 33 350   M    M   4 138    51 360
13  94  75  85   1   0  20 0.00  0.0    0  4.2 13 160   M    M   2        17 140
14  95  79  87   3   0  22    T  0.0    0  4.9 18 240   M    M   1 3      23 220
15  92  75  84   0   0  19 0.69  0.0    0  4.1 23 210   M    M   3 138    35 230
16  89  77  83  -1   0  18 0.10  0.0    0  2.8 17 180   M    M   1 13     24 170
17  96  78  87   3   0  22 0.31  0.0    0  4.2 26 320   M    M   2 18     32 320
18  97  77  87   3   0  22 0.00  0.0    0  4.7 12 290   M    M   2 1      14 280
19  97  76  87   3   0  22 0.00  0.0    0  4.3 20  60   M    M   2 3      31  80
20  95  74  85   1   0  20 0.00  0.0    0  2.1 10 190   M    M   1 13     16 110
21  94  75  85   1   0  20    T  0.0    0  2.8 14 120   M    M   1 3      22 120
22  93  75  84   0   0  19 0.08  0.0    0  2.4 18 210   M    M   4 13     24 220
================================================================================
SM 2034 1669         0 425  6.47     0.0  80.2          M       61
================================================================================
AV 92.5 75.9                               3.6 FASTST   M    M   3    MAX(MPH)
                                 MISC ---->  # 33 350               # 51  360
================================================================================
NOTES:
# LAST OF SEVERAL OCCURRENCES

COLUMN 17 PEAK WIND IN M.P.H.

PRELIMINARY LOCAL CLIMATOLOGICAL DATA (WS FORM: F-6) , PAGE 2

                                          STATION:  LAFAYETTE
                                          MONTH:    AUGUST
                                          YEAR:     2017
                                          LATITUDE:   30 12 N
                                          LONGITUDE:  92  0 W

[TEMPERATURE DATA]      [PRECIPITATION DATA]       SYMBOLS USED IN COLUMN 16

AVERAGE MONTHLY: 84.2   TOTAL FOR MONTH:   6.47    1 = FOG OR MIST
DPTR FM NORMAL:   0.2   DPTR FM NORMAL:    3.17    2 = FOG REDUCING VISIBILITY
HIGHEST:    97 ON 19,18 GRTST 24HR  2.09 ON 12-12      TO 1/4 MILE OR LESS
LOWEST:     73 ON 12                               3 = THUNDER
                        SNOW, ICE PELLETS, HAIL    4 = ICE PELLETS
                        TOTAL MONTH:   0.0 INCH    5 = HAIL
                        GRTST 24HR     0.0         6 = FREEZING RAIN OR DRIZZLE
                        GRTST DEPTH:   0           7 = DUSTSTORM OR SANDSTORM:
                                                       VSBY 1/2 MILE OR LESS
                                                   8 = SMOKE OR HAZE
[NO. OF DAYS WITH]      [WEATHER - DAYS WITH]      9 = BLOWING SNOW
                                                   X = TORNADO
MAX 32 OR BELOW:   0    0.01 INCH OR MORE:  12
MAX 90 OR ABOVE:  18    0.10 INCH OR MORE:  10
MIN 32 OR BELOW:   0    0.50 INCH OR MORE:   5
MIN  0 OR BELOW:   0    1.00 INCH OR MORE:   1

[HDD (BASE 65) ]
TOTAL THIS MO.     0    CLEAR  (SCALE 0-3)  14
DPTR FM NORMAL     0    PTCLDY (SCALE 4-7)   8
TOTAL FM JUL 1     0    CLOUDY (SCALE 8-10)  0
DPTR FM NORMAL     0

[CDD (BASE 65) ]
TOTAL THIS MO.   425
DPTR FM NORMAL     7    [PRESSURE DATA]
TOTAL FM JAN 1  2365    HIGHEST SLP M ON M
DPTR FM NORMAL   263    LOWEST  SLP 29.87 ON 14

[REMARKS]
