000
CXUS54 KFWD 290730
CF6LHB
PRELIMINARY LOCAL CLIMATOLOGICAL DATA (WS FORM: F-6)

                                          STATION:   HEARNE
                                          MONTH:     AUGUST
                                          YEAR:      2015
                                          LATITUDE:   30 52 N
                                          LONGITUDE:  96 36 W

  TEMPERATURE IN F:       :PCPN:    SNOW:  WIND      :SUNSHINE: SKY     :PK WND
================================================================================
1   2   3   4   5  6A  6B    7    8   9   10  11  12  13   14  15   16   17  18
                                     12Z  AVG MX 2MIN
DY MAX MIN AVG DEP HDD CDD  WTR  SNW DPTH SPD SPD DIR MIN PSBL S-S WX    SPD DR
================================================================================

 1  98  67  83   M   0  18 0.00  0.0    0  4.2 10  30   M    M   0        16  30
 2  98  67  83   M   0  18 0.00  0.0    0  2.6  7 110   M    M   0         M  M
 3  99  69  84   M   0  19 0.00  0.0    0  3.6  8 130   M    M   1         M  M
 4  98  73  86   M   0  21 0.00  0.0    0  6.3 13 140   M    M   2        16 150
 5 100  77  89   M   0  24 0.00  0.0    0  7.8 14 180   M    M   3        18 180
 6 101  78  90   M   0  25 0.00  0.0    0  8.8 20 190   M    M   3        23 190
 7 100  75  88   M   0  23 0.00  0.0    0  7.3 14 190   M    M   1        17 170
 8 101  77  89   M   0  24 0.00  0.0    0  6.4 12 150   M    M   3        20 190
 9 102  73  88   M   0  23 0.00  0.0    0  5.3 13 220   M    M   1 18      M  M
10 104  72  88   M   0  23 0.00  0.0    0  2.8  8 220   M    M   0         M  M
11 105  73  89   M   0  24 0.00  0.0    0  3.2 10 140   M    M   1        18 130
12 102  74  88   M   0  23 0.00  0.0    0  2.9  8  30   M    M   1         M  M
13 101  77  89   M   0  24 0.00  0.0    0  3.3 10  40   M    M   1         M  M
14  99  75  87   M   0  22 0.00  0.0    0  3.4 10  60   M    M   2         M  M
15  99  75  87   M   0  22 0.00  0.0    0  3.3 10  50   M    M   3        20  10
16  96  70  83   M   0  18 0.07  0.0    0  2.8  9 160   M    M   2 3       M  M
17  97  70  84   M   0  19 0.01  0.0    0  1.7 12  90   M    M   2        17  90
18 100  74  87   M   0  22 0.00  0.0    0  8.8 15 140   M    M   3        20 180
19  96  78  87   M   0  22 0.00  0.0    0  6.7 16 200   M    M   5        22 200
20  81  73  77   M   0  12 0.06  0.0    0  2.7 12 290   M    M   4 3      17 290
21  89  69  79   M   0  14 0.58  0.0    0  4.4 10 140   M    M   3 3      16 140
22  99  75  87   M   0  22 0.00  0.0    0  7.5 14 170   M    M   5        20 160
23  99  76  88   M   0  23 0.00  0.0    0  6.2 12 150   M    M   3         M  M
24  99  75  87   M   0  22 0.00  0.0    0  1.8  7 120   M    M   1         M  M
25  95  73  84   M   0  19 0.00  0.0    0  3.5 14  30   M    M   1        20  30
26  95  70  83   M   0  18 0.00  0.0    0  2.3  7 100   M    M   2         M  M
27  96  65  81   M   0  16 0.00  0.0    0  1.8  7  70   M    M   0         M  M
28  94  66  80   M   0  15 0.00  0.0    0  2.7  8 190   M    M   0         M  M
================================================================================
SM 2743 2036         0 575  0.72     0.0 124.1          M       53
================================================================================
AV 98.0 72.7                               4.4 FASTST   M    M   2    MAX(MPH)
                                 MISC ---->    20   M               # 23  190
================================================================================
NOTES:
# LAST OF SEVERAL OCCURRENCES

COLUMN 17 PEAK WIND IN M.P.H.

PRELIMINARY LOCAL CLIMATOLOGICAL DATA (WS FORM: F-6) , PAGE 2

                                          STATION:  HEARNE
                                          MONTH:    AUGUST
                                          YEAR:     2015
                                          LATITUDE:   30 52 N
                                          LONGITUDE:  96 36 W

[TEMPERATURE DATA]      [PRECIPITATION DATA]       SYMBOLS USED IN COLUMN 16

AVERAGE MONTHLY: 85.3   TOTAL FOR MONTH:   0.72    1 = FOG OR MIST
DPTR FM NORMAL:     M   DPTR FM NORMAL:       M    2 = FOG REDUCING VISIBILITY
HIGHEST:   105 ON 11    GRTST 24HR  0.58 ON 21-21      TO 1/4 MILE OR LESS
LOWEST:     65 ON 27                               3 = THUNDER
                        SNOW, ICE PELLETS, HAIL    4 = ICE PELLETS
                        TOTAL MONTH:   0.0 INCH    5 = HAIL
                        GRTST 24HR     0.0         6 = FREEZING RAIN OR DRIZZLE
                        GRTST DEPTH:   0           7 = DUSTSTORM OR SANDSTORM:
                                                       VSBY 1/2 MILE OR LESS
                                                   8 = SMOKE OR HAZE
[NO. OF DAYS WITH]      [WEATHER - DAYS WITH]      9 = BLOWING SNOW
                                                   X = TORNADO
MAX 32 OR BELOW:   0    0.01 INCH OR MORE:   4
MAX 90 OR ABOVE:  26    0.10 INCH OR MORE:   1
MIN 32 OR BELOW:   0    0.50 INCH OR MORE:   1
MIN  0 OR BELOW:   0    1.00 INCH OR MORE:   0

[HDD (BASE 65) ]
TOTAL THIS MO.     0    CLEAR  (SCALE 0-3)  23
DPTR FM NORMAL     M    PTCLDY (SCALE 4-7)   5
TOTAL FM JUL 1     0    CLOUDY (SCALE 8-10)  0
DPTR FM NORMAL     M

[CDD (BASE 65) ]
TOTAL THIS MO.   575
DPTR FM NORMAL     M    [PRESSURE DATA]
TOTAL FM JAN 1  2161    HIGHEST SLP M ON M
DPTR FM NORMAL     M    LOWEST  SLP M ON M

[REMARKS]
