000
CXUS54 KFWD 220730
CF6LHB
PRELIMINARY LOCAL CLIMATOLOGICAL DATA (WS FORM: F-6)

                                          STATION:   HEARNE
                                          MONTH:     MAY
                                          YEAR:      2015
                                          LATITUDE:   30 52 N
                                          LONGITUDE:  96 36 W

  TEMPERATURE IN F:       :PCPN:    SNOW:  WIND      :SUNSHINE: SKY     :PK WND
================================================================================
1   2   3   4   5  6A  6B    7    8   9   10  11  12  13   14  15   16   17  18
                                     12Z  AVG MX 2MIN
DY MAX MIN AVG DEP HDD CDD  WTR  SNW DPTH SPD SPD DIR MIN PSBL S-S WX    SPD DR
================================================================================

 1  81  53  67   M   0   2 0.00  0.0    0  1.3  6  30   M    M   1         M  M
 2  81  54  68   M   0   3 0.00  0.0    0  3.4  9 160   M    M   2        16 170
 3  82  55  69   M   0   4 0.00  0.0    0  5.1 12 160   M    M   1         M  M
 4  82  62  72   M   0   7 0.00  0.0    0  5.7 12 130   M    M   2        17 130
 5  85  61  73   M   0   8 0.10  0.0    0  9.0 17 140   M    M   7 3      27 140
 6  84  65  75   M   0  10 0.35  0.0    0  8.7 14 140   M    M   8 3      22 140
 7  84  72  78   M   0  13 0.00  0.0    0 10.9 18 150   M    M   8        25 150
 8  83  73  78   M   0  13 0.04  0.0    0  8.0 14 120   M    M   8 1      23 120
 9  87  73  80   M   0  15 0.01  0.0    0 10.9 22 130   M    M   8 13     30 130
10  86  75  81   M   0  16 0.00  0.0    0 12.2 18 150   M    M   7        24 150
11  78  67  73   M   0   8 1.24  0.0    0  6.3 12 160   M    M   7 13      M  M
12  71  66  69   M   0   4 0.09  0.0    0  5.3  8  50   M    M   9         M  M
13  74  65  70   M   0   5 0.05  0.0    0  5.7 15 160   M    M   8        20 160
14  83  66  75   M   0  10 0.04  0.0    0  5.1  9 120   M    M   7 13      9 130
15  75  68  72   M   0   7 0.03  0.0    0  4.2  9 150   M    M   8 3      16 150
16  86  68  77   M   0  12 0.03  0.0    0 10.7 18 140   M    M   7 1      30 150
17  79  68  74   M   0   9 0.03  0.0    0  5.0 15 140   M    M   6 3      22 140
18  85  69  77   M   0  12 0.04  0.0    0  3.9 15 150   M    M   6 138    20 150
19  85  71  78   M   0  13 0.04  0.0    0  7.9 15 130   M    M   8 1      23 140
20  88  72  80   M   0  15 0.05  0.0    0  2.7  8 170   M    M   5 1       M  M
21  75  63  69   M   0   4 0.01  0.0    0  8.1 20 340   M    M  10 1      29 340
================================================================================
SM 1714 1386         0 190  2.15     0.0 140.1          M      133
================================================================================
AV 81.6 66.0                               6.7 FASTST   M    M   6    MAX(MPH)
                                 MISC ---->    22   M                 30    M
================================================================================
NOTES:
# LAST OF SEVERAL OCCURRENCES

COLUMN 17 PEAK WIND IN M.P.H.

PRELIMINARY LOCAL CLIMATOLOGICAL DATA (WS FORM: F-6) , PAGE 2

                                          STATION:  HEARNE
                                          MONTH:    MAY
                                          YEAR:     2015
                                          LATITUDE:   30 52 N
                                          LONGITUDE:  96 36 W

[TEMPERATURE DATA]      [PRECIPITATION DATA]       SYMBOLS USED IN COLUMN 16

AVERAGE MONTHLY: 73.8   TOTAL FOR MONTH:   2.15    1 = FOG OR MIST
DPTR FM NORMAL:     M   DPTR FM NORMAL:       M    2 = FOG REDUCING VISIBILITY
HIGHEST:    88 ON 20    GRTST 24HR  1.24 ON 11-11      TO 1/4 MILE OR LESS
LOWEST:     53 ON  1                               3 = THUNDER
                        SNOW, ICE PELLETS, HAIL    4 = ICE PELLETS
                        TOTAL MONTH:   0.0 INCH    5 = HAIL
                        GRTST 24HR     0.0         6 = FREEZING RAIN OR DRIZZLE
                        GRTST DEPTH:   0           7 = DUSTSTORM OR SANDSTORM:
                                                       VSBY 1/2 MILE OR LESS
                                                   8 = SMOKE OR HAZE
[NO. OF DAYS WITH]      [WEATHER - DAYS WITH]      9 = BLOWING SNOW
                                                   X = TORNADO
MAX 32 OR BELOW:   0    0.01 INCH OR MORE:  15
MAX 90 OR ABOVE:   0    0.10 INCH OR MORE:   3
MIN 32 OR BELOW:   0    0.50 INCH OR MORE:   1
MIN  0 OR BELOW:   0    1.00 INCH OR MORE:   1

[HDD (BASE 65) ]
TOTAL THIS MO.     0    CLEAR  (SCALE 0-3)   4
DPTR FM NORMAL     M    PTCLDY (SCALE 4-7)  13
TOTAL FM JUL 1  2033    CLOUDY (SCALE 8-10)  4
DPTR FM NORMAL     M

[CDD (BASE 65) ]
TOTAL THIS MO.   190
DPTR FM NORMAL     M    [PRESSURE DATA]
TOTAL FM JAN 1   399    HIGHEST SLP M ON M
DPTR FM NORMAL     M    LOWEST  SLP M ON M

[REMARKS]
