000
CXUS55 KBOU 271205
CF6LIC
PRELIMINARY LOCAL CLIMATOLOGICAL DATA (WS FORM: F-6)

                                          STATION:   LIMON CO
                                          MONTH:     FEBRUARY
                                          YEAR:      2015
                                          LATITUDE:   39 10 N
                                          LONGITUDE: 103 42 W

  TEMPERATURE IN F:       :PCPN:    SNOW:  WIND      :SUNSHINE: SKY     :PK WND
================================================================================
1   2   3   4   5  6A  6B    7    8   9   10  11  12  13   14  15   16   17  18
                                     12Z  AVG MX 2MIN
DY MAX MIN AVG DEP HDD CDD  WTR  SNW DPTH SPD SPD DIR MIN PSBL S-S WX    SPD DR
================================================================================

 1  28   2  15   M  50   0 0.05    M    M 11.5 25 360   M    M   5 18     32 360
 2  51   9  30   M  35   0 0.00    M    M  5.1 14 220   M    M   2        21 220
 3  60  23  42   M  23   0 0.00    M    M  5.2 20 300   M    M   0        24 300
 4  35  19  27   M  38   0    T    M    M 11.2 29  50   M    M   7 126    36  40
 5  63  17  40   M  25   0 0.00    M    M  6.7 21 190   M    M   1        25 180
 6  72  26  49   M  16   0 0.00    M    M  7.4 15 270   M    M   0        20 280
 7  73  28  51   M  14   0 0.00    M    M 10.0 21 310   M    M   0        24 310
 8  64  23  44   M  21   0 0.00    M    M  8.0 24 310   M    M   0        32 350
 9  64  20  42   M  23   0 0.00    M    M  9.1 22 180   M    M   0        28 180
10  58  26  42   M  23   0    T    M    M 10.2 24 330   M    M   3        34 360
11  46  16  31   M  34   0 0.00    M    M  9.8 23  30   M    M   3        28  30
12  60  16  38   M  27   0 0.00    M    M  7.6 23 200   M    M   0        28 190
13  60  23  42   M  23   0 0.00    M    M  5.7 13 330   M    M   3        17 350
14  66  17  42   M  23   0 0.00    M    M  8.4 18 140   M    M   0        28 180
15  29  21  25   M  40   0 0.02    M    M 12.7 25 330   M    M   6 1      29 360
16  32  16  24   M  41   0 0.09    M    M  7.9 22  10   M    M   9 18     26  10
17  34  17  26   M  39   0 0.00    M    M 12.0 30 320   M    M   4        43 320
18  49  15  32   M  33   0 0.00    M    M  3.7 14 360   M    M   4        19  10
19  62  15  39   M  26   0 0.00    M    M  7.3 23 320   M    M   0        28 320
20  57  21  39   M  26   0 0.05    M    M  9.9 28 360   M    M   4 1      34 350
21  29  14  22   M  43   0 0.35    M    M  9.3 32  30   M    M   8 12     37  40
22  14   7  11   M  54   0 1.16    M    M  6.4 22  20   M    M  10 12     25  20
23  10  -9   1   M  64   0 0.19    M    M  9.1 18 300   M    M   4 18     21 180
24  35   3  19   M  46   0 0.00    M    M  8.0 22 330   M    M   0        25 330
25  37  16  27   M  38   0 0.04    M    M 13.3 33 350   M    M   7 18     40 350
26  20   7  14   M  51   0 0.11    M    M  9.9 17 140   M    M  10 12     22 160
================================================================================
SM 1208  408       876   0  2.06    M    225.4          M       90
================================================================================
AV 46.5 15.7                               8.7 FASTST   M    M   3    MAX(MPH)
                                 MISC ---->  # 33 350               # 43  320
================================================================================
NOTES:
# LAST OF SEVERAL OCCURRENCES

COLUMN 17 PEAK WIND IN M.P.H.

PRELIMINARY LOCAL CLIMATOLOGICAL DATA (WS FORM: F-6) , PAGE 2

                                          STATION:  LIMON CO
                                          MONTH:    FEBRUARY
                                          YEAR:     2015
                                          LATITUDE:   39 10 N
                                          LONGITUDE: 103 42 W

[TEMPERATURE DATA]      [PRECIPITATION DATA]       SYMBOLS USED IN COLUMN 16

AVERAGE MONTHLY: 31.1   TOTAL FOR MONTH:   2.06    1 = FOG OR MIST
DPTR FM NORMAL:     M   DPTR FM NORMAL:       M    2 = FOG REDUCING VISIBILITY
HIGHEST:    73 ON  7    GRTST 24HR  1.34 ON 22-23      TO 1/4 MILE OR LESS
LOWEST:     -9 ON 23                               3 = THUNDER
                        SNOW, ICE PELLETS, HAIL    4 = ICE PELLETS
                        TOTAL MONTH:    M          5 = HAIL
                        GRTST 24HR    M  ON   M    6 = FREEZING RAIN OR DRIZZLE
                        GRTST DEPTH:  M  ON   M    7 = DUSTSTORM OR SANDSTORM:
                                                       VSBY 1/2 MILE OR LESS
                                                   8 = SMOKE OR HAZE
[NO. OF DAYS WITH]      [WEATHER - DAYS WITH]      9 = BLOWING SNOW
                                                   X = TORNADO
MAX 32 OR BELOW:   7    0.01 INCH OR MORE:   9
MAX 90 OR ABOVE:   0    0.10 INCH OR MORE:   4
MIN 32 OR BELOW:  26    0.50 INCH OR MORE:   1
MIN  0 OR BELOW:   1    1.00 INCH OR MORE:   1

[HDD (BASE 65) ]
TOTAL THIS MO.   876    CLEAR  (SCALE 0-3)  11
DPTR FM NORMAL     M    PTCLDY (SCALE 4-7)  12
TOTAL FM JUL 1  4788    CLOUDY (SCALE 8-10)  3
DPTR FM NORMAL     M

[CDD (BASE 65) ]
TOTAL THIS MO.     0
DPTR FM NORMAL     M    [PRESSURE DATA]
TOTAL FM JAN 1     0    HIGHEST SLP M ON M
DPTR FM NORMAL     M    LOWEST  SLP 29.61 ON 20

[REMARKS]
