183
CXUS55 KBOU 210757
CF6LIC
PRELIMINARY LOCAL CLIMATOLOGICAL DATA (WS FORM: F-6)

                                          STATION:   LIMON CO
                                          MONTH:     JULY
                                          YEAR:      2017
                                          LATITUDE:   39 10 N
                                          LONGITUDE: 103 42 W

  TEMPERATURE IN F:       :PCPN:    SNOW:  WIND      :SUNSHINE: SKY     :PK WND
================================================================================
1   2   3   4   5  6A  6B    7    8   9   10  11  12  13   14  15   16   17  18
                                     12Z  AVG MX 2MIN
DY MAX MIN AVG DEP HDD CDD  WTR  SNW DPTH SPD SPD DIR MIN PSBL S-S WX    SPD DR
================================================================================

 1  84  43  64  -4   1   0 0.00    M    M  9.2 24 190   M    M   0        30 180
 2  91  46  69   1   0   4 0.06    M    M  6.9 28  70   M    M   0 3      41  50
 3  90  48  69   0   0   4 0.00    M    M  6.3 25 340   M    M   3        30 350
 4  93  48  71   2   0   6 0.01    M    M  9.0 24  10   M    M   1 3      30 360
 5  93  49  71   2   0   6 0.00    M    M  7.0 18 120   M    M   0        22 110
 6  98  54  76   7   0  11 0.00    M    M  8.1 33 340   M    M   0 3      41 330
 7  91  49  70   1   0   5 1.05    M    M  7.5 26 340   M    M   3 13     36 330
 8  89  51  70   1   0   5 0.00    M    M  4.6 22 230   M    M   1 3      34 250
 9  92  53  73   3   0   8 0.00    M    M  4.9 15 210   M    M   0        20 200
10  94  54  74   4   0   9    T    M    M  6.0 21 310   M    M   1        25 310
11  94  59  77   7   0  12 0.00    M    M  9.8 28 200   M    M   1        36 200
12  87  58  73   3   0   8 1.76    M    M  9.4 46 260   M    M   4 13     62 330
13  79  60  70   0   0   5 0.01    M    M  5.6 10  90   M    M   5        14 130
14  83  56  70   0   0   5    T    M    M  5.0 24  30   M    M   2 3      28  30
15  80  59  70   0   0   5 0.41    M    M  5.1 35 130   M    M   6 13     45 130
16  80  55  68  -2   0   3 0.00    M    M  9.2 20 140   M    M   4 1      23 140
17  92  60  76   6   0  11 0.00    M    M  6.4 18 150   M    M   3 1      23 140
18  93  58  76   6   0  11 0.00    M    M  5.8 17  80   M    M   1 3      23 250
19  94  58  76   6   0  11 0.00    M    M  9.0 24 200   M    M   0        33 200
20  93  61  77   7   0  12 0.05    M    M  8.9 28  70   M    M   0 3      38  60
================================================================================
SM 1790 1079         1 141  3.35    M    143.7          M       35
================================================================================
AV 89.5 54.0                               7.2 FASTST   M    M   2    MAX(MPH)
                                 MISC ---->  # 46 260               # 62  330
================================================================================
NOTES:
# LAST OF SEVERAL OCCURRENCES

COLUMN 17 PEAK WIND IN M.P.H.

PRELIMINARY LOCAL CLIMATOLOGICAL DATA (WS FORM: F-6) , PAGE 2

                                          STATION:  LIMON CO
                                          MONTH:    JULY
                                          YEAR:     2017
                                          LATITUDE:   39 10 N
                                          LONGITUDE: 103 42 W

[TEMPERATURE DATA]      [PRECIPITATION DATA]       SYMBOLS USED IN COLUMN 16

AVERAGE MONTHLY: 71.7   TOTAL FOR MONTH:   3.35    1 = FOG OR MIST
DPTR FM NORMAL:   2.2   DPTR FM NORMAL:    1.91    2 = FOG REDUCING VISIBILITY
HIGHEST:    98 ON  6    GRTST 24HR  1.76 ON 12-12      TO 1/4 MILE OR LESS
LOWEST:     43 ON  1                               3 = THUNDER
                        SNOW, ICE PELLETS, HAIL    4 = ICE PELLETS
                        TOTAL MONTH:    M          5 = HAIL
                        GRTST 24HR    M  ON   M    6 = FREEZING RAIN OR DRIZZLE
                        GRTST DEPTH:  M  ON   M    7 = DUSTSTORM OR SANDSTORM:
                                                       VSBY 1/2 MILE OR LESS
                                                   8 = SMOKE OR HAZE
[NO. OF DAYS WITH]      [WEATHER - DAYS WITH]      9 = BLOWING SNOW
                                                   X = TORNADO
MAX 32 OR BELOW:   0    0.01 INCH OR MORE:   7
MAX 90 OR ABOVE:  13    0.10 INCH OR MORE:   3
MIN 32 OR BELOW:   0    0.50 INCH OR MORE:   2
MIN  0 OR BELOW:   0    1.00 INCH OR MORE:   2

[HDD (BASE 65) ]
TOTAL THIS MO.     1    CLEAR  (SCALE 0-3)  16
DPTR FM NORMAL     M    PTCLDY (SCALE 4-7)   4
TOTAL FM JUL 1     1    CLOUDY (SCALE 8-10)  0
DPTR FM NORMAL     M

[CDD (BASE 65) ]
TOTAL THIS MO.   141
DPTR FM NORMAL    47    [PRESSURE DATA]
TOTAL FM JAN 1   220    HIGHEST SLP M ON M
DPTR FM NORMAL   132    LOWEST  SLP 29.74 ON 11

[REMARKS]
