000
CXHW51 PHFO 181250
CF6LIH
PRELIMINARY LOCAL CLIMATOLOGICAL DATA (WS FORM: F-6)

                                          STATION:   LIHUE HI
                                          MONTH:     SEPTEMBER
                                          YEAR:      2014
                                          LATITUDE:   21 58 N
                                          LONGITUDE: 159 21 W

  TEMPERATURE IN F:       :PCPN:    SNOW:  WIND      :SUNSHINE: SKY     :PK WND
================================================================================
1   2   3   4   5  6A  6B    7    8   9   10  11  12  13   14  15   16   17  18
                                     12Z  AVG MX 2MIN
DY MAX MIN AVG DEP HDD CDD  WTR  SNW DPTH SPD SPD DIR MIN PSBL S-S WX    SPD DR
================================================================================

 1  86  72  79  -1   0  14 0.03  0.0    0  6.4 10  80   M    M   4 1      13  80
 2  86  73  80   0   0  15 0.02  0.0    0  7.7 15  40   M    M   6        18  40
 3  86  76  81   1   0  16 0.01  0.0    0 10.9 20  80   M    M   7        24  80
 4  86  75  81   1   0  16 0.05  0.0    0 10.0 21  20   M    M   5 18     29  10
 5  87  75  81   1   0  16    T  0.0    0 11.5 17  60   M    M   4        21  60
 6  86  77  82   2   0  17    T  0.0    0 11.2 17  50   M    M   4        21  60
 7  86  78  82   2   0  17    T  0.0    0  9.7 16  70   M    M   5        18  80
 8  86  73  80   0   0  15 0.18  0.0    0  7.6 17  30   M    M   4 1      21  40
 9  86  73  80   0   0  15    T  0.0    0  9.2 15  70   M    M   4        17  70
10  87  77  82   2   0  17    T  0.0    0 10.4 15  70   M    M   4        17  80
11  87  73  80   0   0  15    T  0.0    0  9.1 16  80   M    M   4        22  70
12  86  73  80   0   0  15 0.00  0.0    0  8.3 14  40   M    M   4        17  20
13  86  70  78  -2   0  13 0.02  0.0    0  7.8 16  30   M    M   1 1      18  40
14  88  70  79  -1   0  14 0.02  0.0    0  7.9 16  40   M    M   2 1      18  30
15  86  75  81   1   0  16 0.18  0.0    0  9.1 15  50   M    M   4 1      20  20
16  87  72  80   0   0  15 0.00  0.0    0  9.2 16  40   M    M   3        18  30
17  87  73  80   0   0  15 0.00  0.0    0  8.9 16  40   M    M   4        18  50
================================================================================
SM 1469 1255         0 261  0.51     0.0 154.9          M       69
================================================================================
AV 86.4 73.8                               9.1 FASTST   M    M   4    MAX(MPH)
                                 MISC ---->  # 21  20               # 29   10
================================================================================
NOTES:
# LAST OF SEVERAL OCCURRENCES

COLUMN 17 PEAK WIND IN M.P.H.

PRELIMINARY LOCAL CLIMATOLOGICAL DATA (WS FORM: F-6) , PAGE 2

                                          STATION:  LIHUE HI
                                          MONTH:    SEPTEMBER
                                          YEAR:     2014
                                          LATITUDE:   21 58 N
                                          LONGITUDE: 159 21 W

[TEMPERATURE DATA]      [PRECIPITATION DATA]       SYMBOLS USED IN COLUMN 16

AVERAGE MONTHLY: 80.1   TOTAL FOR MONTH:   0.51    1 = FOG OR MIST
DPTR FM NORMAL:   0.1   DPTR FM NORMAL:   -0.54    2 = FOG REDUCING VISIBILITY
HIGHEST:    88 ON 14    GRTST 24HR  0.20 ON 14-15      TO 1/4 MILE OR LESS
LOWEST:     70 ON 14,13                            3 = THUNDER
                        SNOW, ICE PELLETS, HAIL    4 = ICE PELLETS
                        TOTAL MONTH:   0.0 INCH    5 = HAIL
                        GRTST 24HR     0.0         6 = FREEZING RAIN OR DRIZZLE
                        GRTST DEPTH:   0           7 = DUSTSTORM OR SANDSTORM:
                                                       VSBY 1/2 MILE OR LESS
                                                   8 = SMOKE OR HAZE
[NO. OF DAYS WITH]      [WEATHER - DAYS WITH]      9 = BLOWING SNOW
                                                   X = TORNADO
MAX 32 OR BELOW:   0    0.01 INCH OR MORE:   8
MAX 90 OR ABOVE:   0    0.10 INCH OR MORE:   2
MIN 32 OR BELOW:   0    0.50 INCH OR MORE:   0
MIN  0 OR BELOW:   0    1.00 INCH OR MORE:   0

[HDD (BASE 65) ]
TOTAL THIS MO.     0    CLEAR  (SCALE 0-3)   2
DPTR FM NORMAL     0    PTCLDY (SCALE 4-7)  15
TOTAL FM JUL 1     0    CLOUDY (SCALE 8-10)  0
DPTR FM NORMAL     0

[CDD (BASE 65) ]
TOTAL THIS MO.   261
DPTR FM NORMAL     8    [PRESSURE DATA]
TOTAL FM JAN 1  2779    HIGHEST SLP M ON M
DPTR FM NORMAL     0    LOWEST  SLP 29.89 ON 14

[REMARKS]
