000
CXUS54 KLZK 301130
CF6LIT
PRELIMINARY LOCAL CLIMATOLOGICAL DATA (WS FORM: F-6)

                                          STATION:   Little Rock Adams Field
                                          MONTH:     AUGUST
                                          YEAR:      2015
                                          LATITUDE:   34 43 N
                                          LONGITUDE:  92 14 W

  TEMPERATURE IN F:       :PCPN:    SNOW:  WIND      :SUNSHINE: SKY     :PK WND
================================================================================
1   2   3   4   5  6A  6B    7    8   9   10  11  12  13   14  15   16   17  18
                                     12Z  AVG MX 2MIN
DY MAX MIN AVG DEP HDD CDD  WTR  SNW DPTH SPD SPD DIR MIN PSBL S-S WX    SPD DR
================================================================================

 1  96  70  83   0   0  18 0.00  0.0    0  3.1 13 170   M    M   6 8      16 160
 2  97  71  84   1   0  19 0.00  0.0    0  3.6 14 150   M    M   5        18 140
 3  98  73  86   3   0  21 0.00  0.0    0  3.5 12 170   M    M   6        15 170
 4  98  72  85   2   0  20    T  0.0    0  3.1  5  50   M    M   6         5  50
 5  99  76  88   5   0  23 0.09  0.0    0  5.7 15 330   M    M   7 138    20 310
 6  99  76  88   5   0  23 0.01  0.0    0  6.0 16 250   M    M   6 13     22 240
 7 102  79  91   8   0  26 0.00  0.0    0  6.3 15  50   M    M   5        18  50
 8  96  80  88   5   0  23 0.07  0.0    0  6.3 17  80   M    M   6 3      21  80
 9 100  77  89   6   0  24 0.00  0.0    0  6.0 13 140   M    M   2        16 120
10  96  79  88   5   0  23 0.00  0.0    0  5.9 22  40   M    M   5 8      26  50
11  95  78  87   4   0  22    T  0.0    0  7.6 15  80   M    M   4        21 100
12  93  72  83   0   0  18 0.00  0.0    0  7.9 16  70   M    M   4        21  60
13  91  68  80  -3   0  15 0.00  0.0    0  6.4 16  70   M    M   2        21  80
14  91  68  80  -3   0  15 0.00  0.0    0  5.8 15  60   M    M   4        20  80
15  93  68  81  -2   0  16 0.00  0.0    0  6.5 17  80   M    M   2        20  90
16  94  71  83   0   0  18 0.00  0.0    0  7.5 13 130   M    M   3        15 140
17  94  71  83   0   0  18 0.00  0.0    0  4.9  5 150   M    M   3         6 150
18  97  72  85   2   0  20 0.00  0.0    0  6.9 17 200   M    M   7        25 210
19  87  67  77  -6   0  12 0.14  0.0    0  8.1 20 330   M    M   9 13     25 220
20  83  63  73  -9   0   8 0.00  0.0    0  5.6 12  70   M    M   8        15  50
21  88  67  78  -4   0  13 0.00  0.0    0  3.7 12  90   M    M   9        15  80
22  87  72  80  -2   0  15 0.22  0.0    0  4.7 17 160   M    M   7 13     23 170
23  90  70  80  -2   0  15 0.03  0.0    0  4.0 20 300   M    M   6 13     24 320
24  85  72  79  -3   0  14 0.00  0.0    0  5.7 12  40   M    M   8        15  60
25  91  62  77  -5   0  12 0.00  0.0    0  3.0  3 250   M    M   2         5 250
26  92  65  79  -3   0  14 0.00  0.0    0  3.8 14  40   M    M   2        20  30
27  88  63  76  -5   0  11 0.00  0.0    0  4.5 14 100   M    M   5        17 110
28  88  61  75  -6   0  10 0.00  0.0    0  2.9 10 130   M    M   3        17 130
29  91  68  80  -1   0  15    T  0.0    0  2.2  5 150   M    M   8 8       6 150
================================================================================
SM 2699 2051         0 501  0.56     0.0 151.2          M      150
================================================================================
AV 93.1 70.7                               5.2 FASTST   M    M   5    MAX(MPH)
                                 MISC ---->  # 22  40               # 26   50
================================================================================
NOTES:
# LAST OF SEVERAL OCCURRENCES

COLUMN 17 PEAK WIND IN M.P.H.

PRELIMINARY LOCAL CLIMATOLOGICAL DATA (WS FORM: F-6) , PAGE 2

                                          STATION:  Little Rock Adams Field
                                          MONTH:    AUGUST
                                          YEAR:     2015
                                          LATITUDE:   34 43 N
                                          LONGITUDE:  92 14 W

[TEMPERATURE DATA]      [PRECIPITATION DATA]       SYMBOLS USED IN COLUMN 16

AVERAGE MONTHLY: 81.9   TOTAL FOR MONTH:   0.56    1 = FOG OR MIST
DPTR FM NORMAL:  -0.7   DPTR FM NORMAL:   -1.85    2 = FOG REDUCING VISIBILITY
HIGHEST:   102 ON  7    GRTST 24HR  0.22 ON 21-22      TO 1/4 MILE OR LESS
LOWEST:     61 ON 28                               3 = THUNDER
                        SNOW, ICE PELLETS, HAIL    4 = ICE PELLETS
                        TOTAL MONTH:   0.0 INCH    5 = HAIL
                        GRTST 24HR     0.0         6 = FREEZING RAIN OR DRIZZLE
                        GRTST DEPTH:   0           7 = DUSTSTORM OR SANDSTORM:
                                                       VSBY 1/2 MILE OR LESS
                                                   8 = SMOKE OR HAZE
[NO. OF DAYS WITH]      [WEATHER - DAYS WITH]      9 = BLOWING SNOW
                                                   X = TORNADO
MAX 32 OR BELOW:   0    0.01 INCH OR MORE:   6
MAX 90 OR ABOVE:  22    0.10 INCH OR MORE:   2
MIN 32 OR BELOW:   0    0.50 INCH OR MORE:   0
MIN  0 OR BELOW:   0    1.00 INCH OR MORE:   0

[HDD (BASE 65) ]
TOTAL THIS MO.     0    CLEAR  (SCALE 0-3)   7
DPTR FM NORMAL     0    PTCLDY (SCALE 4-7)  19
TOTAL FM JUL 1     0    CLOUDY (SCALE 8-10)  3
DPTR FM NORMAL     0

[CDD (BASE 65) ]
TOTAL THIS MO.   501
DPTR FM NORMAL    -8    [PRESSURE DATA]
TOTAL FM JAN 1  1935    HIGHEST SLP M ON M
DPTR FM NORMAL   167    LOWEST  SLP 29.74 ON 18

[REMARKS]
