000
CXUS54 KLZK 011130
CF6LRF
PRELIMINARY LOCAL CLIMATOLOGICAL DATA (WS FORM: F-6)

                                          STATION:   Jacksonville/Little Rock AFB
                                          MONTH:     APRIL
                                          YEAR:      2016
                                          LATITUDE:   34 55 N
                                          LONGITUDE:  92  9 W

  TEMPERATURE IN F:       :PCPN:    SNOW:  WIND      :SUNSHINE: SKY     :PK WND
================================================================================
1   2   3   4   5  6A  6B    7    8   9   10  11  12  13   14  15   16   17  18
                                     12Z  AVG MX 2MIN
DY MAX MIN AVG DEP HDD CDD  WTR  SNW DPTH SPD SPD DIR MIN PSBL S-S WX    SPD DR
================================================================================

 1  61  43  52  -6  13   0 0.00  0.0    0  5.5 14 290   M    M   3        18 290
 2  68  38  53  -5  12   0 0.00  0.0    0  6.9 13 280   M    M   0        22 270
 3  76  39  58   0   7   0 0.00  0.0    0  6.0 17 230   M    M   0        21 200
 4  82  42  62   3   3   0 0.00  0.0    0  4.0 14 240   M    M   0         M  M
 5  69  53  61   2   4   0    T  0.0    0  8.5 14  80   M    M   0 8      18  70
 6  71  49  60   1   5   0 0.01    M    0  9.3 21 290   M    M   1 8      35 290
 7   M   M   M   M   M   M 0.00  0.0    0  7.8 21 270   M    M   1        31 280
 8  71  41  56  -4   9   0 0.00  0.0    0  6.8 20 330   M    M   0        35 310
 9  67  39  53  -7  12   0 0.04    M    0  5.4 10 100   M    M   1        17  80
10   M   M   M   M   M   M    T    M    M 11.5 18 190   M    M   1        33 210
11  70  52  61   0   4   0 0.69  0.0    0  6.7 13  10   M    M   5 13      M  M
12  65  48  57  -4   8   0    T    M    0  8.9 16  70   M    M   0        28  70
13  62  46  54  -7  11   0 0.04    M    0  5.3 12  50   M    M   0         M  M
14  69  50  60  -1   5   0 0.10  0.0    0  4.3  9  70   M    M   5         M  M
15  65  56  61  -1   4   0 0.03  0.0    0  8.0 14 100   M    M   8 1      21 100
16  67  59  63   1   2   0 0.05  0.0    0  9.6 14  90   M    M   9 1       M  M
17  78  57  68   6   0   3 0.00  0.0    0  9.8 16 120   M    M   1        24 110
18  76  61  69   6   0   4 0.03  0.0    0  5.6  8 270   M    M   4         M  M
19  63  59  61  -2   4   0 1.16  0.0    0  5.1 12 100   M    M   8 1       M  M
20  71  59  65   2   0   0 0.37  0.0    0  3.0  8 180   M    M   8 1       M  M
21  78  57  68   5   0   3 0.00  0.0    0  4.1 13 260   M    M   3 12     18 260
22  79  51  65   1   0   0 0.00  0.0    0  4.2  9 340   M    M   1        20 360
23  81  51  66   2   0   1 0.00  0.0    0  2.7  7 110   M    M   0 8       M  M
24  81  52  67   3   0   2 0.00  0.0    0  4.3 13 150   M    M   1        22 170
25  82  56  69   5   0   4 0.00  0.0    0  4.7 12 200   M    M   2         M  M
26  82  68  75  10   0  10 0.00  0.0    0  6.7 17 200   M    M   5        21 200
27  83  61  72   7   0   7 0.02  0.0    M  7.7 17 190   M    M   2 3      25 190
28  84  53  69   4   0   4 0.00  0.0    0  2.7  7 260   M    M   0 8       M  M
29  68  59  64  -1   1   0 3.72  0.0    0  7.6 22 260   M    M   8 123    46 270
30  80  63  72   6   0   7 1.11  0.0    0  6.7 21 170   M    M   4 13     31 170
================================================================================
SM 2049 1462       104  45  7.37     0.0 189.4          M       81
================================================================================
AV 73.2 52.2                               6.3 FASTST   M    M   3    MAX(MPH)
                                 MISC ---->    22   M               # 46  270
================================================================================
NOTES:
# LAST OF SEVERAL OCCURRENCES

COLUMN 17 PEAK WIND IN M.P.H.

PRELIMINARY LOCAL CLIMATOLOGICAL DATA (WS FORM: F-6) , PAGE 2

                                          STATION:  Jacksonville/Little Rock AFB
                                          MONTH:    APRIL
                                          YEAR:     2016
                                          LATITUDE:   34 55 N
                                          LONGITUDE:  92  9 W

[TEMPERATURE DATA]      [PRECIPITATION DATA]       SYMBOLS USED IN COLUMN 16

AVERAGE MONTHLY: 62.7   TOTAL FOR MONTH:   7.37    1 = FOG OR MIST
DPTR FM NORMAL:   0.9   DPTR FM NORMAL:       M    2 = FOG REDUCING VISIBILITY
HIGHEST:    84 ON 28    GRTST 24HR  3.72 ON 29-29      TO 1/4 MILE OR LESS
LOWEST:     38 ON  2                               3 = THUNDER
                        SNOW, ICE PELLETS, HAIL    4 = ICE PELLETS
                        TOTAL MONTH:   0.0 INCH    5 = HAIL
                        GRTST 24HR     0.0         6 = FREEZING RAIN OR DRIZZLE
                        GRTST DEPTH:   0           7 = DUSTSTORM OR SANDSTORM:
                                                       VSBY 1/2 MILE OR LESS
                                                   8 = SMOKE OR HAZE
[NO. OF DAYS WITH]      [WEATHER - DAYS WITH]      9 = BLOWING SNOW
                                                   X = TORNADO
MAX 32 OR BELOW:   0    0.01 INCH OR MORE:  13
MAX 90 OR ABOVE:   0    0.10 INCH OR MORE:   6
MIN 32 OR BELOW:   0    0.50 INCH OR MORE:   4
MIN  0 OR BELOW:   0    1.00 INCH OR MORE:   3

[HDD (BASE 65) ]
TOTAL THIS MO.   104    CLEAR  (SCALE 0-3)  20
DPTR FM NORMAL   -53    PTCLDY (SCALE 4-7)   8
TOTAL FM JUL 1  2536    CLOUDY (SCALE 8-10)  2
DPTR FM NORMAL  -602

[CDD (BASE 65) ]
TOTAL THIS MO.    45
DPTR FM NORMAL   -13    [PRESSURE DATA]
TOTAL FM JAN 1    62    HIGHEST SLP M ON M
DPTR FM NORMAL   -12    LOWEST  SLP M ON M

[REMARKS]
#FINAL-04-16#
