000
CXUS53 KARX 250930
CF6LSE
PRELIMINARY LOCAL CLIMATOLOGICAL DATA (WS FORM: F-6)

                                          STATION:   LA CROSSE WI
                                          MONTH:     JULY
                                          YEAR:      2017
                                          LATITUDE:   43 52 N
                                          LONGITUDE:  91 15 W

  TEMPERATURE IN F:       :PCPN:    SNOW:  WIND      :SUNSHINE: SKY     :PK WND
================================================================================
1   2   3   4   5  6A  6B    7    8   9   10  11  12  13   14  15   16   17  18
                                     12Z  AVG MX 2MIN
DY MAX MIN AVG DEP HDD CDD  WTR  SNW DPTH SPD SPD DIR MIN PSBL S-S WX    SPD DR
================================================================================

 1  79  63  71  -2   0   6    T  0.0    0  7.6 17 290   M    M   5        22 300
 2  84  63  74   1   0   9 0.04  0.0    0  5.9 14 350   M    M   2 3      17 220
 3  87  59  73  -1   0   8 0.00  0.0    0  4.5 13 140   M    M   2        18 150
 4  89  64  77   3   0  12 0.00  0.0    0  5.9 13 130   M    M   0        16 130
 5  95  69  82   8   0  17 0.00  0.0    0  8.1 18 100   M    M   1        22 110
 6  96  71  84  10   0  19 0.18  0.0    0  7.4 33  50   M    M   1 3      41  50
 7  87  64  76   2   0  11 0.00  0.0    0 10.1 24 350   M    M   1        33 340
 8  85  60  73  -1   0   8 0.00  0.0    0  4.9 13 320   M    M   1        18 320
 9  84  66  75   1   0  10 0.49  0.0    0  8.0 20 330   M    M   1 13     24  70
10  89  68  79   5   0  14    T  0.0    0  5.3 15 100   M    M   1 13     19 120
11  87  69  78   4   0  13 0.11  0.0    0  5.3 20 170   M    M   2 13     23 160
12  93  70  82   8   0  17 0.71  0.0    0 10.6 28 340   M    M   3 13     38 340
13  80  65  73  -1   0   8 0.00  0.0    0 11.7 21 310   M    M   6        23 300
14  75  62  69  -5   0   4 0.00  0.0    0  6.5 17 350   M    M   8        21 350
15  92  62  77   3   0  12 0.00  0.0    0  7.6 15 200   M    M   2        20 230
16  86  69  78   4   0  13 0.00  0.0    0  5.8 12  70   M    M   4        16  70
17  86  66  76   2   0  11 0.00  0.0    0  9.8 17 170   M    M   2        21 200
18  94  71  83   9   0  18 0.06  0.0    0  7.1 21 330   M    M   3 13     31 330
19  88  68  78   4   0  13 2.85  0.0    0  9.0 41  60   M    M   2 123    53 340
20  88  70  79   5   0  14 2.30  0.0    0  5.4 26 360   M    M   4 123    33 350
21  75  68  72  -2   0   7 0.56  0.0    0  4.3 13 160   M    M   6 13     16 160
22  87  70  79   5   0  14 0.20  0.0    0  4.5 31 350   M    M   6 13     38 350
23  83  66  75   1   0  10 0.00  0.0    0  8.8 21 340   M    M   4 12     27 350
24  78  61  70  -4   0   5 0.00  0.0    0  5.4 12 170   M    M   4        16 160
================================================================================
SM 2067 1584         0 273  7.50     0.0 169.5          M       71
================================================================================
AV 86.1 66.0                               7.1 FASTST   M    M   3    MAX(MPH)
                                 MISC ---->  # 41  60               # 53  340
================================================================================
NOTES:
# LAST OF SEVERAL OCCURRENCES

COLUMN 17 PEAK WIND IN M.P.H.

PRELIMINARY LOCAL CLIMATOLOGICAL DATA (WS FORM: F-6) , PAGE 2

                                          STATION:  LA CROSSE WI
                                          MONTH:    JULY
                                          YEAR:     2017
                                          LATITUDE:   43 52 N
                                          LONGITUDE:  91 15 W

[TEMPERATURE DATA]      [PRECIPITATION DATA]       SYMBOLS USED IN COLUMN 16

AVERAGE MONTHLY: 76.1   TOTAL FOR MONTH:   7.50    1 = FOG OR MIST
DPTR FM NORMAL:   2.1   DPTR FM NORMAL:    4.20    2 = FOG REDUCING VISIBILITY
HIGHEST:    96 ON  6    GRTST 24HR  2.85 ON 19-19      TO 1/4 MILE OR LESS
LOWEST:     59 ON  3                               3 = THUNDER
                        SNOW, ICE PELLETS, HAIL    4 = ICE PELLETS
                        TOTAL MONTH:   0.0 INCH    5 = HAIL
                        GRTST 24HR     0.0         6 = FREEZING RAIN OR DRIZZLE
                        GRTST DEPTH:   0           7 = DUSTSTORM OR SANDSTORM:
                                                       VSBY 1/2 MILE OR LESS
                                                   8 = SMOKE OR HAZE
[NO. OF DAYS WITH]      [WEATHER - DAYS WITH]      9 = BLOWING SNOW
                                                   X = TORNADO
MAX 32 OR BELOW:   0    0.01 INCH OR MORE:  10
MAX 90 OR ABOVE:   5    0.10 INCH OR MORE:   8
MIN 32 OR BELOW:   0    0.50 INCH OR MORE:   4
MIN  0 OR BELOW:   0    1.00 INCH OR MORE:   2

[HDD (BASE 65) ]
TOTAL THIS MO.     0    CLEAR  (SCALE 0-3)  15
DPTR FM NORMAL     0    PTCLDY (SCALE 4-7)   9
TOTAL FM JUL 1     0    CLOUDY (SCALE 8-10)  0
DPTR FM NORMAL     0

[CDD (BASE 65) ]
TOTAL THIS MO.   273
DPTR FM NORMAL    58    [PRESSURE DATA]
TOTAL FM JAN 1   544    HIGHEST SLP M ON M
DPTR FM NORMAL   115    LOWEST  SLP 29.68 ON 12

[REMARKS]
