000
CXUS54 KHGX 271515
CF6LVJ
PRELIMINARY LOCAL CLIMATOLOGICAL DATA (WS FORM: F-6)

                                          STATION:   HOUSTON/CLOVER_FIELD
                                          MONTH:     FEBRUARY
                                          YEAR:      2017
                                          LATITUDE:   29 31 N
                                          LONGITUDE:  95 14 W

  TEMPERATURE IN F:       :PCPN:    SNOW:  WIND      :SUNSHINE: SKY     :PK WND
================================================================================
1   2   3   4   5  6A  6B    7    8   9   10  11  12  13   14  15   16   17  18
                                     12Z  AVG MX 2MIN
DY MAX MIN AVG DEP HDD CDD  WTR  SNW DPTH SPD SPD DIR MIN PSBL S-S WX    SPD DR
================================================================================

 1  82  56  69  14   0   4 0.00  0.0    0  7.5 18 180   M    M   3 12     24 190
 2  79  59  69  14   0   4 0.00  0.0    0  5.6 14 350   M    M   7 12     17 340
 3  65  53  59   4   6   0 0.00  0.0    0 10.4 17  30   M    M   9        23  30
 4  67  52  60   5   5   0    T  0.0    0  9.6 16  80   M    M  10 1      21  70
 5  79  67  73  18   0   8    T  0.0    0  9.2 20 190   M    M   8 18     25 180
 6  80  69  75  20   0  10 0.00  0.0    0 12.1 21 180   M    M  10 18     27 180
 7  86  69  78  22   0  13 0.00  0.0    0  8.4 20 240   M    M   6 1      26 230
 8  85  67  76  20   0  11 0.00  0.0    0  8.3 18  10   M    M   5 18     28  20
 9  72  51  62   6   3   0 0.00  0.0    0  7.6 16  80   M    M   0 8      19  80
10  76  49  63   7   2   0    T  0.0    0  8.3 16 170   M    M   8 18     23 150
11  83  72  78  22   0  13    T  0.0    0 11.7 21 180   M    M   9 18     26 180
12  86  69  78  22   0  13 0.00  0.0    0  7.5 16 160   M    M   6 18     22 140
13  76  67  72  16   0   7    T  0.0    0  9.0 18 120   M    M   9 18     23  70
14  72  54  63   6   2   0 1.35  0.0    0 12.5 24 240   M    M   8 13     38 230
15  66  47  57   0   8   0 0.00  0.0    0 10.1 22 330   M    M   6        30 310
16  69  42  56  -1   9   0 0.00  0.0    0  2.0 13 180   M    M   0        16 170
17  68  50  59   2   6   0 0.25  0.0    0  4.7 13 110   M    M   5 13     17 120
18  84  60  72  15   0   7 0.00  0.0    0  7.2 14 140   M    M   6 128    20 140
19  81  71  76  18   0  11    T  0.0    0 12.3 23 130   M    M   9 18     31 140
20  74  59  67   9   0   2 0.97  0.0    0  7.9 26 320   M    M   9 1      35 320
21  78  57  68  10   0   3 0.00  0.0    0  6.3 20 340   M    M   4 12     28 320
22  84  51  68  10   0   3 0.00  0.0    0  3.7 12 180   M    M   0        15 170
23  81  55  68  10   0   3 0.00  0.0    0  7.7 16 160   M    M   1 1      22 160
24  86  62  74  16   0   9 0.00  0.0    0  8.9 20  10   M    M   5        26 350
25  72  50  61   2   4   0 0.00  0.0    0  8.0 20  20   M    M   0        26  30
26  75  47  61   2   4   0 0.00  0.0    0 10.1 22 130   M    M   6        30 150
================================================================================
SM 2006 1505        49 121  2.57     0.0 216.6          M      149
================================================================================
AV 77.2 57.9                               8.3 FASTST   M    M   6    MAX(MPH)
                                 MISC ---->  # 26 320               # 38  230
================================================================================
NOTES:
# LAST OF SEVERAL OCCURRENCES

COLUMN 17 PEAK WIND IN M.P.H.

PRELIMINARY LOCAL CLIMATOLOGICAL DATA (WS FORM: F-6) , PAGE 2

                                          STATION:  HOUSTON/CLOVER_FIELD
                                          MONTH:    FEBRUARY
                                          YEAR:     2017
                                          LATITUDE:   29 31 N
                                          LONGITUDE:  95 14 W

[TEMPERATURE DATA]      [PRECIPITATION DATA]       SYMBOLS USED IN COLUMN 16

AVERAGE MONTHLY: 67.5   TOTAL FOR MONTH:   2.57    1 = FOG OR MIST
DPTR FM NORMAL:  10.9   DPTR FM NORMAL:   -0.42    2 = FOG REDUCING VISIBILITY
HIGHEST:    86 ON 24,12 GRTST 24HR  1.35 ON 14-14      TO 1/4 MILE OR LESS
LOWEST:     42 ON 16                               3 = THUNDER
                        SNOW, ICE PELLETS, HAIL    4 = ICE PELLETS
                        TOTAL MONTH:   0.0 INCH    5 = HAIL
                        GRTST 24HR     0.0         6 = FREEZING RAIN OR DRIZZLE
                        GRTST DEPTH:   0           7 = DUSTSTORM OR SANDSTORM:
                                                       VSBY 1/2 MILE OR LESS
                                                   8 = SMOKE OR HAZE
[NO. OF DAYS WITH]      [WEATHER - DAYS WITH]      9 = BLOWING SNOW
                                                   X = TORNADO
MAX 32 OR BELOW:   0    0.01 INCH OR MORE:   3
MAX 90 OR ABOVE:   0    0.10 INCH OR MORE:   3
MIN 32 OR BELOW:   0    0.50 INCH OR MORE:   2
MIN  0 OR BELOW:   0    1.00 INCH OR MORE:   1

[HDD (BASE 65) ]
TOTAL THIS MO.    49    CLEAR  (SCALE 0-3)   6
DPTR FM NORMAL  -186    PTCLDY (SCALE 4-7)  12
TOTAL FM JUL 1   430    CLOUDY (SCALE 8-10)  8
DPTR FM NORMAL  -675

[CDD (BASE 65) ]
TOTAL THIS MO.   121
DPTR FM NORMAL    99    [PRESSURE DATA]
TOTAL FM JAN 1   213    HIGHEST SLP M ON M
DPTR FM NORMAL   182    LOWEST  SLP 29.59 ON 23

[REMARKS]
