000
CXUS56 KMTR 281000
CF6LVK
PRELIMINARY LOCAL CLIMATOLOGICAL DATA (WS FORM: F-6)

                                          STATION:   LIVERMORE AIRPORT
                                          MONTH:     MAY
                                          YEAR:      2017
                                          LATITUDE:   37 42 N
                                          LONGITUDE: 121 49 W

  TEMPERATURE IN F:       :PCPN:    SNOW:  WIND      :SUNSHINE: SKY     :PK WND
================================================================================
1   2   3   4   5  6A  6B    7    8   9   10  11  12  13   14  15   16   17  18
                                     12Z  AVG MX 2MIN
DY MAX MIN AVG DEP HDD CDD  WTR  SNW DPTH SPD SPD DIR MIN PSBL S-S WX    SPD DR
================================================================================

 1  88  49  69   9   0   4 0.00  0.0    0  4.9 17 320   M    M   0        22 320
 2  89  57  73  13   0   8 0.00  0.0    0  3.1 13  20   M    M   0        17  10
 3  93  58  76  16   0  11 0.00  0.0    0  3.4 13 270   M    M   0        15 260
 4  86  53  70  10   0   5 0.00  0.0    0  8.8 23 290   M    M   0        29 290
 5  69  51  60  -1   5   0 0.00  0.0    0 10.2 22 190   M    M   3        29 200
 6  64  48  56  -5   9   0 0.00  0.0    0  8.2 14 270   M    M   5        18 220
 7  74  47  61   0   4   0 0.00  0.0    0  5.8 20 280   M    M   0 18     23 270
 8  80  49  65   4   0   0 0.00  0.0    0  4.5 15 290   M    M   0        19 300
 9  87  49  68   7   0   3 0.00  0.0    0  5.8 16 280   M    M   0        19 290
10  71  50  61  -1   4   0 0.00  0.0    0 12.8 22 290   M    M   0        27 290
11  70  50  60  -2   5   0 0.00  0.0    0 10.8 21 280   M    M   5        26 270
12  66  48  57  -5   8   0 0.00  0.0    0 11.4 23 270   M    M   2        30 270
13  68  46  57  -5   8   0 0.00  0.0    0  8.2 18 250   M    M   0        24 270
14  68  48  58  -4   7   0 0.00  0.0    0  8.2 18 290   M    M   3        23 280
15  70  45  58  -4   7   0 0.00  0.0    0  7.1 17 280   M    M   2        23 290
16  62  51  57  -5   8   0 0.00  0.0    0 14.2 21 260   M    M  10        26 260
17  73  50  62  -1   3   0 0.00  0.0    0  7.6 18 280   M    M   3        23 280
18  83  44  64   1   1   0 0.00  0.0    0  4.3 17 280   M    M   0        22 270
19  90  49  70   7   0   5 0.00  0.0    0  3.6 16 280   M    M   0        24 290
20  92  51  72   9   0   7 0.00  0.0    0  4.0 17 280   M    M   0        23 270
21  93  53  73  10   0   8 0.00  0.0    0  5.2 14 270   M    M   0        17 280
22  96  58  77  14   0  12 0.00  0.0    0  4.6 16 280   M    M   0 8      19 270
23  92  59  76  13   0  11 0.00  0.0    0  7.4 18 290   M    M   0        22 290
24  78  53  66   2   0   1 0.00  0.0    0 11.4 18 280   M    M   2 18     24 300
25  72  54  63  -1   2   0 0.00  0.0    0 13.7 21 270   M    M   2        26 260
26  68  51  60  -4   5   0 0.00  0.0    0 10.9 16 280   M    M   6        20 290
27  75  50  63  -1   2   0 0.00  0.0    0  8.9 18 270   M    M   3        21 280
================================================================================
SM 2117 1371        78  75  0.00     0.0 209.0          M       46
================================================================================
AV 78.4 50.8                               7.7 FASTST   M    M   2    MAX(MPH)
                                 MISC ---->  # 23 290               # 30  270
================================================================================
NOTES:
# LAST OF SEVERAL OCCURRENCES

COLUMN 17 PEAK WIND IN M.P.H.

PRELIMINARY LOCAL CLIMATOLOGICAL DATA (WS FORM: F-6) , PAGE 2

                                          STATION:  LIVERMORE AIRPORT
                                          MONTH:    MAY
                                          YEAR:     2017
                                          LATITUDE:   37 42 N
                                          LONGITUDE: 121 49 W

[TEMPERATURE DATA]      [PRECIPITATION DATA]       SYMBOLS USED IN COLUMN 16

AVERAGE MONTHLY: 64.6   TOTAL FOR MONTH:   0.00    1 = FOG OR MIST
DPTR FM NORMAL:   2.5   DPTR FM NORMAL:   -0.58    2 = FOG REDUCING VISIBILITY
HIGHEST:    96 ON 22    GRTST 24HR  0.00 ON 27-27      TO 1/4 MILE OR LESS
LOWEST:     44 ON 18                               3 = THUNDER
                        SNOW, ICE PELLETS, HAIL    4 = ICE PELLETS
                        TOTAL MONTH:   0.0 INCH    5 = HAIL
                        GRTST 24HR     0.0         6 = FREEZING RAIN OR DRIZZLE
                        GRTST DEPTH:   0           7 = DUSTSTORM OR SANDSTORM:
                                                       VSBY 1/2 MILE OR LESS
                                                   8 = SMOKE OR HAZE
[NO. OF DAYS WITH]      [WEATHER - DAYS WITH]      9 = BLOWING SNOW
                                                   X = TORNADO
MAX 32 OR BELOW:   0    0.01 INCH OR MORE:   0
MAX 90 OR ABOVE:   6    0.10 INCH OR MORE:   0
MIN 32 OR BELOW:   0    0.50 INCH OR MORE:   0
MIN  0 OR BELOW:   0    1.00 INCH OR MORE:   0

[HDD (BASE 65) ]
TOTAL THIS MO.    78    CLEAR  (SCALE 0-3)  21
DPTR FM NORMAL   -38    PTCLDY (SCALE 4-7)   5
TOTAL FM JUL 1  2430    CLOUDY (SCALE 8-10)  1
DPTR FM NORMAL  -308

[CDD (BASE 65) ]
TOTAL THIS MO.    75
DPTR FM NORMAL    35    [PRESSURE DATA]
TOTAL FM JAN 1    75    HIGHEST SLP M ON M
DPTR FM NORMAL    26    LOWEST  SLP 29.71 ON  7

[REMARKS]
