000
CXUS55 KBYZ 211055
CF6LVM
PRELIMINARY LOCAL CLIMATOLOGICAL DATA (WS FORM: F-6)

                                          STATION:   LIVINGSTON MT
                                          MONTH:     OCTOBER
                                          YEAR:      2014
                                          LATITUDE:   45 41 N
                                          LONGITUDE: 110 26 W

  TEMPERATURE IN F:       :PCPN:    SNOW:  WIND      :SUNSHINE: SKY     :PK WND
================================================================================
1   2   3   4   5  6A  6B    7    8   9   10  11  12  13   14  15   16   17  18
                                     12Z  AVG MX 2MIN
DY MAX MIN AVG DEP HDD CDD  WTR  SNW DPTH SPD SPD DIR MIN PSBL S-S WX    SPD DR
================================================================================

 1  57  38  48  -2  17   0    T    M    M 16.0 26 240   M    M   5        32 240
 2  53  32  43  -7  22   0    T    M    M 14.2 25 320   M    M   9        34 240
 3  63  25  44  -5  21   0 0.00    M    M 15.0 28 260   M    M   0        34 260
 4  73  50  62  13   3   0 0.00    M    M 22.2 36 250   M    M   2        48 240
 5  72  51  62  13   3   0 0.00    M    M 14.2 25 270   M    M   5        32 270
 6  76  54  65  17   0   0 0.00    M    M 21.9 36 250   M    M   1        45 260
 7  76  45  61  13   4   0 0.00    M    M 12.0 25 250   M    M   5        30 240
 8  78  43  61  13   4   0 0.00    M    M 10.8 23 250   M    M   1        30 230
 9  62  41  52   5  13   0    T    M    M 11.7 28  80   M    M   1        36  90
10  70  36  53   6  12   0    T    M    M  4.1 16 320   M    M   4        18 320
11  69  41  55   8  10   0 0.22    M    M 17.3 31 220   M    M   3 1      42 320
12  55  38  47   1  18   0 0.01    M    M 15.9 23 260   M    M   7        30 250
13  62  34  48   2  17   0 0.00    M    M 20.8 37 210   M    M   2        48 200
14  72  51  62  16   3   0 0.00    M    M 22.9 47 220   M    M   0        65 220
15  76  42  59  14   6   0 0.00    M    M 19.2 45 260   M    M   2        56 280
16  57  31  44  -1  21   0 0.00    M    M 10.0 28 260   M    M   2        35 250
17  62  23  43  -2  22   0 0.00    M    M  5.7 15  70   M    M   0        19  70
18  75  34  55  11  10   0 0.00    M    M 10.4 23 260   M    M   0        29 290
19  74  34  54  10  11   0 0.00    M    M  8.5 20 250   M    M   0        25 280
20  78  36  57  13   8   0 0.00    M    M 10.8 24 210   M    M   0        31 210
================================================================================
SM 1360  779       225   0  0.23    M    283.6          M       49
================================================================================
AV 68.0 39.0                              14.2 FASTST   M    M   2    MAX(MPH)
                                 MISC ---->  # 47 220               # 65  220
================================================================================
NOTES:
# LAST OF SEVERAL OCCURRENCES

COLUMN 17 PEAK WIND IN M.P.H.

PRELIMINARY LOCAL CLIMATOLOGICAL DATA (WS FORM: F-6) , PAGE 2

                                          STATION:  LIVINGSTON MT
                                          MONTH:    OCTOBER
                                          YEAR:     2014
                                          LATITUDE:   45 41 N
                                          LONGITUDE: 110 26 W

[TEMPERATURE DATA]      [PRECIPITATION DATA]       SYMBOLS USED IN COLUMN 16

AVERAGE MONTHLY: 53.5   TOTAL FOR MONTH:   0.23    1 = FOG OR MIST
DPTR FM NORMAL:   6.6   DPTR FM NORMAL:   -0.68    2 = FOG REDUCING VISIBILITY
HIGHEST:    78 ON 20, 8 GRTST 24HR  0.23 ON 11-12      TO 1/4 MILE OR LESS
LOWEST:     23 ON 17                               3 = THUNDER
                        SNOW, ICE PELLETS, HAIL    4 = ICE PELLETS
                        TOTAL MONTH:    M          5 = HAIL
                        GRTST 24HR    M  ON   M    6 = FREEZING RAIN OR DRIZZLE
                        GRTST DEPTH:  M  ON   M    7 = DUSTSTORM OR SANDSTORM:
                                                       VSBY 1/2 MILE OR LESS
                                                   8 = SMOKE OR HAZE
[NO. OF DAYS WITH]      [WEATHER - DAYS WITH]      9 = BLOWING SNOW
                                                   X = TORNADO
MAX 32 OR BELOW:   0    0.01 INCH OR MORE:   2
MAX 90 OR ABOVE:   0    0.10 INCH OR MORE:   1
MIN 32 OR BELOW:   4    0.50 INCH OR MORE:   0
MIN  0 OR BELOW:   0    1.00 INCH OR MORE:   0

[HDD (BASE 65) ]
TOTAL THIS MO.   225    CLEAR  (SCALE 0-3)  13
DPTR FM NORMAL  -138    PTCLDY (SCALE 4-7)   6
TOTAL FM JUL 1   538    CLOUDY (SCALE 8-10)  1
DPTR FM NORMAL  -234

[CDD (BASE 65) ]
TOTAL THIS MO.     0
DPTR FM NORMAL     0    [PRESSURE DATA]
TOTAL FM JAN 1   321    HIGHEST SLP M ON M
DPTR FM NORMAL    92    LOWEST  SLP 29.55 ON 15

[REMARKS]
