000
CXUS55 KBYZ 281055
CF6LVM
PRELIMINARY LOCAL CLIMATOLOGICAL DATA (WS FORM: F-6)

                                          STATION:   LIVINGSTON MT
                                          MONTH:     JULY
                                          YEAR:      2016
                                          LATITUDE:   45 41 N
                                          LONGITUDE: 110 26 W

  TEMPERATURE IN F:       :PCPN:    SNOW:  WIND      :SUNSHINE: SKY     :PK WND
================================================================================
1   2   3   4   5  6A  6B    7    8   9   10  11  12  13   14  15   16   17  18
                                     12Z  AVG MX 2MIN
DY MAX MIN AVG DEP HDD CDD  WTR  SNW DPTH SPD SPD DIR MIN PSBL S-S WX    SPD DR
================================================================================

 1  91  54  73   9   0   8    T    M    M  8.9 20 330   M    M   1        24 330
 2  94  63  79  15   0  14    T    M    M 13.0 25 210   M    M   1        32 220
 3  89  52  71   7   0   6 0.07    M    M 13.9 51 230   M    M   0 3      64 220
 4  86  50  68   4   0   3 0.00    M    M 13.5 32 200   M    M   0 3      43 220
 5  78  45  62  -3   3   0 0.00    M    M  5.3 16 330   M    M   2        20 160
 6  81  46  64  -1   1   0    T    M    M  9.3 26 280   M    M   3        35 250
 7  83  39  61  -4   4   0 0.00    M    M  8.4 20 300   M    M   0        25 160
 8  96  45  71   5   0   6    T    M    M 10.1 32 220   M    M   1 3      40 220
 9  92  47  70   4   0   5 0.11    M    M  9.0 41 210   M    M   3 3      50 210
10  70  47  59  -7   6   0 0.87    M    M  8.7 36 260   M    M   6 13     43 260
11  66  48  57  -9   8   0 0.03    M    M 21.1 36 230   M    M   8        46 240
12  78  44  61  -6   4   0 0.06    M    M 14.6 49 210   M    M   3 38     59 200
13  77  47  62  -5   3   0 0.00    M    M 12.8 23 280   M    M   2        29 250
14  82  42  62  -5   3   0 0.00    M    M 10.5 22 300   M    M   0        28 290
15  85  47  66  -1   0   1 0.02    M    M  7.9 24 110   M    M   0 3      31 110
16  79  48  64  -3   1   0 0.00    M    M  9.0 18  80   M    M   2 3      24  80
17  82  50  66  -2   0   1 0.00    M    M 10.1 25  80   M    M   0        33  90
18  88  55  72   4   0   7 0.00    M    M 12.9 30  50   M    M   0        36  60
19  96  53  75   7   0  10 0.00    M    M 11.7 30 220   M    M   0 3      37 220
20  91  56  74   6   0   9 0.00    M    M  7.1 17 130   M    M   1 3      21 330
21  96  50  73   5   0   8 0.00    M    M  7.9 16 120   M    M   0        21 300
22 100  55  78  10   0  13 0.00    M    M 11.0 31 220   M    M   0        41 230
23  83  58  71   3   0   6    T    M    M 12.4 25 280   M    M   1        31 250
24  90  46  68   0   0   3 0.00    M    M  6.6 17 270   M    M   0        22 280
25  97  46  72   4   0   7 0.03    M    M  6.6 23  90   M    M   1 3      30  80
26  94  51  73   5   0   8    T    M    M  7.6 43 260   M    M   0        52 250
27  92  48  70   2   0   5 0.19    M    M  8.1 25  80   M    M   1 3      32  80
================================================================================
SM 2336 1332        33 120  1.38    M    278.0          M       36
================================================================================
AV 86.5 49.3                              10.3 FASTST   M    M   1    MAX(MPH)
                                 MISC ---->  # 51 230               # 64  220
================================================================================
NOTES:
# LAST OF SEVERAL OCCURRENCES

COLUMN 17 PEAK WIND IN M.P.H.

PRELIMINARY LOCAL CLIMATOLOGICAL DATA (WS FORM: F-6) , PAGE 2

                                          STATION:  LIVINGSTON MT
                                          MONTH:    JULY
                                          YEAR:     2016
                                          LATITUDE:   45 41 N
                                          LONGITUDE: 110 26 W

[TEMPERATURE DATA]      [PRECIPITATION DATA]       SYMBOLS USED IN COLUMN 16

AVERAGE MONTHLY: 67.9   TOTAL FOR MONTH:   1.38    1 = FOG OR MIST
DPTR FM NORMAL:   1.3   DPTR FM NORMAL:    0.07    2 = FOG REDUCING VISIBILITY
HIGHEST:   100 ON 22    GRTST 24HR  0.88 ON  9-10      TO 1/4 MILE OR LESS
LOWEST:     39 ON  7                               3 = THUNDER
                        SNOW, ICE PELLETS, HAIL    4 = ICE PELLETS
                        TOTAL MONTH:    M          5 = HAIL
                        GRTST 24HR    M  ON   M    6 = FREEZING RAIN OR DRIZZLE
                        GRTST DEPTH:  M  ON   M    7 = DUSTSTORM OR SANDSTORM:
                                                       VSBY 1/2 MILE OR LESS
                                                   8 = SMOKE OR HAZE
[NO. OF DAYS WITH]      [WEATHER - DAYS WITH]      9 = BLOWING SNOW
                                                   X = TORNADO
MAX 32 OR BELOW:   0    0.01 INCH OR MORE:   8
MAX 90 OR ABOVE:  12    0.10 INCH OR MORE:   3
MIN 32 OR BELOW:   0    0.50 INCH OR MORE:   1
MIN  0 OR BELOW:   0    1.00 INCH OR MORE:   0

[HDD (BASE 65) ]
TOTAL THIS MO.    33    CLEAR  (SCALE 0-3)  25
DPTR FM NORMAL   -13    PTCLDY (SCALE 4-7)   1
TOTAL FM JUL 1    33    CLOUDY (SCALE 8-10)  1
DPTR FM NORMAL   -13

[CDD (BASE 65) ]
TOTAL THIS MO.   120
DPTR FM NORMAL    30    [PRESSURE DATA]
TOTAL FM JAN 1   190    HIGHEST SLP M ON M
DPTR FM NORMAL    80    LOWEST  SLP 29.58 ON 11

[REMARKS]
