000
CXUS55 KBYZ 261055
CF6LVM
PRELIMINARY LOCAL CLIMATOLOGICAL DATA (WS FORM: F-6)

                                          STATION:   LIVINGSTON MT
                                          MONTH:     JULY
                                          YEAR:      2014
                                          LATITUDE:   45 41 N
                                          LONGITUDE: 110 26 W

  TEMPERATURE IN F:       :PCPN:    SNOW:  WIND      :SUNSHINE: SKY     :PK WND
================================================================================
1   2   3   4   5  6A  6B    7    8   9   10  11  12  13   14  15   16   17  18
                                     12Z  AVG MX 2MIN
DY MAX MIN AVG DEP HDD CDD  WTR  SNW DPTH SPD SPD DIR MIN PSBL S-S WX    SPD DR
================================================================================

 1  78  38  58  -6   7   0 0.00    M    M  6.8 15  80   M    M   0        20  60
 2  85  40  63  -1   2   0 0.00    M    M  8.7 18  80   M    M   0 1      24  70
 3  85  49  67   3   0   2    T    M    M  5.8 18 150   M    M   0 3      22 150
 4  95  56  76  12   0  11    T    M    M 10.6 44 260   M    M   0        54 260
 5  96  51  74   9   0   9 0.00    M    M 10.6 31 280   M    M   0        38 270
 6  94  51  73   8   0   8 0.00    M    M  8.7 22 260   M    M   0        27 240
 7  84  56  70   5   0   5 0.00    M    M 10.7 24 330   M    M   1        29 340
 8  87  46  67   1   0   2 0.00    M    M  8.1 18  60   M    M   0        24  60
 9  92  49  71   5   0   6 0.00    M    M  5.9 21 240   M    M   1        25 240
10  93  57  75   9   0  10    T    M    M  9.9 22 250   M    M   1        28 260
11  81  52  67   1   0   2 0.00    M    M 13.1 23  90   M    M   0 3      29  80
12  87  59  73   6   0   8 0.23    M    M  6.4 16 270   M    M   4 13     23 270
13  92  53  73   6   0   8 0.00    M    M  8.0 20  90   M    M   0        26 110
14  81  59  70   3   0   5 0.00    M    M 14.2 25  80   M    M   0        34  80
15  78  54  66  -1   0   1 0.13    M    M  7.7 20 330   M    M   5 3      24 310
16  85  56  71   4   0   6 0.00    M    M  8.4 17 330   M    M   3        22 330
17  92  53  73   5   0   8 0.00    M    M 11.3 32 210   M    M   0        41 210
18  91  56  74   6   0   9 0.00    M    M  7.8 22  80   M    M   0        26  80
19  93  49  71   3   0   6 0.00    M    M 13.0 32 290   M    M   1 8      42 300
20  94  51  73   5   0   8 0.01    M    M 13.6 30 290   M    M   1        37  80
21  82  61  72   4   0   7 0.01    M    M 12.7 37 210   M    M   2        47 210
22  90  52  71   3   0   6 0.07    M    M  9.4 33 200   M    M   1 3      44 210
23  97  52  75   7   0  10 0.00    M    M  5.8 15 100   M    M   0        19 100
24  91  54  73   5   0   8 0.00    M    M 13.6 31 280   M    M   0        39 280
25  85  47  66  -2   0   1 0.00    M    M 14.0 31 290   M    M   0        39 290
================================================================================
SM 2208 1301         9 146  0.45    M    244.8          M       20
================================================================================
AV 88.3 52.0                               9.8 FASTST   M    M   1    MAX(MPH)
                                 MISC ---->  # 44 260               # 54  260
================================================================================
NOTES:
# LAST OF SEVERAL OCCURRENCES

COLUMN 17 PEAK WIND IN M.P.H.

PRELIMINARY LOCAL CLIMATOLOGICAL DATA (WS FORM: F-6) , PAGE 2

                                          STATION:  LIVINGSTON MT
                                          MONTH:    JULY
                                          YEAR:     2014
                                          LATITUDE:   45 41 N
                                          LONGITUDE: 110 26 W

[TEMPERATURE DATA]      [PRECIPITATION DATA]       SYMBOLS USED IN COLUMN 16

AVERAGE MONTHLY: 70.2   TOTAL FOR MONTH:   0.45    1 = FOG OR MIST
DPTR FM NORMAL:   3.7   DPTR FM NORMAL:   -0.79    2 = FOG REDUCING VISIBILITY
HIGHEST:    97 ON 23    GRTST 24HR  0.23 ON 12-12      TO 1/4 MILE OR LESS
LOWEST:     38 ON  1                               3 = THUNDER
                        SNOW, ICE PELLETS, HAIL    4 = ICE PELLETS
                        TOTAL MONTH:    M          5 = HAIL
                        GRTST 24HR    M  ON   M    6 = FREEZING RAIN OR DRIZZLE
                        GRTST DEPTH:  M  ON   M    7 = DUSTSTORM OR SANDSTORM:
                                                       VSBY 1/2 MILE OR LESS
                                                   8 = SMOKE OR HAZE
[NO. OF DAYS WITH]      [WEATHER - DAYS WITH]      9 = BLOWING SNOW
                                                   X = TORNADO
MAX 32 OR BELOW:   0    0.01 INCH OR MORE:   5
MAX 90 OR ABOVE:  13    0.10 INCH OR MORE:   2
MIN 32 OR BELOW:   0    0.50 INCH OR MORE:   0
MIN  0 OR BELOW:   0    1.00 INCH OR MORE:   0

[HDD (BASE 65) ]
TOTAL THIS MO.     9    CLEAR  (SCALE 0-3)  23
DPTR FM NORMAL   -35    PTCLDY (SCALE 4-7)   2
TOTAL FM JUL 1     9    CLOUDY (SCALE 8-10)  0
DPTR FM NORMAL   -35

[CDD (BASE 65) ]
TOTAL THIS MO.   146
DPTR FM NORMAL    64    [PRESSURE DATA]
TOTAL FM JAN 1   153    HIGHEST SLP M ON M
DPTR FM NORMAL    51    LOWEST  SLP 29.61 ON 24

[REMARKS]
