000
CXUS55 KBYZ 251055
CF6LVM
PRELIMINARY LOCAL CLIMATOLOGICAL DATA (WS FORM: F-6)

                                          STATION:   LIVINGSTON MT
                                          MONTH:     JUNE
                                          YEAR:      2017
                                          LATITUDE:   45 41 N
                                          LONGITUDE: 110 26 W

  TEMPERATURE IN F:       :PCPN:    SNOW:  WIND      :SUNSHINE: SKY     :PK WND
================================================================================
1   2   3   4   5  6A  6B    7    8   9   10  11  12  13   14  15   16   17  18
                                     12Z  AVG MX 2MIN
DY MAX MIN AVG DEP HDD CDD  WTR  SNW DPTH SPD SPD DIR MIN PSBL S-S WX    SPD DR
================================================================================

 1  83  45  64   9   1   0 0.00    M    M 12.9 32 220   M    M   0        39 220
 2  76  47  62   7   3   0 0.01    M    M 12.6 26 280   M    M   3        33 280
 3  80  37  59   4   6   0 0.00    M    M  5.9 16  70   M    M   0        20  60
 4  87  46  67  12   0   2 0.02    M    M  8.5 39 160   M    M   1 3      51 170
 5  73  53  63   7   2   0 0.03    M    M 13.7 22 240   M    M   7        26 240
 6  73  47  60   4   5   0 0.00    M    M 13.7 24  70   M    M   0        32  70
 7  82  42  62   6   3   0 0.00    M    M  7.8 20  70   M    M   1        24  70
 8  88  51  70  14   0   5 0.00    M    M  8.8 18 240   M    M   1        22  70
 9  67  46  57   0   8   0 0.17    M    M 15.9 39 200   M    M   6 1      48 200
10  59  40  50  -7  15   0 0.11    M    M  7.4 24 260   M    M   8 1      31 260
11  65  34  50  -7  15   0 0.00    M    M  7.3 14 100   M    M   1        17 100
12  76  46  61   3   4   0 0.61    M    M 18.6 46 200   M    M   3 13     58 230
13  55  43  49  -9  16   0 0.57    M    M 15.2 29 250   M    M   9        36 250
14  70  48  59   1   6   0 0.00    M    M 20.9 35 270   M    M   4        44 280
15  71  42  57  -1   8   0    T    M    M  9.9 26 300   M    M   5        33 290
16  74  52  63   4   2   0    T    M    M 18.1 29 250   M    M   8        40 220
17  70  48  59   0   6   0 0.02    M    M 11.9 24 290   M    M   5        30 270
18  73  44  59   0   6   0 0.00    M    M 13.0 31 250   M    M   8        42 270
19  83  45  64   4   1   0 0.00    M    M  9.8 22 270   M    M   0        28 260
20  91  49  70  10   0   5 0.00    M    M  8.7 25 270   M    M   1        31 280
21  83  56  70  10   0   5 0.00    M    M 14.5 32 280   M    M   0        38 280
22  73  39  56  -5   9   0 0.00    M    M 14.8 26 280   M    M   3        35 280
23  72  32  52  -9  13   0 0.00    M    M  5.8 20  80   M    M   0        23  80
24  77  35  56  -5   9   0 0.00    M    M  7.9 22  70   M    M   0        28  70
================================================================================
SM 1801 1067       138  17  1.54    M    283.6          M       74
================================================================================
AV 75.0 44.5                              11.8 FASTST   M    M   3    MAX(MPH)
                                 MISC ---->  # 46 200               # 58  230
================================================================================
NOTES:
# LAST OF SEVERAL OCCURRENCES

COLUMN 17 PEAK WIND IN M.P.H.

PRELIMINARY LOCAL CLIMATOLOGICAL DATA (WS FORM: F-6) , PAGE 2

                                          STATION:  LIVINGSTON MT
                                          MONTH:    JUNE
                                          YEAR:     2017
                                          LATITUDE:   45 41 N
                                          LONGITUDE: 110 26 W

[TEMPERATURE DATA]      [PRECIPITATION DATA]       SYMBOLS USED IN COLUMN 16

AVERAGE MONTHLY: 59.8   TOTAL FOR MONTH:   1.54    1 = FOG OR MIST
DPTR FM NORMAL:   2.0   DPTR FM NORMAL:   -0.49    2 = FOG REDUCING VISIBILITY
HIGHEST:    91 ON 20    GRTST 24HR  0.61 ON 12-12      TO 1/4 MILE OR LESS
LOWEST:     32 ON 23                               3 = THUNDER
                        SNOW, ICE PELLETS, HAIL    4 = ICE PELLETS
                        TOTAL MONTH:    M          5 = HAIL
                        GRTST 24HR    M  ON   M    6 = FREEZING RAIN OR DRIZZLE
                        GRTST DEPTH:  M  ON   M    7 = DUSTSTORM OR SANDSTORM:
                                                       VSBY 1/2 MILE OR LESS
                                                   8 = SMOKE OR HAZE
[NO. OF DAYS WITH]      [WEATHER - DAYS WITH]      9 = BLOWING SNOW
                                                   X = TORNADO
MAX 32 OR BELOW:   0    0.01 INCH OR MORE:   8
MAX 90 OR ABOVE:   1    0.10 INCH OR MORE:   4
MIN 32 OR BELOW:   1    0.50 INCH OR MORE:   2
MIN  0 OR BELOW:   0    1.00 INCH OR MORE:   0

[HDD (BASE 65) ]
TOTAL THIS MO.   138    CLEAR  (SCALE 0-3)  14
DPTR FM NORMAL   -46    PTCLDY (SCALE 4-7)   7
TOTAL FM JUL 1  7128    CLOUDY (SCALE 8-10)  3
DPTR FM NORMAL  -452

[CDD (BASE 65) ]
TOTAL THIS MO.    17
DPTR FM NORMAL     9    [PRESSURE DATA]
TOTAL FM JAN 1    17    HIGHEST SLP M ON M
DPTR FM NORMAL     8    LOWEST  SLP 29.38 ON  9

[REMARKS]
