000
CXUS51 KRNK 010912
CF6LWB

PRELIMINARY LOCAL CLIMATOLOGICAL DATA (WS FORM: F-6)

                                          STATION:   LEWISBURG WV
                                          MONTH:     AUGUST
                                          YEAR:      2015
                                          LATITUDE:   37 52 N
                                          LONGITUDE:  80 24 W

  TEMPERATURE IN F:       :PCPN:    SNOW:  WIND      :SUNSHINE: SKY     :PK WND
================================================================================
1   2   3   4   5  6A  6B    7    8   9   10  11  12  13   14  15   16   17  18
                                     12Z  AVG MX 2MIN
DY MAX MIN AVG DEP HDD CDD  WTR  SNW DPTH SPD SPD DIR MIN PSBL S-S WX    SPD DR
================================================================================

 1  81  56  69  -1   0   4    M  0.0    0  3.3 13 270   M    M   1        16 270
 2  80  54  67  -3   0   2    M  0.0    0  1.4  6 220   M    M   2         M  M
 3  86  55  71   1   0   6    M  0.0    0  3.3 12 240   M    M   2 12     17 250
 4  85  61  73   3   0   8    M  0.0    0  4.0 12 280   M    M   3        18 280
 5  84  67  76   6   0  11    M  0.0    0  4.0 10 260   M    M   3         M  M
 6  75  65  70   0   0   5    M  0.0    0  2.7  8  20   M    M   7         M  M
 7  76  65  71   1   0   6    M  0.0    0  3.0  9  70   M    M  10         M  M
 8  80  65  73   3   0   8    M  0.0    0  0.1  5 100   M    M   9         M  M
 9  84  63  74   4   0   9    M  0.0    0  1.3  6 330   M    M   6 12      M  M
10  78  67  73   3   0   8    M  0.0    0  1.4  6 130   M    M   9 1       M  M
11  80  65  73   3   0   8    M  0.0    0  5.5 10 350   M    M   7 1      18 330
12  78  56  67  -3   0   2    M  0.0    0  3.2 10 320   M    M   3 1      18 320
13  77  53  65  -5   0   0    M  0.0    0  1.5  8 330   M    M   3 12      M  M
14  82  55  69  -1   0   4    M  0.0    0  2.0  6  30   M    M   1         M  M
15  82  58  70   0   0   5    M  0.0    0  1.5  7 260   M    M   1 1       M  M
16  84  60  72   3   0   7    M  0.0    0  1.3  8 320   M    M   2 12      M  M
17  85  60  73   4   0   8    M  0.0    0  0.8  6 190   M    M   2 1       M  M
18  81  67  74   5   0   9    M  0.0    0  2.5  8 230   M    M   9 1       M  M
19  86  68  77   8   0  12    M  0.0    0  1.8  9 250   M    M   6 123     M  M
20  80  64  72   3   0   7    M  0.0    0  2.5  7 230   M    M   6 12      M  M
21  78  54  66  -3   0   1    M  0.0    0  1.4  7 320   M    M   3 12      M  M
22  81  52  67  -2   0   2    M  0.0    0  1.0  6 300   M    M   4 12      M  M
23  83  60  72   3   0   7    M  0.0    0  2.0  6 190   M    M   6 12      M  M
24  82  59  71   3   0   6    M  0.0    0  2.7 12 320   M    M   6 12     16 290
25  75  51  63  -5   2   0    M  0.0    0  2.1 10 330   M    M   3 12      M  M
26  73  49  61  -7   4   0    M  0.0    0  1.6  8 310   M    M   4 12      M  M
27  77  48  63  -5   2   0    M  0.0    0  1.3  7 340   M    M   4 12      M  M
28  81  54  68   0   0   3    M  0.0    0  0.9  8 260   M    M   4 1       M  M
29  82  57  70   2   0   5    M  0.0    0  1.1  8 220   M    M   3 12      M  M
30  79  59  69   2   0   4    M  0.0    0  0.3  5  20   M    M   5 12      M  M
31  82  64  73   6   0   8    M  0.0    0  0.8  9  20   M    M   8 1       M  M
================================================================================
SM 2497 1831         8 165    M      0.0  62.3          M      142
================================================================================
AV 80.5 59.1                               2.0 FASTST   M    M   5    MAX(MPH)
                                 MISC ---->  # 13 270               # 18  280
================================================================================
NOTES:
# LAST OF SEVERAL OCCURRENCES

COLUMN 17 PEAK WIND IN M.P.H.

PRELIMINARY LOCAL CLIMATOLOGICAL DATA (WS FORM: F-6) , PAGE 2

                                          STATION:  LEWISBURG WV
                                          MONTH:    AUGUST
                                          YEAR:     2015
                                          LATITUDE:   37 52 N
                                          LONGITUDE:  80 24 W

[TEMPERATURE DATA]      [PRECIPITATION DATA]       SYMBOLS USED IN COLUMN 16

AVERAGE MONTHLY: 69.8   TOTAL FOR MONTH:      M    1 = FOG OR MIST
DPTR FM NORMAL:   0.7   DPTR FM NORMAL:       M    2 = FOG REDUCING VISIBILITY
HIGHEST:    86 ON 19, 3 GRTST 24HR    M  ON   M        TO 1/4 MILE OR LESS
LOWEST:     48 ON 27                               3 = THUNDER
                        SNOW, ICE PELLETS, HAIL    4 = ICE PELLETS
                        TOTAL MONTH:   0.0 INCH    5 = HAIL
                        GRTST 24HR     0.0         6 = FREEZING RAIN OR DRIZZLE
                        GRTST DEPTH:   0           7 = DUSTSTORM OR SANDSTORM:
                                                       VSBY 1/2 MILE OR LESS
                                                   8 = SMOKE OR HAZE
[NO. OF DAYS WITH]      [WEATHER - DAYS WITH]      9 = BLOWING SNOW
                                                   X = TORNADO
MAX 32 OR BELOW:   0    0.01 INCH OR MORE:   0
MAX 90 OR ABOVE:   0    0.10 INCH OR MORE:   0
MIN 32 OR BELOW:   0    0.50 INCH OR MORE:   0
MIN  0 OR BELOW:   0    1.00 INCH OR MORE:   0

[HDD (BASE 65) ]
TOTAL THIS MO.     8    CLEAR  (SCALE 0-3)  11
DPTR FM NORMAL    -9    PTCLDY (SCALE 4-7)  16
TOTAL FM JUL 1     8    CLOUDY (SCALE 8-10)  4
DPTR FM NORMAL   -20

[CDD (BASE 65) ]
TOTAL THIS MO.   165
DPTR FM NORMAL    21    [PRESSURE DATA]
TOTAL FM JAN 1   702    HIGHEST SLP M ON M
DPTR FM NORMAL   252    LOWEST  SLP M ON M

[REMARKS]
DUE TO HIGHLY SUSPECT PRECIPITATION VALUES FROM THE AUTOMATED RAIN
GAUGE...ALL LIQUID PRECIPITATION DATA WILL BE CODED AS MISSING.

#FINAL-08-15#
