000
CXUS53 KTOP 170800
CF6LWC
PRELIMINARY LOCAL CLIMATOLOGICAL DATA (WS FORM: F-6)

                                          STATION:   Lawrence KS
                                          MONTH:     NOVEMBER
                                          YEAR:      2017
                                          LATITUDE:   39  0 N
                                          LONGITUDE:  95 13 W

  TEMPERATURE IN F:       :PCPN:    SNOW:  WIND      :SUNSHINE: SKY     :PK WND
================================================================================
1   2   3   4   5  6A  6B    7    8   9   10  11  12  13   14  15   16   17  18
                                     12Z  AVG MX 2MIN
DY MAX MIN AVG DEP HDD CDD  WTR  SNW DPTH SPD SPD DIR MIN PSBL S-S WX    SPD DR
================================================================================

 1  51  29  40 -10  25   0 0.00    M    M  8.4 20 140   M    M   5 12     24 140
 2  56  45  51   1  14   0 0.00    M    M  8.8 21 340   M    M   8 1      24 340
 3  51  37  44  -5  21   0 0.00    M    M  6.2 15  50   M    M   6 18     18  70
 4  52  44  48  -1  17   0 0.00    M    M  4.5 12 140   M    M  10 1      13 260
 5  57  35  46  -2  19   0 0.00    M    M 10.3 23 340   M    M   7 18     28 330
 6  48  31  40  -8  25   0 0.00    M    M  8.7 15  20   M    M   2        19  30
 7  47  28  38 -10  27   0 0.00    M    M  8.7 15  10   M    M   4        20  10
 8  53  23  38  -9  27   0 0.00    M    M  2.4  9 290   M    M   0 18      9 280
 9  51  24  38  -9  27   0 0.00    M    M  6.8 15 360   M    M   0 1      20  10
10  42  25  34 -12  31   0 0.00    M    M  9.6 16  90   M    M   5 8      20  80
11  49  35  42  -4  23   0 0.08    M    M  8.1 17 160   M    M   9 18     21 140
12  49  31  40  -5  25   0 0.00    M    M  5.4 14 330   M    M   9 12     18 320
13  52  36  44  -1  21   0 0.00    M    M  6.2 14 140   M    M  10 1      17 150
14  57  50  54  10  11   0 0.01    M    M  8.8 16 140   M    M  10 1      21 140
15  61  35  48   4  17   0    T    M    M  9.6 23 320   M    M   2 1      28 310
16  57  28  43   0  22   0 0.00    M    M  7.3 15 120   M    M   1        18 100
================================================================================
SM  833  536       352   0  0.09    M    119.8          M       88
================================================================================
AV 52.1 33.5                               7.5 FASTST   M    M   6    MAX(MPH)
                                 MISC ---->  # 23 340               # 28  330
================================================================================
NOTES:
# LAST OF SEVERAL OCCURRENCES

COLUMN 17 PEAK WIND IN M.P.H.

PRELIMINARY LOCAL CLIMATOLOGICAL DATA (WS FORM: F-6) , PAGE 2

                                          STATION:  Lawrence KS
                                          MONTH:    NOVEMBER
                                          YEAR:     2017
                                          LATITUDE:   39  0 N
                                          LONGITUDE:  95 13 W

[TEMPERATURE DATA]      [PRECIPITATION DATA]       SYMBOLS USED IN COLUMN 16

AVERAGE MONTHLY: 42.8   TOTAL FOR MONTH:   0.09    1 = FOG OR MIST
DPTR FM NORMAL:  -4.0   DPTR FM NORMAL:   -1.19    2 = FOG REDUCING VISIBILITY
HIGHEST:    61 ON 15    GRTST 24HR  0.08 ON 11-11      TO 1/4 MILE OR LESS
LOWEST:     23 ON  8                               3 = THUNDER
                        SNOW, ICE PELLETS, HAIL    4 = ICE PELLETS
                        TOTAL MONTH:    M          5 = HAIL
                        GRTST 24HR    M  ON   M    6 = FREEZING RAIN OR DRIZZLE
                        GRTST DEPTH:  M  ON   M    7 = DUSTSTORM OR SANDSTORM:
                                                       VSBY 1/2 MILE OR LESS
                                                   8 = SMOKE OR HAZE
[NO. OF DAYS WITH]      [WEATHER - DAYS WITH]      9 = BLOWING SNOW
                                                   X = TORNADO
MAX 32 OR BELOW:   0    0.01 INCH OR MORE:   2
MAX 90 OR ABOVE:   0    0.10 INCH OR MORE:   0
MIN 32 OR BELOW:   8    0.50 INCH OR MORE:   0
MIN  0 OR BELOW:   0    1.00 INCH OR MORE:   0

[HDD (BASE 65) ]
TOTAL THIS MO.   352    CLEAR  (SCALE 0-3)   5
DPTR FM NORMAL    61    PTCLDY (SCALE 4-7)   5
TOTAL FM JUL 1   648    CLOUDY (SCALE 8-10)  6
DPTR FM NORMAL    -7

[CDD (BASE 65) ]
TOTAL THIS MO.     0
DPTR FM NORMAL     0    [PRESSURE DATA]
TOTAL FM JAN 1  1327    HIGHEST SLP M ON M
DPTR FM NORMAL   -43    LOWEST  SLP 29.62 ON  1

[REMARKS]
