000
CXUS56 KOTX 010904
CF6LWS
PRELIMINARY LOCAL CLIMATOLOGICAL DATA (WS FORM: F-6)

                                          STATION:   LEWISTON ID AIRPORT
                                          MONTH:     OCTOBER
                                          YEAR:      2014
                                          LATITUDE:   46 22 N
                                          LONGITUDE: 117  1 W

  TEMPERATURE IN F:       :PCPN:    SNOW:  WIND      :SUNSHINE: SKY     :PK WND
================================================================================
1   2   3   4   5  6A  6B    7    8   9   10  11  12  13   14  15   16   17  18
                                     12Z  AVG MX 2MIN
DY MAX MIN AVG DEP HDD CDD  WTR  SNW DPTH SPD SPD DIR MIN PSBL S-S WX    SPD DR
================================================================================

 1  68  42  55  -3  10   0 0.00  0.0    0  3.4 10  70   M    M   1        13 360
 2  69  41  55  -3  10   0 0.00  0.0    0  3.6 13 310   M    M   0        16 290
 3  70  41  56  -1   9   0 0.00  0.0    0  4.7 12  70   M    M   0        15  70
 4  77  44  61   4   4   0 0.00  0.0    0  2.4  9 140   M    M   1 8      11  90
 5  82  51  67  11   0   2 0.00  0.0    0  3.1  8 180   M    M   1        10 150
 6  85  52  69  13   0   4 0.00  0.0    0  3.6  9 200   M    M   0        14 120
 7  87  56  72  16   0   7 0.00  0.0    0  2.8  9 200   M    M   0        11 190
 8  80  52  66  11   0   1 0.00  0.0    0  3.7 15 310   M    M   0        18 300
 9  77  48  63   8   2   0 0.00  0.0    0  2.9  9 220   M    M   0        11 260
10  76  47  62   8   3   0 0.00  0.0    0  2.0  8 230   M    M   0        11 320
11  71  54  63   9   2   0 0.23  0.0    0  7.2 37 240   M    M   7 13     48 240
12  67  48  58   5   7   0 0.00  0.0    0  4.6 14 260   M    M   1        19 240
13  73  50  62   9   3   0 0.00  0.0    0  8.7 16 100   M    M   1        19 120
14  63  52  58   6   7   0 0.00  0.0    0  3.5  9 150   M    M   2        10 150
15  59  45  52   0  13   0 0.18  0.0    0  4.5 15 340   M    M   5 1      17 330
16  61  39  50  -2  15   0 0.00  0.0    0  3.5  9  70   M    M   2 128    12  50
17  66  42  54   3  11   0 0.00  0.0    0  6.4 14  80   M    M   1        18  70
18  73  51  62  11   3   0 0.00  0.0    0  3.3  7 160   M    M   5 8       8  10
19  77  48  63  13   2   0 0.00  0.0    0  6.4 13  60   M    M   0        16  80
20  75  44  60  10   5   0 0.00  0.0    0  6.6 26 280   M    M   2 8      35 290
21  63  43  53   3  12   0 0.04  0.0    0  3.4  9 290   M    M   6        12 290
22  69  43  56   7   9   0    T  0.0    0  7.8 18 170   M    M   6        22 170
23  64  50  57   8   8   0 0.24  0.0    0  6.4 25 310   M    M   7 1      37 310
24  58  49  54   5  11   0 0.04  0.0    0  4.0  9  70   M    M   8        19 280
25  73  48  61  13   4   0 0.01  0.0    0 12.0 38 210   M    M   1        53 240
26  58  48  53   5  12   0 0.00  0.0    0  8.3 25 240   M    M   6        33 240
27  57  39  48   0  17   0 0.00  0.0    0  3.9 12 210   M    M   3        15 300
28  55  43  49   2  16   0 0.25  0.0    0 10.2 17  90   M    M   9 1      22  90
29  64  45  55   8  10   0    T  0.0    0  3.3  8  90   M    M   4        18 270
30  59  49  54   7  11   0    T  0.0    0  4.4 13  80   M    M   5        19 270
31  64  48  56  10   9   0    T  0.0    0  4.6 17 320   M    M   4 18     21 320
================================================================================
SM 2140 1452       225  14  0.99     0.0 155.2          M       88
================================================================================
AV 69.0 46.8                               5.0 FASTST   M    M   3    MAX(MPH)
                                 MISC ---->  # 38 210               # 53  240
================================================================================
NOTES:
# LAST OF SEVERAL OCCURRENCES

COLUMN 17 PEAK WIND IN M.P.H.

PRELIMINARY LOCAL CLIMATOLOGICAL DATA (WS FORM: F-6) , PAGE 2

                                          STATION:  LEWISTON ID AIRPORT
                                          MONTH:    OCTOBER
                                          YEAR:     2014
                                          LATITUDE:   46 22 N
                                          LONGITUDE: 117  1 W

[TEMPERATURE DATA]      [PRECIPITATION DATA]       SYMBOLS USED IN COLUMN 16

AVERAGE MONTHLY: 57.9   TOTAL FOR MONTH:   0.99    1 = FOG OR MIST
DPTR FM NORMAL:   6.1   DPTR FM NORMAL:    0.03    2 = FOG REDUCING VISIBILITY
HIGHEST:    87 ON  7    GRTST 24HR  0.25 ON 28-28      TO 1/4 MILE OR LESS
LOWEST:     39 ON 27,16                            3 = THUNDER
                        SNOW, ICE PELLETS, HAIL    4 = ICE PELLETS
                        TOTAL MONTH:   0.0 INCH    5 = HAIL
                        GRTST 24HR     0.0         6 = FREEZING RAIN OR DRIZZLE
                        GRTST DEPTH:   0           7 = DUSTSTORM OR SANDSTORM:
                                                       VSBY 1/2 MILE OR LESS
                                                   8 = SMOKE OR HAZE
[NO. OF DAYS WITH]      [WEATHER - DAYS WITH]      9 = BLOWING SNOW
                                                   X = TORNADO
MAX 32 OR BELOW:   0    0.01 INCH OR MORE:   7
MAX 90 OR ABOVE:   0    0.10 INCH OR MORE:   4
MIN 32 OR BELOW:   0    0.50 INCH OR MORE:   0
MIN  0 OR BELOW:   0    1.00 INCH OR MORE:   0

[HDD (BASE 65) ]
TOTAL THIS MO.   225    CLEAR  (SCALE 0-3)  19
DPTR FM NORMAL  -186    PTCLDY (SCALE 4-7)  11
TOTAL FM JUL 1   245    CLOUDY (SCALE 8-10)  1
DPTR FM NORMAL  -280

[CDD (BASE 65) ]
TOTAL THIS MO.    14
DPTR FM NORMAL    11    [PRESSURE DATA]
TOTAL FM JAN 1  1095    HIGHEST SLP M ON M
DPTR FM NORMAL   288    LOWEST  SLP 29.49 ON 25

[REMARKS]
#FINAL-10-14#
