000
CXUS56 KOTX 300900
CF6LWS
PRELIMINARY LOCAL CLIMATOLOGICAL DATA (WS FORM: F-6)

                                          STATION:   LEWISTON ID AIRPORT
                                          MONTH:     JUNE
                                          YEAR:      2015
                                          LATITUDE:   46 22 N
                                          LONGITUDE: 117  1 W

  TEMPERATURE IN F:       :PCPN:    SNOW:  WIND      :SUNSHINE: SKY     :PK WND
================================================================================
1   2   3   4   5  6A  6B    7    8   9   10  11  12  13   14  15   16   17  18
                                     12Z  AVG MX 2MIN
DY MAX MIN AVG DEP HDD CDD  WTR  SNW DPTH SPD SPD DIR MIN PSBL S-S WX    SPD DR
================================================================================

 1  83  59  71   8   0   6 0.83  0.0    0  8.5 39 170   M    M   3 13     46 170
 2  73  55  64   1   1   0 0.39  0.0    0  6.8 23 320   M    M   7 13     28 330
 3  72  55  64   1   1   0 0.00  0.0    0  5.1 12 300   M    M   8        15 300
 4  79  51  65   2   0   0 0.00  0.0    0  3.5 12 350   M    M   1        15 330
 5  85  54  70   7   0   5 0.00  0.0    0  4.8 15 340   M    M   0        18 330
 6  89  58  74  10   0   9 0.00  0.0    0  4.1 14  10   M    M   0        18 350
 7  94  61  78  14   0  13 0.00  0.0    0  3.6  9  60   M    M   0        14  60
 8 100  64  82  18   0  17 0.00  0.0    0  4.6 13 100   M    M   0        15  70
 9  97  65  81  17   0  16 0.00  0.0    0  4.7 16 300   M    M   0        24 320
10  92  61  77  13   0  12 0.00  0.0    0  5.8 16 290   M    M   0        21 330
11  90  59  75  10   0  10 0.00  0.0    0  6.2 20 290   M    M   0        25 290
12  84  61  73   8   0   8 0.00  0.0    0 11.7 31 290   M    M   0        41 300
13  76  53  65   0   0   0 0.00  0.0    0  5.3 15 310   M    M   0        20 310
14  83  50  67   2   0   2    T  0.0    0  4.3 13  60   M    M   0        16  20
15  89  52  71   5   0   6 0.00  0.0    0  4.3 13 340   M    M   0        16  30
16  91  57  74   8   0   9 0.00  0.0    0  4.4 10  50   0    0   0         M  M
17  89  63  76  10   0  11 0.00  0.0    0  4.9 17 320   M    M   0        22 320
18  91  61  76  10   0  11 0.00  0.0    0  4.4 13  70   M    M   0        20  60
19  85  63  74   7   0   9 0.00  0.0    0 10.4 24 320   M    M   1        30 310
20  84  56  70   3   0   5 0.00  0.0    0  3.7 12 310   M    M   0        15 340
21  86  55  71   4   0   6 0.00  0.0    0  4.1 14 290   M    M   0        17 310
22  89  57  73   5   0   8    T  0.0    0  4.5 14 360   M    M   0        19  10
23  88  62  75   7   0  10 0.00  0.0    0  5.3 17 320   M    M   1        22 320
24  90  59  75   7   0  10    T  0.0    0  3.7 20 260   M    M   1        25 280
25  94  62  78  10   0  13 0.00  0.0    0  4.2 12  20   M    M   0        15  70
26 103  64  84  15   0  19 0.00  0.0    0  4.5 10  20   M    M   0        16  80
27 107  68  88  19   0  23 0.00  0.0    0  4.8 14 360   M    M   0        16 360
28 111  78  95  26   0  30    T  0.0    0  6.7 20 320   M    M   0        26 330
29 100  79  90  20   0  25    T  0.0    0  5.9 17 350   M    M   1        23 290
================================================================================
SM 2594 1742         2 293  1.22     0.0 154.8            0     23
================================================================================
AV 89.4 60.1                               5.3 FASTST    0   0   1    MAX(MPH)
                                 MISC ---->  # 39 170               # 46  170
================================================================================
NOTES:
# LAST OF SEVERAL OCCURRENCES

COLUMN 17 PEAK WIND IN M.P.H.

PRELIMINARY LOCAL CLIMATOLOGICAL DATA (WS FORM: F-6) , PAGE 2

                                          STATION:  LEWISTON ID AIRPORT
                                          MONTH:    JUNE
                                          YEAR:     2015
                                          LATITUDE:   46 22 N
                                          LONGITUDE: 117  1 W

[TEMPERATURE DATA]      [PRECIPITATION DATA]       SYMBOLS USED IN COLUMN 16

AVERAGE MONTHLY: 74.8   TOTAL FOR MONTH:   1.22    1 = FOG OR MIST
DPTR FM NORMAL:   8.9   DPTR FM NORMAL:    0.01    2 = FOG REDUCING VISIBILITY
HIGHEST:   111 ON 28    GRTST 24HR  1.18 ON  1- 2      TO 1/4 MILE OR LESS
LOWEST:     50 ON 14                               3 = THUNDER
                        SNOW, ICE PELLETS, HAIL    4 = ICE PELLETS
                        TOTAL MONTH:   0.0 INCH    5 = HAIL
                        GRTST 24HR     0.0         6 = FREEZING RAIN OR DRIZZLE
                        GRTST DEPTH:   0           7 = DUSTSTORM OR SANDSTORM:
                                                       VSBY 1/2 MILE OR LESS
                                                   8 = SMOKE OR HAZE
[NO. OF DAYS WITH]      [WEATHER - DAYS WITH]      9 = BLOWING SNOW
                                                   X = TORNADO
MAX 32 OR BELOW:   0    0.01 INCH OR MORE:   2
MAX 90 OR ABOVE:  13    0.10 INCH OR MORE:   2
MIN 32 OR BELOW:   0    0.50 INCH OR MORE:   1
MIN  0 OR BELOW:   0    1.00 INCH OR MORE:   0

[HDD (BASE 65) ]
TOTAL THIS MO.     2    CLEAR  (SCALE 0-3)  27
DPTR FM NORMAL   -67    PTCLDY (SCALE 4-7)   1
TOTAL FM JUL 1  4208    CLOUDY (SCALE 8-10)  1
DPTR FM NORMAL  -958

[CDD (BASE 65) ]
TOTAL THIS MO.   293
DPTR FM NORMAL   202    [PRESSURE DATA]
TOTAL FM JAN 1   345    HIGHEST SLP  0.00 ON 16
DPTR FM NORMAL   222    LOWEST  SLP  0.00 ON M

[REMARKS]
