000
CXUS56 KOTX 281500
CF6LWS
PRELIMINARY LOCAL CLIMATOLOGICAL DATA (WS FORM: F-6)

                                          STATION:   LEWISTON ID AIRPORT
                                          MONTH:     APRIL
                                          YEAR:      2016
                                          LATITUDE:   46 22 N
                                          LONGITUDE: 117  1 W

  TEMPERATURE IN F:       :PCPN:    SNOW:  WIND      :SUNSHINE: SKY     :PK WND
================================================================================
1   2   3   4   5  6A  6B    7    8   9   10  11  12  13   14  15   16   17  18
                                     12Z  AVG MX 2MIN
DY MAX MIN AVG DEP HDD CDD  WTR  SNW DPTH SPD SPD DIR MIN PSBL S-S WX    SPD DR
================================================================================

 1  73  41  57   8   8   0 0.00  0.0    0  4.3 10  50   M    M   0        15  80
 2  74  44  59  10   6   0 0.00  0.0    0  4.0 17 300   M    M   0        24 300
 3  73  43  58   9   7   0 0.00  0.0    0  3.2 12 320   M    M   0        14 320
 4  60  45  53   4  12   0 0.12  0.0    0 10.1 31 250   M    M   6 3      38 290
 5  61  37  49   0  16   0 0.00  0.0    0  4.1 14 280   M    M   2        18 280
 6  71  38  55   5  10   0 0.00  0.0    0  3.3  8 320   M    M   0        15 330
 7  80  42  61  11   4   0 0.00  0.0    0  5.3 13  70   M    M   0        16  60
 8  81  44  63  13   2   0 0.00  0.0    0  4.8 10  50   M    M   0        13  50
 9  78  48  63  13   2   0 0.00  0.0    0  5.2 17 320   M    M   0        20 310
10  74  45  60  10   5   0 0.00  0.0    0  4.6 13 290   M    M   0        14 290
11  75  45  60  10   5   0 0.00  0.0    0  3.6 13 290   M    M   0        15 290
12  60  51  56   6   9   0 0.15  0.0    0  3.3 10  40   M    M   7 1      14 110
13  61  47  54   3  11   0 0.05    M    0  4.5 15 150   M    M   7        17  80
14  56  45  51   0  14   0 0.34    M    0  6.1 18 290   M    M   8 1      21 290
15  59  42  51   0  14   0 0.00  0.0    0  4.1 14 310   M    M   6        18 310
16  68  37  53   2  12   0 0.00  0.0    0  3.9 10  90   M    M   0        13  70
17  77  41  59   8   6   0 0.00  0.0    0  4.3 12 190   M    M   0        13 210
18  81  45  63  11   2   0 0.00  0.0    0  4.2 12 190   M    M   0        13 120
19  82  45  64  12   1   0 0.00  0.0    0  3.5 12 200   M    M   0        13 200
20  86  47  67  15   0   2 0.00  0.0    0  2.9 10 200   M    M   0        13 200
21  84  51  68  16   0   3 0.00  0.0    0  5.3 15 290   M    M   0        19 280
22  79  54  67  15   0   2 0.01  0.0    0  6.1 23 280   M    M   4        33 280
23  56  49  53   0  12   0 0.16  0.0    0  4.6 10 190   M    M  10        13 190
24  64  45  55   2  10   0    T  0.0    0  4.9 17 290   M    M   7 1      21 290
25  64  46  55   2  10   0 0.00  0.0    0  7.9 18 320   M    M   5        24 280
26  66  48  57   3   8   0 0.00  0.0    0  5.3 12 320   M    M   5        16 320
27  66  48  57   3   8   0 0.00  0.0    0  6.9 17 310   M    M   6        23 310
================================================================================
SM 1909 1213       194   7  0.83     0.0 130.3          M       73
================================================================================
AV 70.7 44.9                               4.8 FASTST   M    M   3    MAX(MPH)
                                 MISC ---->  # 31 250               # 38  290
================================================================================
NOTES:
# LAST OF SEVERAL OCCURRENCES

COLUMN 17 PEAK WIND IN M.P.H.

PRELIMINARY LOCAL CLIMATOLOGICAL DATA (WS FORM: F-6) , PAGE 2

                                          STATION:  LEWISTON ID AIRPORT
                                          MONTH:    APRIL
                                          YEAR:     2016
                                          LATITUDE:   46 22 N
                                          LONGITUDE: 117  1 W

[TEMPERATURE DATA]      [PRECIPITATION DATA]       SYMBOLS USED IN COLUMN 16

AVERAGE MONTHLY: 57.8   TOTAL FOR MONTH:   0.83    1 = FOG OR MIST
DPTR FM NORMAL:   6.8   DPTR FM NORMAL:   -0.35    2 = FOG REDUCING VISIBILITY
HIGHEST:    86 ON 20    GRTST 24HR  0.35 ON 13-14      TO 1/4 MILE OR LESS
LOWEST:     37 ON 16, 5                            3 = THUNDER
                        SNOW, ICE PELLETS, HAIL    4 = ICE PELLETS
                        TOTAL MONTH:   0.0 INCH    5 = HAIL
                        GRTST 24HR     0.0         6 = FREEZING RAIN OR DRIZZLE
                        GRTST DEPTH:   0           7 = DUSTSTORM OR SANDSTORM:
                                                       VSBY 1/2 MILE OR LESS
                                                   8 = SMOKE OR HAZE
[NO. OF DAYS WITH]      [WEATHER - DAYS WITH]      9 = BLOWING SNOW
                                                   X = TORNADO
MAX 32 OR BELOW:   0    0.01 INCH OR MORE:   6
MAX 90 OR ABOVE:   0    0.10 INCH OR MORE:   4
MIN 32 OR BELOW:   0    0.50 INCH OR MORE:   0
MIN  0 OR BELOW:   0    1.00 INCH OR MORE:   0

[HDD (BASE 65) ]
TOTAL THIS MO.   194    CLEAR  (SCALE 0-3)  16
DPTR FM NORMAL  -186    PTCLDY (SCALE 4-7)  10
TOTAL FM JUL 1  4012    CLOUDY (SCALE 8-10)  1
DPTR FM NORMAL  -835

[CDD (BASE 65) ]
TOTAL THIS MO.     7
DPTR FM NORMAL     7    [PRESSURE DATA]
TOTAL FM JAN 1     7    HIGHEST SLP M ON M
DPTR FM NORMAL     7    LOWEST  SLP  0.00 ON M

[REMARKS]
