000
CXUS56 KTFX 241205
CF6LWT
PRELIMINARY LOCAL CLIMATOLOGICAL DATA (WS FORM: F-6)

                                          STATION:   LEWISTOWN MT
                                          MONTH:     OCTOBER
                                          YEAR:      2014
                                          LATITUDE:   47  2 N
                                          LONGITUDE: 109 28 W

  TEMPERATURE IN F:       :PCPN:    SNOW:  WIND      :SUNSHINE: SKY     :PK WND
================================================================================
1   2   3   4   5  6A  6B    7    8   9   10  11  12  13   14  15   16   17  18
                                     12Z  AVG MX 2MIN
DY MAX MIN AVG DEP HDD CDD  WTR  SNW DPTH SPD SPD DIR MIN PSBL S-S WX    SPD DR
================================================================================

 1  56  39  48  -1  17   0 0.01    M    0 11.5 21 300   M    M   6        26 300
 2  45  27  36 -12  29   0 0.03    M    0 12.5 23 310   M    M   7 1      33 310
 3  55  22  39  -9  26   0 0.00    M    0  6.9 16 270   M    M   0        22 280
 4  68  39  54   6  11   0 0.00    M    0  9.4 23 320   M    M   4        33 320
 5  66  42  54   6  11   0 0.00    M    0  8.6 21 320   M    M   4        28 300
 6  74  43  59  12   6   0 0.02    M    0 11.1 30 290   M    M   3        38 290
 7  67  48  58  11   7   0 0.02    M    0  6.2 15 120   M    M   6        18 120
 8  72  44  58  12   7   0 0.00    M    0  6.9 14  10   M    M   0        18  10
 9  60  45  53   7  12   0 0.00    M    0 11.6 21  90   M    M   3        26  90
10  68  38  53   7  12   0 0.00    M    0  4.7 14 220   M    M   1        14 220
11  69  45  57  12   8   0 0.33    M    0 11.5 32 270   M    M   4 1      39 290
12  55  38  47   2  18   0 0.13    M    0  9.8 23 300   M    M   8 1      33 290
13  62  35  49   4  16   0 0.00    M    0  7.8 17 230   M    M   0        21 230
14  70  43  57  13   8   0 0.00    M    0  8.2 23 210   M    M   0        28 220
15  75  42  59  15   6   0 0.04    M    0 11.3 40 270   M    M   2        52 270
16  58  40  49   5  16   0 0.00    M    0  9.8 23 300   M    M   5        30 290
17  64  32  48   5  17   0 0.00    M    0  5.8 13 130   M    M   0        17 240
18  70  37  54  11  11   0 0.00    M    0  9.0 23 300   M    M   0        30 300
19  73  37  55  12  10   0 0.00    M    0  7.7 18 230   M    M   0        22 220
20  78  41  60  18   5   0 0.00    M    0  8.0 18 210   M    M   0        24 220
21  70  42  56  14   9   0 0.18    M    0 10.4 47 270   M    M   5        58 270
22  60  37  49   7  16   0 0.00    M    0 13.4 24 250   M    M   2        32 250
23  66  51  59  18   6   0 0.00    M    0 16.1 29 260   M    M   2        35 250
================================================================================
SM 1501  907       284   0  0.76    M    218.2          M       62
================================================================================
AV 65.3 39.4                               9.5 FASTST   M    M   3    MAX(MPH)
                                 MISC ---->  # 47 270               # 58  270
================================================================================
NOTES:
# LAST OF SEVERAL OCCURRENCES

COLUMN 17 PEAK WIND IN M.P.H.

PRELIMINARY LOCAL CLIMATOLOGICAL DATA (WS FORM: F-6) , PAGE 2

                                          STATION:  LEWISTOWN MT
                                          MONTH:    OCTOBER
                                          YEAR:     2014
                                          LATITUDE:   47  2 N
                                          LONGITUDE: 109 28 W

[TEMPERATURE DATA]      [PRECIPITATION DATA]       SYMBOLS USED IN COLUMN 16

AVERAGE MONTHLY: 52.3   TOTAL FOR MONTH:   0.76    1 = FOG OR MIST
DPTR FM NORMAL:   7.3   DPTR FM NORMAL:   -0.14    2 = FOG REDUCING VISIBILITY
HIGHEST:    78 ON 20    GRTST 24HR  0.46 ON 11-12      TO 1/4 MILE OR LESS
LOWEST:     22 ON  3                               3 = THUNDER
                        SNOW, ICE PELLETS, HAIL    4 = ICE PELLETS
                        TOTAL MONTH:    M          5 = HAIL
                        GRTST 24HR    M  ON   M    6 = FREEZING RAIN OR DRIZZLE
                        GRTST DEPTH:   0           7 = DUSTSTORM OR SANDSTORM:
                                                       VSBY 1/2 MILE OR LESS
                                                   8 = SMOKE OR HAZE
[NO. OF DAYS WITH]      [WEATHER - DAYS WITH]      9 = BLOWING SNOW
                                                   X = TORNADO
MAX 32 OR BELOW:   0    0.01 INCH OR MORE:   8
MAX 90 OR ABOVE:   0    0.10 INCH OR MORE:   3
MIN 32 OR BELOW:   3    0.50 INCH OR MORE:   0
MIN  0 OR BELOW:   0    1.00 INCH OR MORE:   0

[HDD (BASE 65) ]
TOTAL THIS MO.   284    CLEAR  (SCALE 0-3)  13
DPTR FM NORMAL  -175    PTCLDY (SCALE 4-7)   9
TOTAL FM JUL 1   639    CLOUDY (SCALE 8-10)  1
DPTR FM NORMAL  -297

[CDD (BASE 65) ]
TOTAL THIS MO.     0
DPTR FM NORMAL     0    [PRESSURE DATA]
TOTAL FM JAN 1   295    HIGHEST SLP M ON M
DPTR FM NORMAL    85    LOWEST  SLP 29.52 ON 15

[REMARKS]
