000
CXUS55 KEAX 230736
CF6LXT
PRELIMINARY LOCAL CLIMATOLOGICAL DATA (WS FORM: F-6)

                                          STATION:   Lee`s Summit MO
                                          MONTH:     APRIL
                                          YEAR:      2017
                                          LATITUDE:   38 57 N
                                          LONGITUDE:  94 22 W

  TEMPERATURE IN F:       :PCPN:    SNOW:  WIND      :SUNSHINE: SKY     :PK WND
================================================================================
1   2   3   4   5  6A  6B    7    8   9   10  11  12  13   14  15   16   17  18
                                     12Z  AVG MX 2MIN
DY MAX MIN AVG DEP HDD CDD  WTR  SNW DPTH SPD SPD DIR MIN PSBL S-S WX    SPD DR
================================================================================

 1  52  41  47  -2  18   0 0.00    M    M  9.2 15  80   M    M   7 1      20  60
 2  66  49  58   8   7   0 0.20    M    M  8.2 15 140   M    M  10 1      19 140
 3  62  50  56   6   9   0 0.35    M    M  8.1 23 290   M    M   8 1      27 300
 4  53  47  50   0  15   0 1.02    M    M  9.9 24  50   M    M   9 13     32  60
 5  54  42  48  -3  17   0 0.29    M    M 19.5 36 350   M    M   9 1      46  10
 6  58  42  50  -1  15   0 0.00    M    M 11.0 24 350   M    M   4        40 360
 7  64  36  50  -1  15   0 0.00    M    M  7.3 16 160   M    M   0        24  40
 8  78  53  66  14   0   1 0.00    M    M 19.5 29 190   M    M   0        38 210
 9  77  64  71  19   0   6    T    M    M 21.3 33 200   M    M   2        45 200
10  72  44  58   6   7   0 0.00    M    M 16.3 25 220   M    M   2        34 200
11  66  37  52  -1  13   0 0.00    M    M  6.3 16 320   M    M   1 8      22 230
12  78  49  64  11   1   0 0.00    M    M 11.5 22 190   M    M   2        27 170
13  79  61  70  17   0   5 0.00    M    M  9.6 17 190   M    M   1 8      22 200
14  80  60  70  16   0   5 0.06    M    M 14.2 32 190   M    M   3 1      40 180
15  81  62  72  18   0   7 0.04    M    M 18.4 32 200   M    M   2 3      40 190
16  70  57  64  10   1   0 0.58    M    M  7.5 18 220   M    M   8 13     23 220
17  71  52  62   7   3   0 0.07    M    M  8.2 17 120   M    M   2        24 140
18  77  54  66  11   0   1 0.00    M    M 11.1 21 190   M    M   3        25 200
19  80  61  71  15   0   6 0.00    M    M 15.6 32 200   M    M   2        44 200
20  71  53  62   6   3   0 0.07    M    M 10.6 25 200   M    M   2 1      33 210
21  56  47  52  -4  13   0 0.00    M    M 12.8 25  60   M    M   4        34  50
22  66  48  57   1   8   0    T    M    M 14.0 28  30   M    M   3        36  20
================================================================================
SM 1511 1109       145  31  2.68    M    270.1          M       84
================================================================================
AV 68.7 50.4                              12.3 FASTST   M    M   4    MAX(MPH)
                                 MISC ---->  # 36 350               # 46   10
================================================================================
NOTES:
# LAST OF SEVERAL OCCURRENCES

COLUMN 17 PEAK WIND IN M.P.H.

PRELIMINARY LOCAL CLIMATOLOGICAL DATA (WS FORM: F-6) , PAGE 2

                                          STATION:  Lee`s Summit MO
                                          MONTH:    APRIL
                                          YEAR:     2017
                                          LATITUDE:   38 57 N
                                          LONGITUDE:  94 22 W

[TEMPERATURE DATA]      [PRECIPITATION DATA]       SYMBOLS USED IN COLUMN 16

AVERAGE MONTHLY: 59.6   TOTAL FOR MONTH:   2.68    1 = FOG OR MIST
DPTR FM NORMAL:   6.7   DPTR FM NORMAL:    0.20    2 = FOG REDUCING VISIBILITY
HIGHEST:    81 ON 15    GRTST 24HR  1.31 ON  4- 5      TO 1/4 MILE OR LESS
LOWEST:     36 ON  7                               3 = THUNDER
                        SNOW, ICE PELLETS, HAIL    4 = ICE PELLETS
                        TOTAL MONTH:    M          5 = HAIL
                        GRTST 24HR    M  ON   M    6 = FREEZING RAIN OR DRIZZLE
                        GRTST DEPTH:  M  ON   M    7 = DUSTSTORM OR SANDSTORM:
                                                       VSBY 1/2 MILE OR LESS
                                                   8 = SMOKE OR HAZE
[NO. OF DAYS WITH]      [WEATHER - DAYS WITH]      9 = BLOWING SNOW
                                                   X = TORNADO
MAX 32 OR BELOW:   0    0.01 INCH OR MORE:   9
MAX 90 OR ABOVE:   0    0.10 INCH OR MORE:   5
MIN 32 OR BELOW:   0    0.50 INCH OR MORE:   2
MIN  0 OR BELOW:   0    1.00 INCH OR MORE:   1

[HDD (BASE 65) ]
TOTAL THIS MO.   145    CLEAR  (SCALE 0-3)  12
DPTR FM NORMAL  -129    PTCLDY (SCALE 4-7)   7
TOTAL FM JUL 1  3639    CLOUDY (SCALE 8-10)  3
DPTR FM NORMAL -1246

[CDD (BASE 65) ]
TOTAL THIS MO.    31
DPTR FM NORMAL    31    [PRESSURE DATA]
TOTAL FM JAN 1    42    HIGHEST SLP  0.00 ON M
DPTR FM NORMAL    42    LOWEST  SLP  0.00 ON M

[REMARKS]
