000
CXUS51 KRNK 290831
CF6LYH

PRELIMINARY LOCAL CLIMATOLOGICAL DATA (WS FORM: F-6)

                                          STATION:   LYNCHBURG VA
                                          MONTH:     MAY
                                          YEAR:      2017
                                          LATITUDE:   37 19 N
                                          LONGITUDE:  79 12 W

  TEMPERATURE IN F:       :PCPN:    SNOW:  WIND      :SUNSHINE: SKY     :PK WND
================================================================================
1   2   3   4   5  6A  6B    7    8   9   10  11  12  13   14  15   16   17  18
                                     12Z  AVG MX 2MIN
DY MAX MIN AVG DEP HDD CDD  WTR  SNW DPTH SPD SPD DIR MIN PSBL S-S WX    SPD DR
================================================================================

 1  75  65  70  11   0   5 0.40  0.0    0 12.9 22 180   M    M   8 13     28 190
 2  76  52  64   4   1   0 0.00  0.0    0  7.6 18 280   M    M   0        32 270
 3  74  48  61   1   4   0 0.00  0.0    0  6.4 14  50   M    M   0        22 260
 4  67  48  58  -2   7   0 0.61  0.0    0  7.5 17  50   M    M   5 1      23 140
 5  75  54  65   5   0   0 1.32  0.0    0 12.2 26 220   M    M   7 1      36 230
 6  59  47  53  -8  12   0    T  0.0    0  8.1 17 300   M    M   7        30 290
 7  65  44  55  -6  10   0 0.00  0.0    0  4.9 16 250   M    M   4        25 270
 8  66  38  52  -9  13   0 0.00  0.0    0  4.1 14 300   M    M   1        23 270
 9  63  36  50 -11  15   0 0.01  0.0    0  3.1 13 220   M    M   5        16 260
10  79  51  65   3   0   0    T  0.0    0  2.8 14 170   M    M   5 13     19  40
11  79  53  66   4   0   1 0.16  0.0    0  5.7 21  40   M    M   7 13     26  30
12  53  49  51 -11  14   0 1.02  0.0    0  6.9 14  40   M    M   9 1      20  40
13  73  48  61  -1   4   0 0.11  0.0    0  4.3 13  40   M    M   7 1      17  70
14  82  46  64   2   1   0 0.00  0.0    0 10.6 16 270   M    M   1 1      20 290
15  82  51  67   4   0   2 0.00  0.0    0  4.9 13 280   M    M   1        20 280
16  82  46  64   1   1   0 0.00  0.0    0  3.3 13 190   M    M   0        16 180
17  89  57  73  10   0   8 0.00  0.0    0  6.3 18 190   M    M   0        24 190
18  87  62  75  11   0  10 0.00  0.0    0  7.1 18 210   M    M   0        22 200
19  87  64  76  12   0  11    T  0.0    0  5.7 17 220   M    M   1 3      29 270
20  86  64  75  11   0  10 1.13  0.0    0  5.7 22  30   M    M   5 13     29  40
21  64  59  62  -2   3   0 0.09  0.0    0  5.6 13  80   M    M  10        15  40
22  79  58  69   4   0   4 0.78  0.0    0  4.1 10 270   M    M   6 1      17 270
23  65  57  61  -4   4   0 0.87  0.0    0  7.8 16  40   M    M   9 1      22  20
24  63  56  60  -5   5   0 0.61  0.0    0  7.9 15 120   M    M  10 1      19  90
25  73  58  66   0   0   1 0.41  0.0    0  6.5 17 270   M    M   7 1      28 270
26  78  57  68   2   0   3 0.00  0.0    0  5.7 16 260   M    M   2        27 280
27  86  54  70   4   0   5    T  0.0    0  4.1 16  30   M    M   1        21  40
28  73  62  68   2   0   3 0.36  0.0    0  4.0 14  10   M    M   8 12     18  20
================================================================================
SM 2080 1484        94  63  7.88     0.0 175.8          M      126
================================================================================
AV 74.3 53.0                               6.3 FASTST   M    M   5    MAX(MPH)
                                 MISC ---->  # 26 220               # 36  230
================================================================================
NOTES:
# LAST OF SEVERAL OCCURRENCES

COLUMN 17 PEAK WIND IN M.P.H.

PRELIMINARY LOCAL CLIMATOLOGICAL DATA (WS FORM: F-6) , PAGE 2

                                          STATION:  LYNCHBURG VA
                                          MONTH:    MAY
                                          YEAR:     2017
                                          LATITUDE:   37 19 N
                                          LONGITUDE:  79 12 W

[TEMPERATURE DATA]      [PRECIPITATION DATA]       SYMBOLS USED IN COLUMN 16

AVERAGE MONTHLY: 63.6   TOTAL FOR MONTH:   7.88    1 = FOG OR MIST
DPTR FM NORMAL:   0.9   DPTR FM NORMAL:    4.54    2 = FOG REDUCING VISIBILITY
HIGHEST:    89 ON 17    GRTST 24HR  1.32 ON  5- 5      TO 1/4 MILE OR LESS
LOWEST:     36 ON  9                               3 = THUNDER
                        SNOW, ICE PELLETS, HAIL    4 = ICE PELLETS
                        TOTAL MONTH:   0.0 INCH    5 = HAIL
                        GRTST 24HR     0.0         6 = FREEZING RAIN OR DRIZZLE
                        GRTST DEPTH:   0           7 = DUSTSTORM OR SANDSTORM:
                                                       VSBY 1/2 MILE OR LESS
                                                   8 = SMOKE OR HAZE
[NO. OF DAYS WITH]      [WEATHER - DAYS WITH]      9 = BLOWING SNOW
                                                   X = TORNADO
MAX 32 OR BELOW:   0    0.01 INCH OR MORE:  14
MAX 90 OR ABOVE:   0    0.10 INCH OR MORE:  12
MIN 32 OR BELOW:   0    0.50 INCH OR MORE:   7
MIN  0 OR BELOW:   0    1.00 INCH OR MORE:   3

[HDD (BASE 65) ]
TOTAL THIS MO.    94    CLEAR  (SCALE 0-3)  11
DPTR FM NORMAL   -22    PTCLDY (SCALE 4-7)  11
TOTAL FM JUL 1  3502    CLOUDY (SCALE 8-10)  6
DPTR FM NORMAL  -937

[CDD (BASE 65) ]
TOTAL THIS MO.    63
DPTR FM NORMAL    11    [PRESSURE DATA]
TOTAL FM JAN 1   116    HIGHEST SLP M ON M
DPTR FM NORMAL    46    LOWEST  SLP 29.38 ON M


[REMARKS] DUE TO A POWER OUTAGE CAUSING A MISSING LOW TEMPERATURE ON
FEBRUARY 23...THE SEASONAL HEATING DEGREE DAY TOTAL AND DEPARTURE
FROM NORMAL WILL BE CALCULATED WITHOUT DATA FROM THIS DATE.
