000
CXUS54 KLZK 271430
CF6M19
PRELIMINARY LOCAL CLIMATOLOGICAL DATA (WS FORM: F-6)

                                          STATION:   Newport Airport
                                          MONTH:     DECEMBER
                                          YEAR:      2014
                                          LATITUDE:   35 35 N
                                          LONGITUDE:  91 16 W

  TEMPERATURE IN F:       :PCPN:    SNOW:  WIND      :SUNSHINE: SKY     :PK WND
================================================================================
1   2   3   4   5  6A  6B    7    8   9   10  11  12  13   14  15   16   17  18
                                     12Z  AVG MX 2MIN
DY MAX MIN AVG DEP HDD CDD  WTR  SNW DPTH SPD SPD DIR MIN PSBL S-S WX    SPD DR
================================================================================

 1  63  31  47   3  18   0    T    M    0 15.3 24  10   M    M  10 1      25  20
 2  40  30  35  -9  30   0 0.00  0.0    0  7.0 14 200   M    M  10 1       M  M
 3  45  40  43   0  22   0 0.02    M    0  7.0 12  90   M    M  10 1       M  M
 4  48  40  44   1  21   0    T    M    0  4.4  8  30   M    M  10 12      M  M
 5  64  47  56  13   9   0 1.26    M    0  6.4 13 200   M    M  10 123     M  M
 6  61  40  51   9  14   0    T    M    0 13.4 21  40   M    M  10 1      23  10
 7  44  39  42   0  23   0 0.00  0.0    0 10.8 18  30   M    M   7 1      17  20
 8  57  37  47   5  18   0 0.00  0.0    0  4.5 12 290   M    M   3 18     21 290
 9  46  32  39  -2  26   0 0.00  0.0    0  9.4 18  10   M    M   2        25 340
10  41  34  38  -3  27   0 0.00  0.0    0  4.1 14  50   M    M  10         M  M
11  42  35  39  -2  26   0    T    M    0  3.1  8  90   M    M   8 1       M  M
12  54  33  44   4  21   0    T    M    0  2.1  6  80   M    M   7 18      M  M
13  56  45  51  11  14   0 0.00  0.0    0  5.7 13 110   M    M   7         M  M
14  65  41  53  13  12   0 0.00  0.0    0  8.3 17 120   M    M   2 1      17 140
15  68  49  59  19   6   0 0.36    M    0 14.9 22 270   M    M   7 1      31 270
16  50  30  40   1  25   0 0.00  0.0    0 12.1 20 310   M    M   4        18 270
17  39  28  34  -5  31   0 0.20    M    0  6.0 10  40   M    M   3 18      M  M
18  42  36  39   0  26   0 0.13    M    0  5.3 10  50   M    M  10 128     M  M
19  42  38  40   1  25   0    T    M    0  8.7 14  30   M    M   9 1      18  20
20  44  38  41   2  24   0 0.00  0.0    0  3.4  8  40   M    M  10 1       M  M
21  51  37  44   6  21   0    T    M    0  5.9 15  90   M    M   8 1       M  M
22  55  42  49  11  16   0 0.01    M    0  9.7 20 170   M    M  10 12      M  M
23  51  45  48  10  17   0 0.06    M    0  5.6 13 300   M    M   8 1       M  M
24  46  40  43   5  22   0 0.04    M    0 11.0 16 310   M    M   9         M  M
25  55  31  43   5  22   0 0.00  0.0    0 12.0 18 170   M    M   0        25 190
26  55  38  47   9  18   0 0.08    M    0  9.7 14 140   M    M   7 1       M  M
================================================================================
SM 1324  976       534   0  2.16     0.0 205.8          M      191
================================================================================
AV 50.9 37.5                               7.9 FASTST   M    M   7    MAX(MPH)
                                 MISC ---->    24   M                 31    M
================================================================================
NOTES:
# LAST OF SEVERAL OCCURRENCES

COLUMN 17 PEAK WIND IN M.P.H.

PRELIMINARY LOCAL CLIMATOLOGICAL DATA (WS FORM: F-6) , PAGE 2

                                          STATION:  Newport Airport
                                          MONTH:    DECEMBER
                                          YEAR:     2014
                                          LATITUDE:   35 35 N
                                          LONGITUDE:  91 16 W

[TEMPERATURE DATA]      [PRECIPITATION DATA]       SYMBOLS USED IN COLUMN 16

AVERAGE MONTHLY: 44.2   TOTAL FOR MONTH:   2.16    1 = FOG OR MIST
DPTR FM NORMAL:   3.9   DPTR FM NORMAL:   -2.33    2 = FOG REDUCING VISIBILITY
HIGHEST:    68 ON 15    GRTST 24HR  1.26 ON  5- 5      TO 1/4 MILE OR LESS
LOWEST:     28 ON 17                               3 = THUNDER
                        SNOW, ICE PELLETS, HAIL    4 = ICE PELLETS
                        TOTAL MONTH:   0.0 INCH    5 = HAIL
                        GRTST 24HR     0.0         6 = FREEZING RAIN OR DRIZZLE
                        GRTST DEPTH:   0           7 = DUSTSTORM OR SANDSTORM:
                                                       VSBY 1/2 MILE OR LESS
                                                   8 = SMOKE OR HAZE
[NO. OF DAYS WITH]      [WEATHER - DAYS WITH]      9 = BLOWING SNOW
                                                   X = TORNADO
MAX 32 OR BELOW:   0    0.01 INCH OR MORE:   9
MAX 90 OR ABOVE:   0    0.10 INCH OR MORE:   4
MIN 32 OR BELOW:   6    0.50 INCH OR MORE:   1
MIN  0 OR BELOW:   0    1.00 INCH OR MORE:   1

[HDD (BASE 65) ]
TOTAL THIS MO.   534    CLEAR  (SCALE 0-3)   5
DPTR FM NORMAL  -107    PTCLDY (SCALE 4-7)   8
TOTAL FM JUL 1  1253    CLOUDY (SCALE 8-10) 13
DPTR FM NORMAL   -31

[CDD (BASE 65) ]
TOTAL THIS MO.     0
DPTR FM NORMAL     0    [PRESSURE DATA]
TOTAL FM JAN 1  1871    HIGHEST SLP M ON M
DPTR FM NORMAL   -10    LOWEST  SLP M ON M

[REMARKS]
