000
CXUS56 KHNX 011146
CF6MAE
PRELIMINARY LOCAL CLIMATOLOGICAL DATA (WS FORM: F-6)

                                          STATION:   MADERA CA AIRPORT
                                          MONTH:     MAY
                                          YEAR:      2015
                                          LATITUDE:   36 58 N
                                          LONGITUDE: 120  7 W

  TEMPERATURE IN F:       :PCPN:    SNOW:  WIND      :SUNSHINE: SKY     :PK WND
================================================================================
1   2   3   4   5  6A  6B    7    8   9   10  11  12  13   14  15   16   17  18
                                     12Z  AVG MX 2MIN
DY MAX MIN AVG DEP HDD CDD  WTR  SNW DPTH SPD SPD DIR MIN PSBL S-S WX    SPD DR
================================================================================

 1  94  57  76  12   0  11 0.00  0.0    0  7.3 16 130   M    M   0        20 150
 2  91  56  74  10   0   9 0.00  0.0    0  4.2 12 270   M    M   0        16 170
 3  87  50  69   5   0   4 0.00  0.0    0  6.1 15 300   M    M   0        19 130
 4  83  53  68   3   0   3 0.00  0.0    0  9.7 15 300   M    M   0        20 290
 5  81  49  65   0   0   0 0.00  0.0    0  7.5 18 290   M    M   0        26 290
 6  76  50  63  -2   2   0 0.00  0.0    0  8.8 16 300   M    M   0        20 300
 7  66  50  58  -7   7   0 0.30  0.0    0  5.6 17 310   M    M   6 3      22 270
 8  70  49  60  -6   5   0 0.01  0.0    0  6.5 15  80   M    M   3        17  80
 9  77  54  66   0   0   1 0.00  0.0    0  5.4 13 290   M    M   3        19 280
10  86  51  69   3   0   4 0.00  0.0    0  5.4 13 330   M    M   0        16 320
11  84  55  70   4   0   5 0.00  0.0    0 10.2 18 290   M    M   0        24 300
12  76  50  63  -3   2   0 0.00  0.0    0 10.0 18 310   M    M   0 8      24 310
13  74  46  60  -7   5   0 0.00  0.0    0  7.6 14 310   M    M   0        20 300
14  70  53  62  -5   3   0 0.14  0.0    0  7.0 22 270   M    M   7 13     29 260
15  74  55  65  -2   0   0 0.00  0.0    0  8.0 16 280   M    M   4 1      21 260
16  78  49  64  -3   1   0 0.00  0.0    0  6.7 13 280   M    M   0        17 260
17  78  53  66  -2   0   1 0.00  0.0    0  9.2 18 320   M    M   1        23 330
18  77  56  67  -1   0   2 0.00  0.0    0 10.0 17 290   M    M   2        23 290
19  79  50  65  -3   0   0 0.00  0.0    0  8.4 15 330   M    M   0        21 320
20  82  50  66  -2   0   1 0.00  0.0    0  9.4 17 300   M    M   1        24 300
21  72  54  63  -5   2   0 0.00  0.0    0  7.6 16 300   M    M   5 8      24 150
22  75  54  65  -4   0   0 0.00  0.0    0  7.7 15 330   M    M   7 8      20 300
23  78  54  66  -3   0   1 0.00  0.0    0  8.1 18 290   M    M   4        25 290
24  83  53  68  -1   0   3 0.00  0.0    0  5.2 12 300   M    M   0        24 330
25  88  54  71   2   0   6 0.00  0.0    0  7.7 16 290   M    M   0        21 290
26  86  54  70   1   0   5 0.00  0.0    0  9.0 13 320   M    M   0         M  M
27  88  53  71   1   0   6 0.00  0.0    0  8.9 17 330   M    M   0        22 300
28  89  54  72   2   0   7 0.00  0.0    0  7.7 12 340   M    M   0        17 280
29  94  55  75   5   0  10 0.00  0.0    0  6.4 10 310   M    M   0        14 300
30  97  58  78   8   0  13 0.00  0.0    0  6.8 12 300   M    M   0        16 310
31  95  57  76   6   0  11 0.00  0.0    0  8.7 22 310   M    M   0        27 310
================================================================================
SM 2528 1636        27 103  0.45     0.0 236.8          M       43
================================================================================
AV 81.5 52.8                               7.6 FASTST   M    M   1    MAX(MPH)
                                 MISC ---->  # 22 270               # 29  260
================================================================================
NOTES:
# LAST OF SEVERAL OCCURRENCES

COLUMN 17 PEAK WIND IN M.P.H.

PRELIMINARY LOCAL CLIMATOLOGICAL DATA (WS FORM: F-6) , PAGE 2

                                          STATION:  MADERA CA AIRPORT
                                          MONTH:    MAY
                                          YEAR:     2015
                                          LATITUDE:   36 58 N
                                          LONGITUDE: 120  7 W

[TEMPERATURE DATA]      [PRECIPITATION DATA]       SYMBOLS USED IN COLUMN 16

AVERAGE MONTHLY: 67.2   TOTAL FOR MONTH:   0.45    1 = FOG OR MIST
DPTR FM NORMAL:  -0.1   DPTR FM NORMAL:   -0.03    2 = FOG REDUCING VISIBILITY
HIGHEST:    97 ON 30    GRTST 24HR  0.31 ON  7- 8      TO 1/4 MILE OR LESS
LOWEST:     46 ON 13                               3 = THUNDER
                        SNOW, ICE PELLETS, HAIL    4 = ICE PELLETS
                        TOTAL MONTH:   0.0 INCH    5 = HAIL
                        GRTST 24HR     0.0         6 = FREEZING RAIN OR DRIZZLE
                        GRTST DEPTH:   0           7 = DUSTSTORM OR SANDSTORM:
                                                       VSBY 1/2 MILE OR LESS
                                                   8 = SMOKE OR HAZE
[NO. OF DAYS WITH]      [WEATHER - DAYS WITH]      9 = BLOWING SNOW
                                                   X = TORNADO
MAX 32 OR BELOW:   0    0.01 INCH OR MORE:   3
MAX 90 OR ABOVE:   5    0.10 INCH OR MORE:   2
MIN 32 OR BELOW:   0    0.50 INCH OR MORE:   0
MIN  0 OR BELOW:   0    1.00 INCH OR MORE:   0

[HDD (BASE 65) ]
TOTAL THIS MO.    27    CLEAR  (SCALE 0-3)  24
DPTR FM NORMAL   -21    PTCLDY (SCALE 4-7)   7
TOTAL FM JUL 1  1726    CLOUDY (SCALE 8-10)  0
DPTR FM NORMAL  -926

[CDD (BASE 65) ]
TOTAL THIS MO.   103
DPTR FM NORMAL   -16    [PRESSURE DATA]
TOTAL FM JAN 1   181    HIGHEST SLP 30.08 ON 23
DPTR FM NORMAL    37    LOWEST  SLP 29.71 ON  7

[REMARKS]
#FINAL-05-15#
