000
CXUS56 KHNX 191146
CF6MAE
PRELIMINARY LOCAL CLIMATOLOGICAL DATA (WS FORM: F-6)

                                          STATION:   MADERA CA AIRPORT
                                          MONTH:     AUGUST
                                          YEAR:      2017
                                          LATITUDE:   36 58 N
                                          LONGITUDE: 120  7 W

  TEMPERATURE IN F:       :PCPN:    SNOW:  WIND      :SUNSHINE: SKY     :PK WND
================================================================================
1   2   3   4   5  6A  6B    7    8   9   10  11  12  13   14  15   16   17  18
                                     12Z  AVG MX 2MIN
DY MAX MIN AVG DEP HDD CDD  WTR  SNW DPTH SPD SPD DIR MIN PSBL S-S WX    SPD DR
================================================================================

 1 103  67  85   7   0  20 0.00  0.0    0  4.7  9 340   M    M   0         M  M
 2 107  75  91  13   0  26 0.00  0.0    0  5.0 10 290   M    M   0         M  M
 3 104  77  91  13   0  26    T  0.0    0  6.3 10 280   M    M   0 38      M  M
 4  93  76  85   7   0  20    T  0.0    0  6.1 10 300   M    M   0 8       M  M
 5 100  72  86   8   0  21 0.00  0.0    0  7.0 14 330   M    M   0         M  M
 6  97  66  82   4   0  17 0.00  0.0    0  7.2 12 310   M    M   0         M  M
 7  96  64  80   2   0  15 0.00  0.0    0  7.9 10 270   M    M   0         M  M
 8  99  62  81   3   0  16 0.00  0.0    0  7.1 10 310   M    M   0 1       M  M
 9  98  63  81   3   0  16 0.00  0.0    0  6.6  9 300   M    M   0 8       M  M
10  98  64  81   3   0  16 0.00  0.0    0  7.3  9 290   M    M   0         M  M
11  99  62  81   3   0  16 0.00  0.0    0  7.1 12 300   M    M   0 18      M  M
12 100  64  82   5   0  17 0.00  0.0    0  6.9 13 300   M    M   0         M  M
13  99  60  80   3   0  15 0.00  0.0    0  6.3 13 290   M    M   0 8       M  M
14  91  63  77   0   0  12 0.00  0.0    0  9.6 14 300   M    M   0         M  M
15  87  58  73  -4   0   8 0.00  0.0    0  7.7 12 300   M    M   0         M  M
16  90  59  75  -2   0  10 0.00  0.0    0  6.2 10 320   M    M   0 8       0   0
17  96  65  81   4   0  16 0.00  0.0    0  6.5 10 320   M    M   0        18 320
18  98  67  83   6   0  18 0.00  0.0    0  7.3 12 290   M    M   0         M  M
================================================================================
SM 1755 1184         0 305    T      0.0 122.8          M        0
================================================================================
AV 97.5 65.8                               6.8 FASTST   M    M   0    MAX(MPH)
                                 MISC ---->  # 14 330               # 18  320
================================================================================
NOTES:
# LAST OF SEVERAL OCCURRENCES

COLUMN 17 PEAK WIND IN M.P.H.

PRELIMINARY LOCAL CLIMATOLOGICAL DATA (WS FORM: F-6) , PAGE 2

                                          STATION:  MADERA CA AIRPORT
                                          MONTH:    AUGUST
                                          YEAR:     2017
                                          LATITUDE:   36 58 N
                                          LONGITUDE: 120  7 W

[TEMPERATURE DATA]      [PRECIPITATION DATA]       SYMBOLS USED IN COLUMN 16

AVERAGE MONTHLY: 81.6   TOTAL FOR MONTH:      T    1 = FOG OR MIST
DPTR FM NORMAL:   4.0   DPTR FM NORMAL:   -0.00    2 = FOG REDUCING VISIBILITY
HIGHEST:   107 ON  2    GRTST 24HR    T  ON  4- 4      TO 1/4 MILE OR LESS
LOWEST:     58 ON 15                               3 = THUNDER
                        SNOW, ICE PELLETS, HAIL    4 = ICE PELLETS
                        TOTAL MONTH:   0.0 INCH    5 = HAIL
                        GRTST 24HR     0.0         6 = FREEZING RAIN OR DRIZZLE
                        GRTST DEPTH:   0           7 = DUSTSTORM OR SANDSTORM:
                                                       VSBY 1/2 MILE OR LESS
                                                   8 = SMOKE OR HAZE
[NO. OF DAYS WITH]      [WEATHER - DAYS WITH]      9 = BLOWING SNOW
                                                   X = TORNADO
MAX 32 OR BELOW:   0    0.01 INCH OR MORE:   0
MAX 90 OR ABOVE:  17    0.10 INCH OR MORE:   0
MIN 32 OR BELOW:   0    0.50 INCH OR MORE:   0
MIN  0 OR BELOW:   0    1.00 INCH OR MORE:   0

[HDD (BASE 65) ]
TOTAL THIS MO.     0    CLEAR  (SCALE 0-3)  18
DPTR FM NORMAL     0    PTCLDY (SCALE 4-7)   0
TOTAL FM JUL 1     0    CLOUDY (SCALE 8-10)  0
DPTR FM NORMAL     0

[CDD (BASE 65) ]
TOTAL THIS MO.   305
DPTR FM NORMAL    78    [PRESSURE DATA]
TOTAL FM JAN 1  1433    HIGHEST SLP M ON M
DPTR FM NORMAL   356    LOWEST  SLP M ON M

[REMARKS]
