000
CXUS54 KMAF 221100
CF6MAF
PRELIMINARY LOCAL CLIMATOLOGICAL DATA (WS FORM: F-6)

                                          STATION:   Midland International Airport
                                          MONTH:     MAY
                                          YEAR:      2015
                                          LATITUDE:   31 57 N
                                          LONGITUDE: 102 11 W

  TEMPERATURE IN F:       :PCPN:    SNOW:  WIND      :SUNSHINE: SKY     :PK WND
================================================================================
1   2   3   4   5  6A  6B    7    8   9   10  11  12  13   14  15   16   17  18
                                     12Z  AVG MX 2MIN
DY MAX MIN AVG DEP HDD CDD  WTR  SNW DPTH SPD SPD DIR MIN PSBL S-S WX    SPD DR
================================================================================

 1  86  55  71   2   0   6 0.00  0.0    0 11.8 22 150   M    M   0        29 180
 2  86  59  73   3   0   8 0.00  0.0    0 15.0 24 140   M    M   0        31 140
 3  88  58  73   3   0   8 0.00  0.0    0 15.1 28 160   M    M   0        33 160
 4  83  65  74   4   0   9 0.14  0.0    0 19.6 38 170   M    M   6 138    42 170
 5  83  64  74   4   0   9 0.13  0.0    0 14.7 31 130   M    M   4 138    36 130
 6  88  65  77   6   0  12 0.00  0.0    0 13.6 32 170   M    M   4 138    39 160
 7  91  64  78   7   0  13 0.00  0.0    0 13.0 23 230   M    M   3 18     30 240
 8  92  63  78   7   0  13    T  0.0    0 13.9 25 200   M    M   4 138    30 170
 9  89  61  75   3   0  10 0.00  0.0    0 10.8 22 230   M    M   1 18     27 230
10  86  56  71  -1   0   6 0.00  0.0    0  8.9 21 240   M    M   2        27 240
11  76  57  67  -5   0   2 0.02  0.0    0 15.6 26  70   M    M   3 38     31  60
12  73  53  63  -9   2   0 0.77  0.0    0 14.2 23 130   M    M   9 13     28  90
13  79  59  69  -4   0   4 0.62  0.0    0 14.4 26 270   M    M   5 13     32 270
14  82  60  71  -2   0   6 0.17  0.0    0 14.4 33 260   M    M   4 8      42 260
15  85  62  74   1   0   9    T  0.0    0 15.3 30 160   M    M   4 138    38 160
16  90  63  77   3   0  12    T  0.0    0 14.5 28 240   M    M   3 18     36 240
17  83  52  68  -6   0   3 0.00  0.0    0  5.8 17 220   M    M   0        22 200
18  90  62  76   2   0  11 0.20  0.0    0 13.5 43 130   M    M   3 138    52 140
19  85  63  74   0   0   9    T  0.0    0 17.0 29 100   M    M   5 138    36 100
20  78  55  67  -8   0   2 0.00  0.0    0 12.5 25  30   M    M   8 18     29  30
21  57  51  54 -21  11   0 0.05  0.0    0 14.2 21  70   M    M  10 1      26  60
================================================================================
SM 1750 1247        13 152  2.10     0.0 287.8          M       78
================================================================================
AV 83.3 59.4                              13.7 FASTST   M    M   4    MAX(MPH)
                                 MISC ---->  # 43 130               # 52  140
================================================================================
NOTES:
# LAST OF SEVERAL OCCURRENCES

COLUMN 17 PEAK WIND IN M.P.H.

PRELIMINARY LOCAL CLIMATOLOGICAL DATA (WS FORM: F-6) , PAGE 2

                                          STATION:  Midland International Airport
                                          MONTH:    MAY
                                          YEAR:     2015
                                          LATITUDE:   31 57 N
                                          LONGITUDE: 102 11 W

[TEMPERATURE DATA]      [PRECIPITATION DATA]       SYMBOLS USED IN COLUMN 16

AVERAGE MONTHLY: 71.4   TOTAL FOR MONTH:   2.10    1 = FOG OR MIST
DPTR FM NORMAL:  -0.8   DPTR FM NORMAL:    1.09    2 = FOG REDUCING VISIBILITY
HIGHEST:    92 ON  8    GRTST 24HR  0.79 ON 11-12      TO 1/4 MILE OR LESS
LOWEST:     51 ON 21                               3 = THUNDER
                        SNOW, ICE PELLETS, HAIL    4 = ICE PELLETS
                        TOTAL MONTH:   0.0 INCH    5 = HAIL
                        GRTST 24HR     0.0         6 = FREEZING RAIN OR DRIZZLE
                        GRTST DEPTH:   0           7 = DUSTSTORM OR SANDSTORM:
                                                       VSBY 1/2 MILE OR LESS
                                                   8 = SMOKE OR HAZE
[NO. OF DAYS WITH]      [WEATHER - DAYS WITH]      9 = BLOWING SNOW
                                                   X = TORNADO
MAX 32 OR BELOW:   0    0.01 INCH OR MORE:   8
MAX 90 OR ABOVE:   4    0.10 INCH OR MORE:   6
MIN 32 OR BELOW:   0    0.50 INCH OR MORE:   2
MIN  0 OR BELOW:   0    1.00 INCH OR MORE:   0

[HDD (BASE 65) ]
TOTAL THIS MO.    13    CLEAR  (SCALE 0-3)   7
DPTR FM NORMAL     0    PTCLDY (SCALE 4-7)  12
TOTAL FM JUL 1  2565    CLOUDY (SCALE 8-10)  2
DPTR FM NORMAL  -104

[CDD (BASE 65) ]
TOTAL THIS MO.   152
DPTR FM NORMAL   -13    [PRESSURE DATA]
TOTAL FM JAN 1   283    HIGHEST SLP M ON M
DPTR FM NORMAL    10    LOWEST  SLP 29.59 ON  9

[REMARKS]
