000
CXUS52 KTAE 010752
CF6MAI
PRELIMINARY LOCAL CLIMATOLOGICAL DATA (WS FORM: F-6)

                                          STATION:   MARIANNA
                                          MONTH:     MAY
                                          YEAR:      2015
                                          LATITUDE:   30 50 N
                                          LONGITUDE:  85 11 W

  TEMPERATURE IN F:       :PCPN:    SNOW:  WIND      :SUNSHINE: SKY     :PK WND
================================================================================
1   2   3   4   5  6A  6B    7    8   9   10  11  12  13   14  15   16   17  18
                                     12Z  AVG MX 2MIN
DY MAX MIN AVG DEP HDD CDD  WTR  SNW DPTH SPD SPD DIR MIN PSBL S-S WX    SPD DR
================================================================================

 1  78  55  67  -4   0   2 0.00  0.0    0  5.7 14 360   M    M   0        21 360
 2  81  50  66  -5   0   1 0.00  0.0    0  2.8 12 190   M    M   0        14 130
 3  83  52  68  -4   0   3 0.00  0.0    0  2.7 10 100   M    M   2        16 170
 4  84  59  72   0   0   7 0.00  0.0    0  3.9 17  70   M    M   1 18     24  60
 5  84  59  72   0   0   7 0.00    M    M   M   M   M   M    M   M         M  M
 6  86  63  75   3   0  10 0.00  0.0    0  4.8 15  70   M    M   3        19  50
 7  88  60  74   1   0   9 0.00  0.0    0  2.8 14  40   M    M   0        20  10
 8  90  59  75   2   0  10 0.00  0.0    0  3.6 14  60   M    M   0 18     16  70
 9  93  64  79   6   0  14 0.00  0.0    0  3.1 12 310   M    M   4        16 290
10  93  68  81   7   0  16 0.00  0.0    0  4.4 18 230   M    M   3        22 230
11  92  64  78   4   0  13 0.00  0.0    0  5.7 15 240   M    M   1        20 230
12  92  70  81   7   0  16 0.00  0.0    0  3.9 10 360   M    M   3 12     17 280
13  90  70  80   6   0  15    T  0.0    0  3.1 12  20   M    M   0        15  30
14  90  67  79   4   0  14 0.05  0.0    0  3.9 16 150   M    M   2 138    23 150
15  85  68  77   2   0  12 0.25  0.0    0  6.6 21 220   M    M   4 13     28 220
16  88  69  79   4   0  14 0.00  0.0    0  5.4 15 140   M    M   2        22 150
17  91  69  80   5   0  15 0.00  0.0    0  4.8 12 250   M    M   1        17 180
18  92  70  81   5   0  16    T  0.0    0  4.6 24 190   M    M   3 13     29 190
19  93  69  81   5   0  16 0.00  0.0    0  4.1 16 250   M    M   1        21 260
20  94  68  81   5   0  16 0.49  0.0    0  5.8 33 290   M    M   1 13     42 280
21  90  67  79   3   0  14 0.00  0.0    0  7.6 15 330   M    M   0        19 320
22  85  63  74  -3   0   9 0.00  0.0    0  5.2 13  20   M    M   0        17 360
23  88  62  75  -2   0  10 0.00  0.0    0  6.7 16  70   M    M   1        21  60
24  90  72  81   4   0  16 0.00  0.0    0  8.2 14 100   M    M   4        21 100
25  87  71  79   2   0  14    T  0.0    0  6.5 26 330   M    M   3 3      35 340
26  89  68  79   1   0  14 3.30  0.0    0  5.0 39 230   M    M   3 138    50 220
27  87  68  78   0   0  13 0.77  0.0    0  3.9 29  70   M    M   4 13     48  40
28  87  69  78   0   0  13    T  0.0    0  5.0 21 220   M    M   3 1      26 230
29  87  67  77  -1   0  12    T  0.0    0  3.8 12  50   M    M   0        17  60
30  91  67  79   1   0  14 0.00  0.0    0  3.7 14 240   M    M   2        17 240
31  90  69  80   2   0  15 0.04  0.0    0  3.7 23 140   M    M   1 13     33 120
================================================================================
SM 2738 2016         0 370  4.90     0.0 141.0          M       52
================================================================================
AV 88.3 65.0                               4.7 FASTST   M    M   2    MAX(MPH)
                                 MISC ---->  # 39 230               # 50  220
================================================================================
NOTES:
# LAST OF SEVERAL OCCURRENCES

COLUMN 17 PEAK WIND IN M.P.H.

PRELIMINARY LOCAL CLIMATOLOGICAL DATA (WS FORM: F-6) , PAGE 2

                                          STATION:  MARIANNA
                                          MONTH:    MAY
                                          YEAR:     2015
                                          LATITUDE:   30 50 N
                                          LONGITUDE:  85 11 W

[TEMPERATURE DATA]      [PRECIPITATION DATA]       SYMBOLS USED IN COLUMN 16

AVERAGE MONTHLY: 76.7   TOTAL FOR MONTH:   4.90    1 = FOG OR MIST
DPTR FM NORMAL:   1.8   DPTR FM NORMAL:    1.91    2 = FOG REDUCING VISIBILITY
HIGHEST:    94 ON 20    GRTST 24HR  3.30 ON 26-26      TO 1/4 MILE OR LESS
LOWEST:     50 ON  2                               3 = THUNDER
                        SNOW, ICE PELLETS, HAIL    4 = ICE PELLETS
                        TOTAL MONTH:   0.0 INCH    5 = HAIL
                        GRTST 24HR     0.0         6 = FREEZING RAIN OR DRIZZLE
                        GRTST DEPTH:   0           7 = DUSTSTORM OR SANDSTORM:
                                                       VSBY 1/2 MILE OR LESS
                                                   8 = SMOKE OR HAZE
[NO. OF DAYS WITH]      [WEATHER - DAYS WITH]      9 = BLOWING SNOW
                                                   X = TORNADO
MAX 32 OR BELOW:   0    0.01 INCH OR MORE:   6
MAX 90 OR ABOVE:  15    0.10 INCH OR MORE:   4
MIN 32 OR BELOW:   0    0.50 INCH OR MORE:   2
MIN  0 OR BELOW:   0    1.00 INCH OR MORE:   1

[HDD (BASE 65) ]
TOTAL THIS MO.     0    CLEAR  (SCALE 0-3)  26
DPTR FM NORMAL    -3    PTCLDY (SCALE 4-7)   4
TOTAL FM JUL 1  1685    CLOUDY (SCALE 8-10)  0
DPTR FM NORMAL    36

[CDD (BASE 65) ]
TOTAL THIS MO.   370
DPTR FM NORMAL    58    [PRESSURE DATA]
TOTAL FM JAN 1   680    HIGHEST SLP 30.34 ON 23
DPTR FM NORMAL   210    LOWEST  SLP 29.87 ON  1

[REMARKS]
#FINAL-05-15#
