000
CXUS55 KABR 171400
CF6MBG
PRELIMINARY LOCAL CLIMATOLOGICAL DATA (WS FORM: F-6)

                                          STATION:   MOBRIDGE SD
                                          MONTH:     APRIL
                                          YEAR:      2014
                                          LATITUDE:   45 32 N
                                          LONGITUDE: 100 25 W

  TEMPERATURE IN F:       :PCPN:    SNOW:  WIND      :SUNSHINE: SKY     :PK WND
================================================================================
1   2   3   4   5  6A  6B    7    8   9   10  11  12  13   14  15   16   17  18
                                     12Z  AVG MX 2MIN
DY MAX MIN AVG DEP HDD CDD  WTR  SNW DPTH SPD SPD DIR MIN PSBL S-S WX    SPD DR
================================================================================

 1  27   3  15 -24  50   0 0.00  0.0    3  6.8 18 340   M    M   3        22 340
 2  29  22  26 -14  39   0 0.28  3.5    T 11.6 20  90   M    M  10 12     24 100
 3  34  28  31  -9  34   0 0.01    T    4 10.3 23 340   M    M  10 1      30 340
 4  36  28  32  -8  33   0 0.00  0.0    3  8.6 16 150   M    M   5        18 150
 5  59  28  44   3  21   0 0.00  0.0    1  7.6 17 140   M    M   0        20 160
 6  63  25  44   3  21   0    T  0.0    0  7.8 22 290   M    M   3 1      30 300
 7  53  27  40  -2  25   0 0.02  0.0    0  9.2 31 340   M    M   4 3      40 340
 8  63  23  43   1  22   0 0.00  0.0    0  7.5 16 190   M    M   1        20 210
 9  81  34  58  15   7   0    T  0.0    0 10.3 28 330   M    M   2        35 330
10  64  30  47   4  18   0    T  0.0    0  8.8 23 290   M    M   3        33 300
11  65  26  46   2  19   0    T  0.0    0  8.1 30  50   M    M   3        35  40
12  66  35  51   7  14   0 0.00  0.0    0 15.8 28  80   M    M   4        35  80
13  39  15  27 -17  38   0    T    T    0 19.3 30 350   M    M   4 6      38 350
14  37  13  25 -20  40   0    T    T    0  9.2 21 340   M    M   5 8      25 330
15  53  15  34 -11  31   0 0.00  0.0    0 20.6 35  80   M    M   3        44  90
16  41  23  32 -14  33   0    T    T    0 15.6 31  80   M    M   7 6      39  80
================================================================================
SM  810  375       445   0  0.31     3.5 177.1          M       67
================================================================================
AV 50.6 23.4                              11.1 FASTST   M    M   4    MAX(MPH)
                                 MISC ---->  # 35  80               # 44   90
================================================================================
NOTES:
# LAST OF SEVERAL OCCURRENCES

COLUMN 17 PEAK WIND IN M.P.H.

PRELIMINARY LOCAL CLIMATOLOGICAL DATA (WS FORM: F-6) , PAGE 2

                                          STATION:  MOBRIDGE SD
                                          MONTH:    APRIL
                                          YEAR:     2014
                                          LATITUDE:   45 32 N
                                          LONGITUDE: 100 25 W

[TEMPERATURE DATA]      [PRECIPITATION DATA]       SYMBOLS USED IN COLUMN 16

AVERAGE MONTHLY: 37.0   TOTAL FOR MONTH:   0.31    1 = FOG OR MIST
DPTR FM NORMAL:  -5.4   DPTR FM NORMAL:   -0.29    2 = FOG REDUCING VISIBILITY
HIGHEST:    81 ON  9    GRTST 24HR  0.29 ON  2- 3      TO 1/4 MILE OR LESS
LOWEST:      3 ON  1                               3 = THUNDER
                        SNOW, ICE PELLETS, HAIL    4 = ICE PELLETS
                        TOTAL MONTH:   3.5 INCHES  5 = HAIL
                        GRTST 24HR   3.5 ON  2- 2  6 = FREEZING RAIN OR DRIZZLE
                        GRTST DEPTH:   4 ON  3     7 = DUSTSTORM OR SANDSTORM:
                                                       VSBY 1/2 MILE OR LESS
                                                   8 = SMOKE OR HAZE
[NO. OF DAYS WITH]      [WEATHER - DAYS WITH]      9 = BLOWING SNOW
                                                   X = TORNADO
MAX 32 OR BELOW:   2    0.01 INCH OR MORE:   3
MAX 90 OR ABOVE:   0    0.10 INCH OR MORE:   1
MIN 32 OR BELOW:  14    0.50 INCH OR MORE:   0
MIN  0 OR BELOW:   0    1.00 INCH OR MORE:   0

[HDD (BASE 65) ]
TOTAL THIS MO.   445    CLEAR  (SCALE 0-3)   6
DPTR FM NORMAL    82    PTCLDY (SCALE 4-7)   8
TOTAL FM JUL 1  8129    CLOUDY (SCALE 8-10)  2
DPTR FM NORMAL   764

[CDD (BASE 65) ]
TOTAL THIS MO.     0
DPTR FM NORMAL     0    [PRESSURE DATA]
TOTAL FM JAN 1     0    HIGHEST SLP M ON M
DPTR FM NORMAL     0    LOWEST  SLP 29.49 ON  9

[REMARKS]
