000
CXUS53 KARX 200930
CF6MDZ
PRELIMINARY LOCAL CLIMATOLOGICAL DATA (WS FORM: F-6)

                                          STATION:   MEDFORD WI
                                          MONTH:     SEPTEMBER
                                          YEAR:      2014
                                          LATITUDE:   45  5 N
                                          LONGITUDE:  90 18 W

  TEMPERATURE IN F:       :PCPN:    SNOW:  WIND      :SUNSHINE: SKY     :PK WND
================================================================================
1   2   3   4   5  6A  6B    7    8   9   10  11  12  13   14  15   16   17  18
                                     12Z  AVG MX 2MIN
DY MAX MIN AVG DEP HDD CDD  WTR  SNW DPTH SPD SPD DIR MIN PSBL S-S WX    SPD DR
================================================================================

 1  73  55  64   M   1   0 0.19  0.0    0  6.7 15 210   M    M   5        24 210
 2  73  52  63   M   2   0 0.05  0.0    0  4.6 10 290   M    M   2 3      20 270
 3  71  53  62   M   3   0 0.16  0.0    0  6.6 15 180   M    M   4 3      20 180
 4  70  62  66   M   0   1 1.32  0.0    0  9.3 21 170   M    M   8 13     31 170
 5  71  47  59   M   6   0 0.00  0.0    0  8.0 15 320   M    M   6        21 320
 6  69  44  57   M   8   0 0.00  0.0    0  5.6 15 290   M    M   0        18 290
 7  73  47  60   M   5   0 0.00  0.0    0  4.3 10 230   M    M   1        17 230
 8  69  49  59   M   6   0 0.00  0.0    0  6.9 15 190   M    M   4 3      23 190
 9  76  55  66   M   0   1 0.01  0.0    0  4.6  9 130   M    M   8 3       M  M
10  63  41  52   M  13   0 2.12  0.0    0 13.2 24 350   M    M  10        32 350
11  50  33  42   M  23   0 0.00  0.0    0  8.3 16  10   M    M   7        21  10
12  47  32  40   M  25   0 0.03  0.0    0  2.6  9 330   M    M   8         M  M
13  54  32  43   M  22   0 0.00  0.0    0  3.3  7 230   M    M   7 12      M  M
14  62  43  53   M  12   0 0.00  0.0    0  8.6 16 200   M    M   5        23 230
15  60  35  48   M  17   0 0.00  0.0    0  3.6 12 330   M    M   4         M  M
16  63  32  48   M  17   0 0.00  0.0    0  4.5 12 280   M    M   0        16 280
17  69  36  53   M  12   0 0.00  0.0    0  4.0  8 260   M    M   3 1       M  M
18  55  43  49   M  16   0 0.00  0.0    0  5.7  8 150   M    M   6 1       M  M
19  69  48  59   M   6   0 0.13  0.0    0 12.6 25 190   M    M   6 1      35 190
================================================================================
SM 1237  839       194   2  4.01     0.0 123.0          M       94
================================================================================
AV 65.1 44.2                               6.5 FASTST   M    M   5    MAX(MPH)
                                 MISC ---->    25   M               # 35  190
================================================================================
NOTES:
# LAST OF SEVERAL OCCURRENCES

COLUMN 17 PEAK WIND IN M.P.H.

PRELIMINARY LOCAL CLIMATOLOGICAL DATA (WS FORM: F-6) , PAGE 2

                                          STATION:  MEDFORD WI
                                          MONTH:    SEPTEMBER
                                          YEAR:     2014
                                          LATITUDE:   45  5 N
                                          LONGITUDE:  90 18 W

[TEMPERATURE DATA]      [PRECIPITATION DATA]       SYMBOLS USED IN COLUMN 16

AVERAGE MONTHLY: 54.6   TOTAL FOR MONTH:   4.01    1 = FOG OR MIST
DPTR FM NORMAL:     M   DPTR FM NORMAL:       M    2 = FOG REDUCING VISIBILITY
HIGHEST:    76 ON  9    GRTST 24HR  2.12 ON 10-10      TO 1/4 MILE OR LESS
LOWEST:     32 ON 16,13                            3 = THUNDER
                        SNOW, ICE PELLETS, HAIL    4 = ICE PELLETS
                        TOTAL MONTH:   0.0 INCH    5 = HAIL
                        GRTST 24HR     0.0         6 = FREEZING RAIN OR DRIZZLE
                        GRTST DEPTH:   0           7 = DUSTSTORM OR SANDSTORM:
                                                       VSBY 1/2 MILE OR LESS
                                                   8 = SMOKE OR HAZE
[NO. OF DAYS WITH]      [WEATHER - DAYS WITH]      9 = BLOWING SNOW
                                                   X = TORNADO
MAX 32 OR BELOW:   0    0.01 INCH OR MORE:   8
MAX 90 OR ABOVE:   0    0.10 INCH OR MORE:   5
MIN 32 OR BELOW:   3    0.50 INCH OR MORE:   2
MIN  0 OR BELOW:   0    1.00 INCH OR MORE:   2

[HDD (BASE 65) ]
TOTAL THIS MO.   194    CLEAR  (SCALE 0-3)   5
DPTR FM NORMAL     M    PTCLDY (SCALE 4-7)  13
TOTAL FM JUL 1   341    CLOUDY (SCALE 8-10)  1
DPTR FM NORMAL     M

[CDD (BASE 65) ]
TOTAL THIS MO.     2
DPTR FM NORMAL     M    [PRESSURE DATA]
TOTAL FM JAN 1   156    HIGHEST SLP M ON M
DPTR FM NORMAL     M    LOWEST  SLP M ON M

[REMARKS]
