000
CXUS54 KMEG 290639
CF6MEG
PRELIMINARY LOCAL CLIMATOLOGICAL DATA (WS FORM: F-6)

                                          STATION:   MEMPHIS/GERMANTOWN WFO
                                          MONTH:     AUGUST
                                          YEAR:      2016
                                          LATITUDE:   35  7 N
                                          LONGITUDE:  89 48 W

  TEMPERATURE IN F:       :PCPN:    SNOW:  WIND      :SUNSHINE: SKY     :PK WND
================================================================================
1   2   3   4   5  6A  6B    7    8   9   10  11  12  13   14  15   16   17  18
                                     12Z  AVG MX 2MIN
DY MAX MIN AVG DEP HDD CDD  WTR  SNW DPTH SPD SPD DIR MIN PSBL S-S WX    SPD DR
================================================================================

 1  95  74  85   4   0  20 0.00  0.0    0   M   M   M   M    M   M         M  M
 2  97  77  87   6   0  22 0.00  0.0    0   M   M   M   M    M   M         M  M
 3  98  77  88   7   0  23 0.00  0.0    0   M   M   M   M    M   M         M  M
 4  97  75  86   5   0  21 0.00  0.0    0   M   M   M   M    M   M         M  M
 5  97  76  87   6   0  22 0.00  0.0    0   M   M   M   M    M   M         M  M
 6  92  76  84   3   0  19 0.00  0.0    0   M   M   M   M    M   M         M  M
 7  88  76  82   1   0  17 0.00  0.0    0   M   M   M   M    M   M         M  M
 8  91  71  81   0   0  16 0.00  0.0    0   M   M   M   M    M   M         M  M
 9  95  73  84   3   0  19 0.00  0.0    0   M   M   M   M    M   M         M  M
10  93  76  85   4   0  20 0.00  0.0    0   M   M   M   M    M   M         M  M
11  90  77  84   3   0  19 0.00  0.0    0   M   M   M   M    M   M         M  M
12  92  78  85   4   0  20    T  0.0    0   M   M   M   M    M   M         M  M
13  89  76  83   3   0  18 0.00  0.0    0   M   M   M   M    M   M         M  M
14  90  74  82   2   0  17 0.50  0.0    0   M   M   M   M    M   M         M  M
15  88  73  81   1   0  16 1.71  0.0    0   M   M   M   M    M   M         M  M
16  82  72  77  -3   0  12 0.75  0.0    0   M   M   M   M    M   M         M  M
17  80  73  77  -3   0  12 0.07  0.0    0   M   M   M   M    M   M         M  M
18  81  74  78  -2   0  13 0.12  0.0    0   M   M   M   M    M   M         M  M
19  87  74  81   1   0  16 0.04  0.0    0   M   M   M   M    M   M         M  M
20  82  73  78  -2   0  13 0.20  0.0    0   M   M   M   M    M   M         M  M
21  84  66  75  -5   0  10 0.28  0.0    0   M   M   M   M    M   M         M  M
22  86  65  76  -4   0  11 0.00  0.0    0   M   M   M   M    M   M         M  M
23  92  71  82   2   0  17 0.00  0.0    0   M   M   M   M    M   M         M  M
24  96  75  86   7   0  21 0.00  0.0    0   M   M   M   M    M   M         M  M
25  92  75  84   5   0  19 0.28  0.0    0   M   M   M   M    M   M 3       M  M
26  91  72  82   3   0  17 0.74  0.0    0   M   M   M   M    M   M 3       M  M
27  92  69  81   2   0  16 0.00  0.0    0   M   M   M   M    M   M         M  M
28  96  73  85   6   0  20    T  0.0    0   M   M   M   M    M   M         M  M
================================================================================
SM 2533 2061         0 486  4.69     0.0     M          M        M
================================================================================
AV 90.5 73.6                                 M FASTST   M    M   3    MAX(MPH)
                                 MISC ---->     M   M                  M    M
================================================================================
NOTES:
# LAST OF SEVERAL OCCURRENCES

COLUMN 17 PEAK WIND IN M.P.H.

PRELIMINARY LOCAL CLIMATOLOGICAL DATA (WS FORM: F-6) , PAGE 2

                                          STATION:  MEMPHIS/GERMANTOWN WFO
                                          MONTH:    AUGUST
                                          YEAR:     2016
                                          LATITUDE:   35  7 N
                                          LONGITUDE:  89 48 W

[TEMPERATURE DATA]      [PRECIPITATION DATA]       SYMBOLS USED IN COLUMN 16

AVERAGE MONTHLY: 82.0   TOTAL FOR MONTH:   4.69    1 = FOG OR MIST
DPTR FM NORMAL:   1.8   DPTR FM NORMAL:    1.68    2 = FOG REDUCING VISIBILITY
HIGHEST:    98 ON  3    GRTST 24HR  1.71 ON 15-15      TO 1/4 MILE OR LESS
LOWEST:     65 ON 22                               3 = THUNDER
                        SNOW, ICE PELLETS, HAIL    4 = ICE PELLETS
                        TOTAL MONTH:   0.0 INCH    5 = HAIL
                        GRTST 24HR     0.0         6 = FREEZING RAIN OR DRIZZLE
                        GRTST DEPTH:   0           7 = DUSTSTORM OR SANDSTORM:
                                                       VSBY 1/2 MILE OR LESS
                                                   8 = SMOKE OR HAZE
[NO. OF DAYS WITH]      [WEATHER - DAYS WITH]      9 = BLOWING SNOW
                                                   X = TORNADO
MAX 32 OR BELOW:   0    0.01 INCH OR MORE:  10
MAX 90 OR ABOVE:  18    0.10 INCH OR MORE:   8
MIN 32 OR BELOW:   0    0.50 INCH OR MORE:   4
MIN  0 OR BELOW:   0    1.00 INCH OR MORE:   1

[HDD (BASE 65) ]
TOTAL THIS MO.     0    CLEAR  (SCALE 0-3)   0
DPTR FM NORMAL     0    PTCLDY (SCALE 4-7)   0
TOTAL FM JUL 1     0    CLOUDY (SCALE 8-10)  0
DPTR FM NORMAL     0

[CDD (BASE 65) ]
TOTAL THIS MO.   486
DPTR FM NORMAL    58    [PRESSURE DATA]
TOTAL FM JAN 1  1779    HIGHEST SLP M ON M
DPTR FM NORMAL   223    LOWEST  SLP M ON M

[REMARKS]
