000
CXUS56 KPDT 011832
CF6MEH
PRELIMINARY LOCAL CLIMATOLOGICAL DATA (WS FORM: F-6)

                                          STATION:   MEACHAM OR
                                          MONTH:     AUGUST
                                          YEAR:      2014
                                          LATITUDE:   45 30 N
                                          LONGITUDE: 118 24 W

  TEMPERATURE IN F:       :PCPN:    SNOW:  WIND      :SUNSHINE: SKY     :PK WND
================================================================================
1   2   3   4   5  6A  6B    7    8   9   10  11  12  13   14  15   16   17  18
                                     12Z  AVG MX 2MIN
DY MAX MIN AVG DEP HDD CDD  WTR  SNW DPTH SPD SPD DIR MIN PSBL S-S WX    SPD DR
================================================================================

 1  92  53  73  13   0   8 0.00  0.0    0  0.7  6 190   M    M   1 3      11 220
 2  92  52  72  12   0   7    T  0.0    0  0.7  7  70   M    M   0        12  80
 3  85  50  68   8   0   3 0.00  0.0    0  1.2  7  40   M    M   0        12  30
 4  87  53  70  10   0   5 0.00  0.0    0  1.4  9  20   M    M   0 8      15 360
 5  87  47  67   7   0   2 0.00  0.0    0  1.1  7 290   M    M   0        14 250
 6  83  41  62   2   3   0 0.00  0.0    0  1.2  8 300   M    M   0        14 310
 7  82  39  61   1   4   0 0.00  0.0    0  1.5  8 290   M    M   0        14 320
 8  78  40  59  -1   6   0 0.00  0.0    0  1.8  8 280   M    M   0        15 290
 9  83  34  59   0   6   0 0.00  0.0    0  0.8  9  20   M    M   0        14  20
10  89  43  66   7   0   1 0.00  0.0    0  1.7  8 360   M    M   0        14  10
11  96  49  73  14   0   8    T  0.0    0  0.8  8 280   M    M   1 8      13 270
12  89  51  70  11   0   5 0.16  0.0    0  0.4  6 100   M    M   2 1      12 250
13  72  47  60   1   5   0 0.43  0.0    0  0.8  6  90   M    M   6 1      12  20
14  68  51  60   1   5   0 0.22  0.0    0  0.3  8  60   M    M   6 1      16 240
15  71  48  60   2   5   0    T  0.0    0  0.5  7  70   M    M   8 1       9  70
16  79  44  62   4   3   0 0.00  0.0    0  1.1  7 270   M    M   1        11 310
17  82  45  64   6   1   0 0.00  0.0    0  1.0  7  30   M    M   0        12 360
18  84  45  65   7   0   0 0.00  0.0    0  1.7  8  30   M    M   0        13 280
19  81  43  62   4   3   0 0.00  0.0    0  1.3 10 280   M    M   0        18 280
20  73  42  58   0   7   0 0.00  0.0    0  1.3  9 280   M    M   2        15 270
21  74  35  55  -3  10   0 0.00  0.0    0  1.1  7 320   M    M   0        11 290
22  69  38  54  -3  11   0 0.05  0.0    0  1.8  9  40   M    M   5 1      16  40
23  70  39  55  -2  10   0 0.00  0.0    0  1.5  7  10   M    M   4        12  30
24  74  37  56  -1   9   0 0.03  0.0    0  0.9 10  30   M    M   1 3      16 360
25  72  35  54  -3  11   0 0.00  0.0    0  1.8 10  30   M    M   0        14  20
26  80  36  58   2   7   0 0.00  0.0    0  1.2  9  20   M    M   0 8      14  40
27  86  38  62   6   3   0 0.00  0.0    0  1.2  8 270   M    M   0        12  30
28  80  43  62   6   3   0 0.00  0.0    0  1.5  9 290   M    M   0        16 300
29  80  37  59   3   6   0    T  0.0    0  1.7  8 280   M    M   2        15 360
30  69  45  57   1   8   0 0.38  0.0    0  1.3  7 260   M    M   5 13     15 280
31  64  43  54  -2  11   0 0.01  0.0    0  0.8  9 290   M    M   8        15 300
================================================================================
SM 2471 1343       137  39  1.28     0.0  36.1          M       52
================================================================================
AV 79.7 43.3                               1.2 FASTST   M    M   2    MAX(MPH)
                                 MISC ---->  # 10 280               # 18  280
================================================================================
NOTES:
# LAST OF SEVERAL OCCURRENCES

COLUMN 17 PEAK WIND IN M.P.H.

PRELIMINARY LOCAL CLIMATOLOGICAL DATA (WS FORM: F-6) , PAGE 2

                                          STATION:  MEACHAM OR
                                          MONTH:    AUGUST
                                          YEAR:     2014
                                          LATITUDE:   45 30 N
                                          LONGITUDE: 118 24 W

[TEMPERATURE DATA]      [PRECIPITATION DATA]       SYMBOLS USED IN COLUMN 16

AVERAGE MONTHLY: 61.5   TOTAL FOR MONTH:   1.28    1 = FOG OR MIST
DPTR FM NORMAL:   3.3   DPTR FM NORMAL:    0.42    2 = FOG REDUCING VISIBILITY
HIGHEST:    96 ON 11    GRTST 24HR  0.62 ON 13-14      TO 1/4 MILE OR LESS
LOWEST:     34 ON  9                               3 = THUNDER
                        SNOW, ICE PELLETS, HAIL    4 = ICE PELLETS
                        TOTAL MONTH:   0.0 INCH    5 = HAIL
                        GRTST 24HR     0.0         6 = FREEZING RAIN OR DRIZZLE
                        GRTST DEPTH:   0           7 = DUSTSTORM OR SANDSTORM:
                                                       VSBY 1/2 MILE OR LESS
                                                   8 = SMOKE OR HAZE
[NO. OF DAYS WITH]      [WEATHER - DAYS WITH]      9 = BLOWING SNOW
                                                   X = TORNADO
MAX 32 OR BELOW:   0    0.01 INCH OR MORE:   7
MAX 90 OR ABOVE:   3    0.10 INCH OR MORE:   4
MIN 32 OR BELOW:   0    0.50 INCH OR MORE:   0
MIN  0 OR BELOW:   0    1.00 INCH OR MORE:   0

[HDD (BASE 65) ]
TOTAL THIS MO.   137    CLEAR  (SCALE 0-3)  24
DPTR FM NORMAL   -85    PTCLDY (SCALE 4-7)   7
TOTAL FM JUL 1   182    CLOUDY (SCALE 8-10)  0
DPTR FM NORMAL  -232

[CDD (BASE 65) ]
TOTAL THIS MO.    39
DPTR FM NORMAL    30    [PRESSURE DATA]
TOTAL FM JAN 1   108    HIGHEST SLP 30.12 ON 23
DPTR FM NORMAL    85    LOWEST  SLP 29.61 ON 19

[REMARKS]
#FINAL-08-14#
