000
CXUS51 KCLE 221004
CF6MFD
PRELIMINARY LOCAL CLIMATOLOGICAL DATA (WS FORM: F-6)

                                          STATION:   MANSFIELD OH
                                          MONTH:     MAY
                                          YEAR:      2015
                                          LATITUDE:   40 49 N
                                          LONGITUDE:  82 31 W

  TEMPERATURE IN F:       :PCPN:    SNOW:  WIND      :SUNSHINE: SKY     :PK WND
================================================================================
1   2   3   4   5  6A  6B    7    8   9   10  11  12  13   14  15   16   17  18
                                     12Z  AVG MX 2MIN
DY MAX MIN AVG DEP HDD CDD  WTR  SNW DPTH SPD SPD DIR MIN PSBL S-S WX    SPD DR
================================================================================

 1  68  40  54   0  11   0 0.00  0.0    0  8.2 20 350   M    M   2 1      26 350
 2  74  41  58   3   7   0 0.00  0.0    0  4.6 15 240   M    M   2        19 260
 3  78  48  63   8   2   0 0.00  0.0    0  7.2 20 200   M    M   1        24 210
 4  79  54  67  12   0   2 0.13  0.0    0  9.3 24 210   M    M   4 1      33 210
 5  77  54  66  10   0   1 0.53  0.0    0  6.0 20 320   M    M   6 138    23 320
 6  80  54  67  11   0   2 0.00  0.0    0  5.9 14 320   M    M   3 128    17 330
 7  86  56  71  15   0   6 0.00  0.0    0  4.4 10 150   M    M   1 1      12 160
 8  87  62  75  19   0  10 0.00  0.0    0  7.1 16 170   M    M   1        22 190
 9  86  62  74  17   0   9 0.00  0.0    0  7.6 24 200   M    M   2        30 200
10  84  63  74  17   0   9 0.00  0.0    0  8.0 17 210   M    M   4        23 220
11  86  62  74  17   0   9 0.27  0.0    0 10.7 35 180   M    M   4 138    47 180
12  64  48  56  -2   9   0 0.00  0.0    0 13.1 25 230   M    M   7        36 210
13  56  40  48 -10  17   0 0.00  0.0    0  8.1 16  10   M    M   9        24 330
14  63  36  50  -8  15   0 0.00  0.0    0  6.3 15 110   M    M   0        19 110
15  81  54  68  10   0   3    T  0.0    0 10.3 21 210   M    M   6        27 210
16  74  63  69  10   0   4 0.66  0.0    0  7.3 21 210   M    M   7 18     30 210
17  79  65  72  13   0   7 0.19  0.0    0  9.0 16 160   M    M   6 13     22 170
18  78  67  73  14   0   8    T  0.0    0 10.2 16 220   M    M   3        21 210
19  68  48  58  -2   7   0 0.00  0.0    0  9.3 17 260   M    M   5        23 270
20  55  42  49 -11  16   0    T  0.0    0  8.1 14  20   M    M   8        16  20
21  58  44  51  -9  14   0 0.04  0.0    0  6.2 13 260   M    M   8        17 310
================================================================================
SM 1561 1103        98  70  1.82     0.0 166.9          M       89
================================================================================
AV 74.3 52.5                               7.9 FASTST   M    M   4    MAX(MPH)
                                 MISC ---->  # 35 180               # 47  180
================================================================================
NOTES:
# LAST OF SEVERAL OCCURRENCES

COLUMN 17 PEAK WIND IN M.P.H.

PRELIMINARY LOCAL CLIMATOLOGICAL DATA (WS FORM: F-6) , PAGE 2

                                          STATION:  MANSFIELD OH
                                          MONTH:    MAY
                                          YEAR:     2015
                                          LATITUDE:   40 49 N
                                          LONGITUDE:  82 31 W

[TEMPERATURE DATA]      [PRECIPITATION DATA]       SYMBOLS USED IN COLUMN 16

AVERAGE MONTHLY: 63.4   TOTAL FOR MONTH:   1.82    1 = FOG OR MIST
DPTR FM NORMAL:   6.1   DPTR FM NORMAL:   -1.11    2 = FOG REDUCING VISIBILITY
HIGHEST:    87 ON  8    GRTST 24HR  0.68 ON 16-17      TO 1/4 MILE OR LESS
LOWEST:     36 ON 14                               3 = THUNDER
                        SNOW, ICE PELLETS, HAIL    4 = ICE PELLETS
                        TOTAL MONTH:   0.0 INCH    5 = HAIL
                        GRTST 24HR     0.0         6 = FREEZING RAIN OR DRIZZLE
                        GRTST DEPTH:   0           7 = DUSTSTORM OR SANDSTORM:
                                                       VSBY 1/2 MILE OR LESS
                                                   8 = SMOKE OR HAZE
[NO. OF DAYS WITH]      [WEATHER - DAYS WITH]      9 = BLOWING SNOW
                                                   X = TORNADO
MAX 32 OR BELOW:   0    0.01 INCH OR MORE:   6
MAX 90 OR ABOVE:   0    0.10 INCH OR MORE:   5
MIN 32 OR BELOW:   0    0.50 INCH OR MORE:   2
MIN  0 OR BELOW:   0    1.00 INCH OR MORE:   0

[HDD (BASE 65) ]
TOTAL THIS MO.    98    CLEAR  (SCALE 0-3)   9
DPTR FM NORMAL   -83    PTCLDY (SCALE 4-7)  11
TOTAL FM JUL 1  6547    CLOUDY (SCALE 8-10)  1
DPTR FM NORMAL   381

[CDD (BASE 65) ]
TOTAL THIS MO.    70
DPTR FM NORMAL    54    [PRESSURE DATA]
TOTAL FM JAN 1    70    HIGHEST SLP M ON M
DPTR FM NORMAL    46    LOWEST  SLP 29.85 ON 11

[REMARKS]
