000
CXUS51 KCLE 240800
CF6MFD
PRELIMINARY LOCAL CLIMATOLOGICAL DATA (WS FORM: F-6)

                                          STATION:   MANSFIELD OH
                                          MONTH:     NOVEMBER
                                          YEAR:      2017
                                          LATITUDE:   40 49 N
                                          LONGITUDE:  82 31 W

  TEMPERATURE IN F:       :PCPN:    SNOW:  WIND      :SUNSHINE: SKY     :PK WND
================================================================================
1   2   3   4   5  6A  6B    7    8   9   10  11  12  13   14  15   16   17  18
                                     12Z  AVG MX 2MIN
DY MAX MIN AVG DEP HDD CDD  WTR  SNW DPTH SPD SPD DIR MIN PSBL S-S WX    SPD DR
================================================================================

 1  51  34  43  -4  22   0 0.61  0.1    T  8.9 20 180   M    M   9 1      24 170
 2  65  51  58  12   7   0 0.05  0.0    0 16.6 26 190   M    M  10 1      35 190
 3  65  39  52   6  13   0 0.06  0.0    0 10.4 23 210   M    M   7 1      31 200
 4  60  37  49   3  16   0 0.00  0.0    0  9.7 15 160   M    M   3        20 200
 5  67  58  63  17   2   0 1.84  0.0    0 14.3 24 310   M    M   9 13     33 180
 6  59  36  48   3  17   0 0.14  0.0    0  9.7 18 340   M    M   8 1      22 330
 7  47  35  41  -4  24   0 0.00  0.0    0  8.3 16  20   M    M   7        22  20
 8  49  32  41  -3  24   0 0.00  0.0    0  3.9 13 360   M    M   5        16 340
 9  51  27  39  -5  26   0 0.00  0.0    0  9.2 22 320   M    M   3 1      29 300
10  30  21  26 -18  39   0    T    T    0 10.4 22 340   M    M   8        27 330
11  36  18  27 -16  38   0 0.00  0.0    0  7.7 15 110   M    M   0        19 110
12  45  29  37  -6  28   0 0.14  0.0    0  5.3 13 130   M    M   8 1      14 120
13  39  33  36  -6  29   0 0.04  0.0    0  6.8 15 320   M    M  10 12     17 330
14  48  33  41  -1  24   0 0.00  0.0    0  4.3 10 140   M    M   5        13 130
15  47  33  40  -2  25   0 0.18  0.0    0 13.6 22 240   M    M   5 18     29 200
16  45  36  41   0  24   0    T    T    0 10.7 21 260   M    M   9        32 240
17  45  34  40  -1  25   0 0.00  0.0    0  9.9 24 160   M    M   5        31 170
18  56  34  45   5  20   0 3.01    T    0 16.2 30 320   M    M   9 13     37 320
19  37  29  33  -7  32   0 0.01    T    0 11.2 23 270   M    M  10 1      33 300
20  44  24  34  -6  31   0 0.00  0.0    0 14.9 23 180   M    M   1        30 190
21  52  34  43   4  22   0 0.06    T    0 17.0 28 200   M    M   2 1      39 200
22  35  23  29 -10  36   0 0.01    T    0  7.5 16 320   M    M   9 1      20 330
23  39  22  31  -7  34   0 0.00  0.0    0  7.8 15 190   M    M   4        19 180
================================================================================
SM 1112  752       558   0  6.15     0.1 234.3          M      146
================================================================================
AV 48.4 32.7                              10.2 FASTST   M    M   6    MAX(MPH)
                                 MISC ---->  # 30 320               # 39  200
================================================================================
NOTES:
# LAST OF SEVERAL OCCURRENCES

COLUMN 17 PEAK WIND IN M.P.H.

PRELIMINARY LOCAL CLIMATOLOGICAL DATA (WS FORM: F-6) , PAGE 2

                                          STATION:  MANSFIELD OH
                                          MONTH:    NOVEMBER
                                          YEAR:     2017
                                          LATITUDE:   40 49 N
                                          LONGITUDE:  82 31 W

[TEMPERATURE DATA]      [PRECIPITATION DATA]       SYMBOLS USED IN COLUMN 16

AVERAGE MONTHLY: 40.5   TOTAL FOR MONTH:   6.15    1 = FOG OR MIST
DPTR FM NORMAL:  -2.2   DPTR FM NORMAL:    3.21    2 = FOG REDUCING VISIBILITY
HIGHEST:    67 ON  5    GRTST 24HR  3.01 ON 18-18      TO 1/4 MILE OR LESS
LOWEST:     18 ON 11                               3 = THUNDER
                        SNOW, ICE PELLETS, HAIL    4 = ICE PELLETS
                        TOTAL MONTH:   0.1 INCH    5 = HAIL
                        GRTST 24HR   0.1 ON  1- 1  6 = FREEZING RAIN OR DRIZZLE
                        GRTST DEPTH:   T           7 = DUSTSTORM OR SANDSTORM:
                                                       VSBY 1/2 MILE OR LESS
                                                   8 = SMOKE OR HAZE
[NO. OF DAYS WITH]      [WEATHER - DAYS WITH]      9 = BLOWING SNOW
                                                   X = TORNADO
MAX 32 OR BELOW:   1    0.01 INCH OR MORE:  12
MAX 90 OR ABOVE:   0    0.10 INCH OR MORE:   6
MIN 32 OR BELOW:   9    0.50 INCH OR MORE:   3
MIN  0 OR BELOW:   0    1.00 INCH OR MORE:   2

[HDD (BASE 65) ]
TOTAL THIS MO.   558    CLEAR  (SCALE 0-3)   4
DPTR FM NORMAL    45    PTCLDY (SCALE 4-7)  10
TOTAL FM JUL 1   935    CLOUDY (SCALE 8-10)  9
DPTR FM NORMAL  -146

[CDD (BASE 65) ]
TOTAL THIS MO.     0
DPTR FM NORMAL     0    [PRESSURE DATA]
TOTAL FM JAN 1   748    HIGHEST SLP M ON M
DPTR FM NORMAL   116    LOWEST  SLP 29.16 ON 18

[REMARKS]
