000
CXUS53 KGRB 210701
CF6MFI
PRELIMINARY LOCAL CLIMATOLOGICAL DATA (WS FORM: F-6)

                                          STATION:   MARSHFIELD WI
                                          MONTH:     FEBRUARY
                                          YEAR:      2018
                                          LATITUDE:   44 37 N
                                          LONGITUDE:  90 11 W

  TEMPERATURE IN F:       :PCPN:    SNOW:  WIND      :SUNSHINE: SKY     :PK WND
================================================================================
1   2   3   4   5  6A  6B    7    8   9   10  11  12  13   14  15   16   17  18
                                     12Z  AVG MX 2MIN
DY MAX MIN AVG DEP HDD CDD  WTR  SNW DPTH SPD SPD DIR MIN PSBL S-S WX    SPD DR
================================================================================

 1  20  -6   7  -9  58   0 0.03  0.6    4 16.1 32 320   M    M   1 189    39 310
 2   8 -12  -2 -18  67   0    T    T    4  5.1 12 260   M    M   3 1      15 270
 3  22   8  15  -1  50   0 0.23  4.5    7  7.0 16  40   M    M  10 1      21  20
 4  11  -8   2 -14  63   0    T    T    7 12.1 21 330   M    M   4 18     24 360
 5  10 -12  -1 -17  66   0    T    T    7  7.7 15 250   M    M   3 1      19 240
 6   8 -12  -2 -18  67   0 0.00  0.0    7  4.6 12 330   M    M   3        12 330
 7  11  -3   4 -13  61   0 0.02  0.5    7  5.5 13 330   M    M   5 18     14 330
 8  15  -7   4 -13  61   0 0.00  0.0    7  6.6 13 280   M    M   3 18     16 280
 9  11  -1   5 -12  60   0 0.02  0.2    8  7.9 13 330   M    M   3 18     18  30
10  13  -4   5 -12  60   0 0.00  0.0    8  5.2 12 310   M    M   2        14 310
11  19   5  12  -6  53   0 0.00  0.0    7  8.3 18 280   M    M   1        24 290
12  11  -7   2 -16  63   0 0.00  0.0    M  5.9 16 320   M    M   0 8      19 320
13  30   1  16  -2  49   0 0.00  0.0    M  9.6 21 210   M    M   5 8      26 210
14  46  13  30  12  35   0 0.00  0.0    M  8.8 16 210   M    M   0 128    21 220
15  38  28  33  14  32   0    T    M    M 10.8 18 320   M    M   2 18     24  10
16  28   5  17  -2  48   0    T    M    M 12.1 29 320   M    M   2 18     35 320
17  26   8  17  -2  48   0    T    M    M  9.5 16 210   M    M   5 12     20 260
18  36   6  21   1  44   0 0.00  0.0    M 11.5 35 170   M    M   5 8      42 170
19  31  23  27   7  38   0    M    M    M 11.5 22  60   M    M   8 16     28  60
20  30  16  23   3  42   0    M    M    M 10.9 23 310   M    M   9 16     29 310
================================================================================
SM  424   41      1065   0  0.30     5.8 176.7          M       74
================================================================================
AV 21.2  2.1                               8.8 FASTST   M    M   4    MAX(MPH)
                                 MISC ---->  # 35 170               # 42  170
================================================================================
NOTES:
# LAST OF SEVERAL OCCURRENCES

COLUMN 17 PEAK WIND IN M.P.H.

PRELIMINARY LOCAL CLIMATOLOGICAL DATA (WS FORM: F-6) , PAGE 2

                                          STATION:  MARSHFIELD WI
                                          MONTH:    FEBRUARY
                                          YEAR:     2018
                                          LATITUDE:   44 37 N
                                          LONGITUDE:  90 11 W

[TEMPERATURE DATA]      [PRECIPITATION DATA]       SYMBOLS USED IN COLUMN 16

AVERAGE MONTHLY: 11.6   TOTAL FOR MONTH:   0.30    1 = FOG OR MIST
DPTR FM NORMAL:  -6.0   DPTR FM NORMAL:    0.24    2 = FOG REDUCING VISIBILITY
HIGHEST:    46 ON 14    GRTST 24HR  0.23 ON  3- 3      TO 1/4 MILE OR LESS
LOWEST:    -12 ON  6, 5                            3 = THUNDER
                        SNOW, ICE PELLETS, HAIL    4 = ICE PELLETS
                        TOTAL MONTH:   5.8 INCHES  5 = HAIL
                        GRTST 24HR   4.5 ON  3- 3  6 = FREEZING RAIN OR DRIZZLE
                        GRTST DEPTH:   8 ON 10, 9  7 = DUSTSTORM OR SANDSTORM:
                                                       VSBY 1/2 MILE OR LESS
                                                   8 = SMOKE OR HAZE
[NO. OF DAYS WITH]      [WEATHER - DAYS WITH]      9 = BLOWING SNOW
                                                   X = TORNADO
MAX 32 OR BELOW:  17    0.01 INCH OR MORE:   4
MAX 90 OR ABOVE:   0    0.10 INCH OR MORE:   1
MIN 32 OR BELOW:  20    0.50 INCH OR MORE:   0
MIN  0 OR BELOW:  10    1.00 INCH OR MORE:   0

[HDD (BASE 65) ]
TOTAL THIS MO.  1065    CLEAR  (SCALE 0-3)  12
DPTR FM NORMAL   119    PTCLDY (SCALE 4-7)   6
TOTAL FM JUL 1  5803    CLOUDY (SCALE 8-10)  2
DPTR FM NORMAL    29

[CDD (BASE 65) ]
TOTAL THIS MO.     0
DPTR FM NORMAL     0    [PRESSURE DATA]
TOTAL FM JAN 1     0    HIGHEST SLP M ON M
DPTR FM NORMAL     0    LOWEST  SLP 29.63 ON 15

[REMARKS]
