650
CXUS56 KMFR 251000
CF6MFR
PRELIMINARY LOCAL CLIMATOLOGICAL DATA (WS FORM: F-6)

                                          STATION:   MEDFORD OR
                                          MONTH:     MAY
                                          YEAR:      2016
                                          LATITUDE:   42 22 N
                                          LONGITUDE: 122 52 W

  TEMPERATURE IN F:       :PCPN:    SNOW:  WIND      :SUNSHINE: SKY     :PK WND
================================================================================
1   2   3   4   5  6A  6B    7    8   9   10  11  12  13   14  15   16   17  18
                                     12Z  AVG MX 2MIN
DY MAX MIN AVG DEP HDD CDD  WTR  SNW DPTH SPD SPD DIR MIN PSBL S-S WX    SPD DR
================================================================================

 1  82  40  61   5   4   0 0.00  0.0    0  4.4 23 150   M    M   0 1      28 130
 2  84  51  68  12   0   3 0.00  0.0    0  3.7 13 310   M    M   1        16 280
 3  70  50  60   3   5   0    T  0.0    0  2.7 13  10   M    M   2        14  10
 4  72  53  63   6   2   0 0.10  0.0    0  4.9 17 280   M    M   6 13     22 310
 5  64  52  58   1   7   0    T  0.0    0  3.6 10 310   M    M   8 12     14 330
 6  76  56  66   9   0   1 0.00  0.0    0  3.3 13 290   M    M   6        16 300
 7  87  56  72  14   0   7 0.00  0.0    0  4.2 16 320   M    M   4        22 320
 8  78  50  64   6   1   0 0.00  0.0    0  6.1 21 360   M    M   0        24  10
 9  76  48  62   4   3   0 0.00  0.0    0  4.6 14 360   M    M   2        16 350
10  82  42  62   4   3   0 0.00  0.0    0  3.1 12 260   M    M   0        16 250
11  87  47  67   8   0   2 0.00  0.0    0  2.8 12 360   M    M   0        14 340
12  89  52  71  12   0   6 0.00  0.0    0  3.9 12 300   M    M   0        15 280
13  89  55  72  13   0   7    T  0.0    0  5.6 20 290   M    M   1        26 270
14  68  55  62   3   3   0    T  0.0    0  7.6 16 360   M    M   7        22 300
15  71  54  63   3   2   0 0.07  0.0    0  3.6 17  20   M    M   8        21  30
16  75  52  64   4   1   0 0.00  0.0    0  5.5 15 310   M    M   5        19 330
17  86  46  66   6   0   1 0.00  0.0    0  3.4 15 330   M    M   0        19 340
18  87  50  69   9   0   4 0.00  0.0    0  5.8 17 350   M    M   1        25 360
19  64  49  57  -3   8   0 0.01  0.0    0  8.9 21  10   M    M   8        25  10
20  62  47  55  -6  10   0 0.10  0.0    0  7.5 14  40   M    M   9 1      19 280
21  65  47  56  -5   9   0 0.05  0.0    0  3.8 16 180   M    M   8        21 220
22  64  49  57  -4   8   0    T    M    0  5.7 20 290   M    M   9        23 300
23  71  44  58  -3   7   0 0.00  0.0    0  4.5 15 320   M    M   4        18 330
24  76  48  62   0   3   0    T    M    0  4.9 18 350   M    M   4 8      24 360
================================================================================
SM 1825 1193        76  31  0.33     0.0 114.1          M       93
================================================================================
AV 76.0 49.7                               4.8 FASTST   M    M   4    MAX(MPH)
                                 MISC ---->  # 23 150               # 28  130
================================================================================
NOTES:
# LAST OF SEVERAL OCCURRENCES

COLUMN 17 PEAK WIND IN M.P.H.

PRELIMINARY LOCAL CLIMATOLOGICAL DATA (WS FORM: F-6) , PAGE 2

                                          STATION:  MEDFORD OR
                                          MONTH:    MAY
                                          YEAR:     2016
                                          LATITUDE:   42 22 N
                                          LONGITUDE: 122 52 W

[TEMPERATURE DATA]      [PRECIPITATION DATA]       SYMBOLS USED IN COLUMN 16

AVERAGE MONTHLY: 62.9   TOTAL FOR MONTH:   0.33    1 = FOG OR MIST
DPTR FM NORMAL:   4.0   DPTR FM NORMAL:   -0.70    2 = FOG REDUCING VISIBILITY
HIGHEST:    89 ON 13,12 GRTST 24HR  0.15 ON 20-21      TO 1/4 MILE OR LESS
LOWEST:     40 ON  1                               3 = THUNDER
                        SNOW, ICE PELLETS, HAIL    4 = ICE PELLETS
                        TOTAL MONTH:   0.0 INCH    5 = HAIL
                        GRTST 24HR     0.0         6 = FREEZING RAIN OR DRIZZLE
                        GRTST DEPTH:   0           7 = DUSTSTORM OR SANDSTORM:
                                                       VSBY 1/2 MILE OR LESS
                                                   8 = SMOKE OR HAZE
[NO. OF DAYS WITH]      [WEATHER - DAYS WITH]      9 = BLOWING SNOW
                                                   X = TORNADO
MAX 32 OR BELOW:   0    0.01 INCH OR MORE:   5
MAX 90 OR ABOVE:   0    0.10 INCH OR MORE:   2
MIN 32 OR BELOW:   0    0.50 INCH OR MORE:   0
MIN  0 OR BELOW:   0    1.00 INCH OR MORE:   0

[HDD (BASE 65) ]
TOTAL THIS MO.    76    CLEAR  (SCALE 0-3)  11
DPTR FM NORMAL   -91    PTCLDY (SCALE 4-7)   9
TOTAL FM JUL 1  3405    CLOUDY (SCALE 8-10)  4
DPTR FM NORMAL  -761

[CDD (BASE 65) ]
TOTAL THIS MO.    31
DPTR FM NORMAL     7    [PRESSURE DATA]
TOTAL FM JAN 1    48    HIGHEST SLP M ON M
DPTR FM NORMAL    21    LOWEST  SLP 29.73 ON 20

[REMARKS]
