000
CXUS54 KBMX 301216
CF6MGM
PRELIMINARY LOCAL CLIMATOLOGICAL DATA (WS FORM: F-6)

                                          STATION:   MONTGOMERY
                                          MONTH:     OCTOBER
                                          YEAR:      2014
                                          LATITUDE:   32 17 N
                                          LONGITUDE:  86 24 W

  TEMPERATURE IN F:       :PCPN:    SNOW:  WIND      :SUNSHINE: SKY     :PK WND
================================================================================
1   2   3   4   5  6A  6B    7    8   9   10  11  12  13   14  15   16   17  18
                                     12Z  AVG MX 2MIN
DY MAX MIN AVG DEP HDD CDD  WTR  SNW DPTH SPD SPD DIR MIN PSBL S-S WX    SPD DR
================================================================================

 1  88  62  75   4   0  10 0.00  0.0    0  1.6  9 120   M    M   2 1      15  70
 2  90  64  77   6   0  12 0.00  0.0    0  3.6 15 290   M    M   4        23 130
 3  82  64  73   3   0   8 0.50  0.0    0  6.8 24 290   M    M   5 13     31 300
 4  71  46  59 -11   6   0 0.00  0.0    0  8.2 20 280   M    M   0        25 330
 5  77  42  60 -10   5   0 0.00  0.0    0  3.0  9 210   M    M   0        14 210
 6  84  52  68  -1   0   3 0.00  0.0    0  4.7 15 180   M    M   0 8      22 180
 7  88  57  73   4   0   8 0.00  0.0    0  4.1 12 200   M    M   0 1      45 150
 8  91  65  78  10   0  13 0.00  0.0    0  1.8 10  10   M    M   2 128    20 320
 9  92  63  78  10   0  13 0.00  0.0    0  2.2  8 200   M    M   1 1      23 150
10  91  64  78  10   0  13 0.00  0.0    0  3.0 14 170   M    M   3 1238   18 190
11  90  66  78  10   0  13 0.00  0.0    0  2.8 13 300   M    M   3 18     25 200
12  90  70  80  13   0  15 0.00  0.0    0  4.2 15 180   M    M   5        18 170
13  90  66  78  11   0  13 0.78  0.0    0  9.5 31 170   M    M   5 138    46 170
14  75  58  67   1   0   2 0.84  0.0    0  7.8 16 270   M    M   4 13     22 270
15  75  54  65  -1   0   0 0.00  0.0    0  7.6 20 260   M    M   1        26 280
16  79  50  65  -1   0   0 0.00  0.0    0  4.5 18 310   M    M   0        23 290
17  84  46  65   0   0   0 0.00  0.0    0  3.3 10 250   M    M   0        18 210
18  84  57  71   6   0   6 0.00  0.0    0  6.3 16 290   M    M   0 1      21 290
19  76  45  61  -4   4   0 0.00  0.0    0  3.2 15  20   M    M   0        20  20
20  78  47  63  -1   2   0 0.00  0.0    0  1.8  9 270   M    M   0 1      22 330
21  81  47  64   0   1   0 0.00  0.0    0  3.5 14 310   M    M   0 1      17 300
22  74  49  62  -2   3   0 0.00  0.0    0  6.1 14  10   M    M   0 1      18  30
23  75  44  60  -4   5   0 0.00  0.0    0  3.0  9 330   M    M   0        13 330
24  79  43  61  -2   4   0 0.00  0.0    0  3.4 13 310   M    M   0 1      18  10
25  81  43  62  -1   3   0 0.00  0.0    0  3.6 13 340   M    M   0        18 360
26  86  52  69   6   0   4 0.00  0.0    0  2.2 10 270   M    M   0 12     13 300
27  89  54  72  10   0   7 0.00  0.0    0  2.8 13 170   M    M   3 128    16 160
28  83  57  70   8   0   5 0.00  0.0    0  1.6  9 310   M    M   4 12     13 320
29  79  55  67   5   0   2 0.01  0.0    0  4.1 17 320   M    M   5 18     20 320
================================================================================
SM 2402 1582        33 147  2.13     0.0 120.3          M       47
================================================================================
AV 82.8 54.6                               4.1 FASTST   M    M   2    MAX(MPH)
                                 MISC ---->  # 31 170               # 46  170
================================================================================
NOTES:
# LAST OF SEVERAL OCCURRENCES

COLUMN 17 PEAK WIND IN M.P.H.

PRELIMINARY LOCAL CLIMATOLOGICAL DATA (WS FORM: F-6) , PAGE 2

                                          STATION:  MONTGOMERY
                                          MONTH:    OCTOBER
                                          YEAR:     2014
                                          LATITUDE:   32 17 N
                                          LONGITUDE:  86 24 W

[TEMPERATURE DATA]      [PRECIPITATION DATA]       SYMBOLS USED IN COLUMN 16

AVERAGE MONTHLY: 68.7   TOTAL FOR MONTH:   2.13    1 = FOG OR MIST
DPTR FM NORMAL:   2.5   DPTR FM NORMAL:   -0.59    2 = FOG REDUCING VISIBILITY
HIGHEST:    92 ON  9    GRTST 24HR  1.62 ON 13-14      TO 1/4 MILE OR LESS
LOWEST:     42 ON  5                               3 = THUNDER
                        SNOW, ICE PELLETS, HAIL    4 = ICE PELLETS
                        TOTAL MONTH:   0.0 INCH    5 = HAIL
                        GRTST 24HR     0.0         6 = FREEZING RAIN OR DRIZZLE
                        GRTST DEPTH:   0           7 = DUSTSTORM OR SANDSTORM:
                                                       VSBY 1/2 MILE OR LESS
                                                   8 = SMOKE OR HAZE
[NO. OF DAYS WITH]      [WEATHER - DAYS WITH]      9 = BLOWING SNOW
                                                   X = TORNADO
MAX 32 OR BELOW:   0    0.01 INCH OR MORE:   4
MAX 90 OR ABOVE:   7    0.10 INCH OR MORE:   3
MIN 32 OR BELOW:   0    0.50 INCH OR MORE:   3
MIN  0 OR BELOW:   0    1.00 INCH OR MORE:   0

[HDD (BASE 65) ]
TOTAL THIS MO.    33    CLEAR  (SCALE 0-3)  22
DPTR FM NORMAL   -44    PTCLDY (SCALE 4-7)   7
TOTAL FM JUL 1    33    CLOUDY (SCALE 8-10)  0
DPTR FM NORMAL   -48

[CDD (BASE 65) ]
TOTAL THIS MO.   147
DPTR FM NORMAL    35    [PRESSURE DATA]
TOTAL FM JAN 1  2491    HIGHEST SLP M ON M
DPTR FM NORMAL   249    LOWEST  SLP 29.69 ON 14

[REMARKS]
