000
CXUS51 KPBZ 290804
CF6MGW
PRELIMINARY LOCAL CLIMATOLOGICAL DATA (WS FORM: F-6)

                                          STATION:   MORGANTOWN WV
                                          MONTH:     JULY
                                          YEAR:      2015
                                          LATITUDE:   39 39 N
                                          LONGITUDE:  79 55 W

  TEMPERATURE IN F:       :PCPN:    SNOW:  WIND      :SUNSHINE: SKY     :PK WND
================================================================================
1   2   3   4   5  6A  6B    7    8   9   10  11  12  13   14  15   16   17  18
                                     12Z  AVG MX 2MIN
DY MAX MIN AVG DEP HDD CDD  WTR  SNW DPTH SPD SPD DIR MIN PSBL S-S WX    SPD DR
================================================================================

 1  80  61  71  -2   0   6 0.00    M    M  4.7 10 300   M    M   6 8      16 260
 2  78  59  69  -4   0   4 0.00    M    M  1.7  8 350   M    M   1 18     11 350
 3  81  57  69  -4   0   4 0.78    M    M  2.6 14 160   M    M   5 18     16 160
 4  83  65  74   1   0   9 0.18    M    M  3.4  9 270   M    M   6 18     13 310
 5  86  60  73   0   0   8    T    M    M  2.3 10 120   M    M   2 128    13 100
 6  82  70  76   3   0  11 0.18    M    M  3.7 12 170   M    M   7 8      16 170
 7  87  69  78   5   0  13 0.02    M    M  7.2 15 210   M    M   4 8      25 260
 8  76  71  74   1   0   9 1.15    M    M  4.4 10 240   M    M   9 18     17 240
 9  85  69  77   4   0  12 0.53    M    M  5.8 16 260   M    M   8 18     29 280
10  80  69  75   2   0  10 0.02    M    M  2.6 12  10   M    M   9 8      14 350
11  85  66  76   3   0  11 0.00    M    M  2.9 10 350   M    M   5 128    13 350
12  81  64  73   0   0   8 0.03    M    M  1.8  9  50   M    M   4 18     11 340
13  83  70  77   4   0  12 0.06    M    M  3.7  9 200   M    M   7 8      13 190
14  85  68  77   4   0  12 0.22    M    M  6.5 14 230   M    M   6 38     23 230
15  81  65  73   0   0   8 0.06    M    M  5.6 15 350   M    M   7 18     20 340
16  83  58  71  -2   0   6 0.00    M    M  2.2  7 350   M    M   2 128    11 340
17  87  63  75   2   0  10 0.00    M    M  4.0 12 210   M    M   1        17 210
18  90  75  83  10   0  18 0.00    M    M  5.5 12 230   M    M   3        16 210
19  90  73  82   9   0  17    T    M    M  5.0 15 280   M    M   3        22 290
20  88  72  80   7   0  15 0.01    M    M  4.8 12 210   M    M   5 18     16 210
21  88  64  76   3   0  11 0.13    M    M  3.2 22 360   M    M   5 18     31 360
22  82  58  70  -3   0   5 0.00    M    M  3.1 12 350   M    M   2 18     16 300
23  84  61  73   0   0   8 0.00  0.0    0  2.0 10  10   M    M   1        13 360
24  87  57  72  -1   0   7 0.00    M    M  1.8  9 350   M    M   2 18     13 310
25  89  63  76   3   0  11 0.00    M    M  2.3  8 210   M    M   1        12 220
26  90  65  78   5   0  13 0.00    M    M  2.7 10 210   M    M   3 8      17 220
27  92  71  82   9   0  17 0.00    M    M  2.3 10 360   M    M   3 18     13 360
28  91  70  81   8   0  16 0.02    M    M  3.3 12  40   M    M   3 8      15  40
================================================================================
SM 2374 1833         0 291  3.39     0.0 101.1          M      120
================================================================================
AV 84.8 65.5                               3.6 FASTST   M    M   4    MAX(MPH)
                                 MISC ---->  # 22 360               # 31  360
================================================================================
NOTES:
# LAST OF SEVERAL OCCURRENCES

COLUMN 17 PEAK WIND IN M.P.H.

PRELIMINARY LOCAL CLIMATOLOGICAL DATA (WS FORM: F-6) , PAGE 2

                                          STATION:  MORGANTOWN WV
                                          MONTH:    JULY
                                          YEAR:     2015
                                          LATITUDE:   39 39 N
                                          LONGITUDE:  79 55 W

[TEMPERATURE DATA]      [PRECIPITATION DATA]       SYMBOLS USED IN COLUMN 16

AVERAGE MONTHLY: 75.1   TOTAL FOR MONTH:   3.39    1 = FOG OR MIST
DPTR FM NORMAL:   2.1   DPTR FM NORMAL:   -0.84    2 = FOG REDUCING VISIBILITY
HIGHEST:    92 ON 27    GRTST 24HR  1.16 ON  7- 8      TO 1/4 MILE OR LESS
LOWEST:     57 ON 24, 3                            3 = THUNDER
                        SNOW, ICE PELLETS, HAIL    4 = ICE PELLETS
                        TOTAL MONTH:   0.0 INCH    5 = HAIL
                        GRTST 24HR     0.0         6 = FREEZING RAIN OR DRIZZLE
                        GRTST DEPTH:   0           7 = DUSTSTORM OR SANDSTORM:
                                                       VSBY 1/2 MILE OR LESS
                                                   8 = SMOKE OR HAZE
[NO. OF DAYS WITH]      [WEATHER - DAYS WITH]      9 = BLOWING SNOW
                                                   X = TORNADO
MAX 32 OR BELOW:   0    0.01 INCH OR MORE:  14
MAX 90 OR ABOVE:   5    0.10 INCH OR MORE:   7
MIN 32 OR BELOW:   0    0.50 INCH OR MORE:   3
MIN  0 OR BELOW:   0    1.00 INCH OR MORE:   1

[HDD (BASE 65) ]
TOTAL THIS MO.     0    CLEAR  (SCALE 0-3)  11
DPTR FM NORMAL     0    PTCLDY (SCALE 4-7)  14
TOTAL FM JUL 1     0    CLOUDY (SCALE 8-10)  3
DPTR FM NORMAL     0

[CDD (BASE 65) ]
TOTAL THIS MO.   291
DPTR FM NORMAL    67    [PRESSURE DATA]
TOTAL FM JAN 1   697    HIGHEST SLP M ON M
DPTR FM NORMAL   244    LOWEST  SLP 29.52 ON 14

[REMARKS]
