000
CXUS53 KTOP 250800
CF6MHK
PRELIMINARY LOCAL CLIMATOLOGICAL DATA (WS FORM: F-6)

                                          STATION:   Manhattan KS
                                          MONTH:     MARCH
                                          YEAR:      2017
                                          LATITUDE:   39  9 N
                                          LONGITUDE:  96 40 W

  TEMPERATURE IN F:       :PCPN:    SNOW:  WIND      :SUNSHINE: SKY     :PK WND
================================================================================
1   2   3   4   5  6A  6B    7    8   9   10  11  12  13   14  15   16   17  18
                                     12Z  AVG MX 2MIN
DY MAX MIN AVG DEP HDD CDD  WTR  SNW DPTH SPD SPD DIR MIN PSBL S-S WX    SPD DR
================================================================================

 1  54  21  38   1  27   0 0.00    M    M  7.0 18 290   M    M   1        30 290
 2  56  17  37  -1  28   0 0.00    M    M  5.9 16 340   M    M   1        26 360
 3  69  26  48  10  17   0 0.00    M    M 11.5 25 220   M    M   0        33 170
 4  72  49  61  23   4   0 0.00    M    M 18.5 30 200   M    M   1        41 210
 5  67  55  61  22   4   0 0.00    M    M 20.9 31 200   M    M  10        44 190
 6  81  44  63  24   2   0 0.05    M    M 23.3 37 210   M    M   7 38     52 210
 7  64  29  47   7  18   0 0.00    M    M 11.2 28 280   M    M   1        43 260
 8  70  25  48   8  17   0 0.00    M    M  5.3 24 230   M    M   0        31 220
 9  73  27  50  10  15   0 0.00    M    M  8.8 30  40   M    M   1        37  30
10  42  26  34  -7  31   0 0.00    M    M 12.0 22  30   M    M   4        28  30
11  36  25  31 -10  34   0 0.06    M    M  7.7 17  70   M    M  10 12     22  70
12  46  19  33  -9  32   0 0.00    M    M 10.1 24 180   M    M   6 128    30 180
13  41  26  34  -8  31   0 0.00    M    M 10.3 18  20   M    M   5        31 330
14  33  23  28 -14  37   0    T    M    M  7.0 13  50   M    M   9 8      15  60
15  49  23  36  -7  29   0 0.00    M    M  7.7 18 160   M    M   8        25 150
16  77  31  54  11  11   0 0.00    M    M 11.5 25 210   M    M   0        32 210
17  73  46  60  16   5   0 0.00    M    M  7.3 17  40   M    M   1 1      23  40
18  69  30  50   6  15   0 0.00    M    M  5.8 13 130   M    M   2 8      17  60
19  92  50  71  27   0   6 0.00    M    M 12.7 31 210   M    M   1        44 230
20  78  49  64  19   1   0 0.00    M    M  9.7 18  40   M    M   0 18     23  40
21  63  44  54   9  11   0 0.00    M    M 16.9 29  40   M    M   2        35  60
22  61  39  50   4  15   0 0.00    M    M 11.8 18 120   M    M   7        24  60
23  79  46  63  17   2   0 0.03    M    M 14.6 30 170   M    M   4 1      39 160
24  73  45  59  13   6   0 0.82    M    M 11.2 26 210   M    M   5 13     33 210
================================================================================
SM 1518  815       392   6  0.96    M    268.7          M       86
================================================================================
AV 63.3 34.0                              11.2 FASTST   M    M   4    MAX(MPH)
                                 MISC ---->  # 37 210               # 52  210
================================================================================
NOTES:
# LAST OF SEVERAL OCCURRENCES

COLUMN 17 PEAK WIND IN M.P.H.

PRELIMINARY LOCAL CLIMATOLOGICAL DATA (WS FORM: F-6) , PAGE 2

                                          STATION:  Manhattan KS
                                          MONTH:    MARCH
                                          YEAR:     2017
                                          LATITUDE:   39  9 N
                                          LONGITUDE:  96 40 W

[TEMPERATURE DATA]      [PRECIPITATION DATA]       SYMBOLS USED IN COLUMN 16

AVERAGE MONTHLY: 48.6   TOTAL FOR MONTH:   0.96    1 = FOG OR MIST
DPTR FM NORMAL:   6.8   DPTR FM NORMAL:   -0.78    2 = FOG REDUCING VISIBILITY
HIGHEST:    92 ON 19    GRTST 24HR  0.82 ON 24-24      TO 1/4 MILE OR LESS
LOWEST:     17 ON  2                               3 = THUNDER
                        SNOW, ICE PELLETS, HAIL    4 = ICE PELLETS
                        TOTAL MONTH:    M          5 = HAIL
                        GRTST 24HR    M  ON   M    6 = FREEZING RAIN OR DRIZZLE
                        GRTST DEPTH:  M  ON   M    7 = DUSTSTORM OR SANDSTORM:
                                                       VSBY 1/2 MILE OR LESS
                                                   8 = SMOKE OR HAZE
[NO. OF DAYS WITH]      [WEATHER - DAYS WITH]      9 = BLOWING SNOW
                                                   X = TORNADO
MAX 32 OR BELOW:   0    0.01 INCH OR MORE:   4
MAX 90 OR ABOVE:   1    0.10 INCH OR MORE:   1
MIN 32 OR BELOW:  14    0.50 INCH OR MORE:   1
MIN  0 OR BELOW:   0    1.00 INCH OR MORE:   0

[HDD (BASE 65) ]
TOTAL THIS MO.   392    CLEAR  (SCALE 0-3)  13
DPTR FM NORMAL  -165    PTCLDY (SCALE 4-7)   8
TOTAL FM JUL 1  3676    CLOUDY (SCALE 8-10)  3
DPTR FM NORMAL -1041

[CDD (BASE 65) ]
TOTAL THIS MO.     6
DPTR FM NORMAL     6    [PRESSURE DATA]
TOTAL FM JAN 1     6    HIGHEST SLP M ON M
DPTR FM NORMAL     6    LOWEST  SLP 29.33 ON  6

[REMARKS]
