000
CXUS56 KMFR 211000
CF6MHS
PRELIMINARY LOCAL CLIMATOLOGICAL DATA (WS FORM: F-6)

                                          STATION:   MT SHASTA CITY CA
                                          MONTH:     JULY
                                          YEAR:      2014
                                          LATITUDE:   41 19 N
                                          LONGITUDE: 122 19 W

  TEMPERATURE IN F:       :PCPN:    SNOW:  WIND      :SUNSHINE: SKY     :PK WND
================================================================================
1   2   3   4   5  6A  6B    7    8   9   10  11  12  13   14  15   16   17  18
                                     12Z  AVG MX 2MIN
DY MAX MIN AVG DEP HDD CDD  WTR  SNW DPTH SPD SPD DIR MIN PSBL S-S WX    SPD DR
================================================================================

 1  99  52  76  11   0  11 0.00    M    M  0.5  7 110   M    M   0        14 150
 2  94  55  75   9   0  10 0.00    M    M  1.5 10 290   M    M   0        18 340
 3  94  55  75   9   0  10 0.00    M    M  1.9  7 310   M    M   0 8      15 140
 4  91  52  72   6   0   7 0.00    M    M  0.5  7 120   M    M   0 8      15 130
 5  92  50  71   5   0   6 0.00    M    M  0.0  7 130   M    M   0 8      12 150
 6  97  44  71   5   0   6 0.00    M    M  1.6  8 320   M    M   0        16 330
 7 101  59  80  13   0  15 0.00    M    M  1.0  8 300   M    M   0        14 320
 8  89  62  76   9   0  11 0.00    M    M  0.5  5  90   M    M   1        11 140
 9  96  61  79  12   0  14 0.00    M    M  0.8  9 340   M    M   2        16 360
10  94  52  73   6   0   8 0.00    M    M  1.5  8 130   M    M   0        14 150
11  86  56  71   3   0   6 0.06    M    M  1.0  7  60   M    M   2 1      12  40
12  96  50  73   5   0   8 0.00    M    M  1.0  9 320   M    M   0        19 310
13  99  64  82  14   0  17 0.00    M    M  1.8 10 330   M    M   0        17 330
14  97  61  79  11   0  14 0.00    M    M  2.3  8 290   M    M   0        14 320
15  98  61  80  12   0  15 0.00    M    M  1.0  6 120   M    M   0        13 140
16  98  57  78  10   0  13 0.00    M    M  0.6  6  80   M    M   0        11 130
17  93  63  78  10   0  13 0.06    M    M  1.1  9  60   M    M   2 1      15  80
18  95  55  75   6   0  10 0.00    M    M  1.2  8 330   M    M   0 8      17 320
19  96  55  76   7   0  11 0.00    M    M  3.2 10 290   M    M   0        17 290
20  90  56  73   4   0   8 0.12    M    M  1.4  7  90   M    M   0        18 150
================================================================================
SM 1895 1120         0 213  0.24    M     24.4          M        7
================================================================================
AV 94.8 56.0                               1.2 FASTST   M    M   0    MAX(MPH)
                                 MISC ---->  # 10 290               # 19  310
================================================================================
NOTES:
# LAST OF SEVERAL OCCURRENCES

COLUMN 17 PEAK WIND IN M.P.H.

PRELIMINARY LOCAL CLIMATOLOGICAL DATA (WS FORM: F-6) , PAGE 2

                                          STATION:  MT SHASTA CITY CA
                                          MONTH:    JULY
                                          YEAR:     2014
                                          LATITUDE:   41 19 N
                                          LONGITUDE: 122 19 W

[TEMPERATURE DATA]      [PRECIPITATION DATA]       SYMBOLS USED IN COLUMN 16

AVERAGE MONTHLY: 75.4   TOTAL FOR MONTH:   0.24    1 = FOG OR MIST
DPTR FM NORMAL:   8.1   DPTR FM NORMAL:   -0.04    2 = FOG REDUCING VISIBILITY
HIGHEST:   101 ON  7    GRTST 24HR  0.12 ON 20-20      TO 1/4 MILE OR LESS
LOWEST:     44 ON  6                               3 = THUNDER
                        SNOW, ICE PELLETS, HAIL    4 = ICE PELLETS
                        TOTAL MONTH:    M          5 = HAIL
                        GRTST 24HR    M  ON   M    6 = FREEZING RAIN OR DRIZZLE
                        GRTST DEPTH:  M  ON   M    7 = DUSTSTORM OR SANDSTORM:
                                                       VSBY 1/2 MILE OR LESS
                                                   8 = SMOKE OR HAZE
[NO. OF DAYS WITH]      [WEATHER - DAYS WITH]      9 = BLOWING SNOW
                                                   X = TORNADO
MAX 32 OR BELOW:   0    0.01 INCH OR MORE:   3
MAX 90 OR ABOVE:  18    0.10 INCH OR MORE:   1
MIN 32 OR BELOW:   0    0.50 INCH OR MORE:   0
MIN  0 OR BELOW:   0    1.00 INCH OR MORE:   0

[HDD (BASE 65) ]
TOTAL THIS MO.     0    CLEAR  (SCALE 0-3)  20
DPTR FM NORMAL   -26    PTCLDY (SCALE 4-7)   0
TOTAL FM JUL 1     0    CLOUDY (SCALE 8-10)  0
DPTR FM NORMAL   -26

[CDD (BASE 65) ]
TOTAL THIS MO.   213
DPTR FM NORMAL   141    [PRESSURE DATA]
TOTAL FM JAN 1   280    HIGHEST SLP M ON M
DPTR FM NORMAL   163    LOWEST  SLP  0.00 ON  1

[REMARKS]
