000
CXUS55 KEAX 300736
CF6MKC
PRELIMINARY LOCAL CLIMATOLOGICAL DATA (WS FORM: F-6)

                                          STATION:   Downtown Kansas City MO
                                          MONTH:     AUGUST
                                          YEAR:      2014
                                          LATITUDE:   39  7 N
                                          LONGITUDE:  94 36 W

  TEMPERATURE IN F:       :PCPN:    SNOW:  WIND      :SUNSHINE: SKY     :PK WND
================================================================================
1   2   3   4   5  6A  6B    7    8   9   10  11  12  13   14  15   16   17  18
                                     12Z  AVG MX 2MIN
DY MAX MIN AVG DEP HDD CDD  WTR  SNW DPTH SPD SPD DIR MIN PSBL S-S WX    SPD DR
================================================================================

 1  87  69  78  -3   0  13    T    M    M  5.5 13  70   M    M   4        19 110
 2  90  66  78  -3   0  13 0.00    M    M  5.2 12  50   0    0   0         M  M
 3  86  67  77  -4   0  12 0.64    M    M  7.5 20 210   M    M   5 13     25 320
 4  93  72  83   2   0  18 0.00    M    M  7.8 20 230   M    M   2        24 240
 5  94  75  85   4   0  20 0.00    M    M  4.3 15  90   M    M   1        18  50
 6  92  69  81   0   0  16 3.11    M    M  6.4 31 250   M    M   3 138    43 250
 7  86  70  78  -3   0  13 0.10    M    M  6.3 13  50   M    M   8 1      16  70
 8  82  70  76  -5   0  11 0.00    M    M  5.6 14  20   M    M   7        16  40
 9  85  70  78  -3   0  13 0.00    M    M  4.6 10 130   M    M   7 18     13 140
10  79  71  75  -5   0  10 0.28    M    M  5.9 16  60   M    M   7 13     21  70
11  83  67  75  -5   0  10 0.00    M    M  7.3 20 350   M    M   3 1      25 310
12  80  62  71  -9   0   6 0.00    M    M  7.0 16 350   M    M   1        22  20
13  84  60  72  -8   0   7 0.00    M    M  2.9 12  90   M    M   0        15  90
14  86  63  75  -5   0  10 0.00    M    M  3.6 12  80   M    M   0        16  90
15  85  70  78  -2   0  13 0.01    M    M  7.5 17 190   M    M   5        23 180
16  82  71  77  -3   0  12 0.20    M    M  8.1 20 200   M    M   8 18     27 200
17  82  70  76  -4   0  11 0.00    M    M  5.2 10 100   M    M   7        13 350
18  91  70  81   2   0  16 0.00    M    M  2.9 12 270   M    M   0        14 130
19  93  75  84   5   0  19 0.02    M    M  4.9 13 280   M    M   0 3      17 290
20  94  80  87   8   0  22 0.00    M    M 11.8 20 200   M    M   1        25 190
21  97  79  88   9   0  23 0.00    M    M 14.0 22 200   M    M   0        30 180
22  94  80  87   8   0  22 0.00    M    M  6.7 22 180   M    M   1        31 170
23  99  80  90  12   0  25 0.00    M    M  9.8 21 180   M    M   1        26 190
24  97  76  87   9   0  22 0.00    M    M 10.1 17 180   M    M   0        24 180
25  98  80  89  11   0  24 0.00    M    M  7.5 14 130   M    M   1        17 120
26  93  74  84   6   0  19 0.00    M    M  8.2 18  20   M    M   0        26  20
27  88  75  82   4   0  17 0.00    M    M  9.2 17  70   M    M   1        24 350
28  95  76  86   9   0  21 0.00    M    M  8.0 18 180   M    M   2        23 170
29  86  70  78   1   0  13 0.70    M    M  7.4 26 320   M    M   3 13     40 280
================================================================================
SM 2581 2077         0 451  5.06    M    201.2            0     78
================================================================================
AV 89.0 71.6                               6.9 FASTST    0   0   3    MAX(MPH)
                                 MISC ---->  # 31 250               # 43  250
================================================================================
NOTES:
# LAST OF SEVERAL OCCURRENCES

COLUMN 17 PEAK WIND IN M.P.H.

PRELIMINARY LOCAL CLIMATOLOGICAL DATA (WS FORM: F-6) , PAGE 2

                                          STATION:  Downtown Kansas City MO
                                          MONTH:    AUGUST
                                          YEAR:     2014
                                          LATITUDE:   39  7 N
                                          LONGITUDE:  94 36 W

[TEMPERATURE DATA]      [PRECIPITATION DATA]       SYMBOLS USED IN COLUMN 16

AVERAGE MONTHLY: 80.3   TOTAL FOR MONTH:   5.06    1 = FOG OR MIST
DPTR FM NORMAL:   0.7   DPTR FM NORMAL:    1.00    2 = FOG REDUCING VISIBILITY
HIGHEST:    99 ON 23    GRTST 24HR  3.21 ON  6- 7      TO 1/4 MILE OR LESS
LOWEST:     60 ON 13                               3 = THUNDER
                        SNOW, ICE PELLETS, HAIL    4 = ICE PELLETS
                        TOTAL MONTH:    M          5 = HAIL
                        GRTST 24HR    M  ON   M    6 = FREEZING RAIN OR DRIZZLE
                        GRTST DEPTH:  M  ON   M    7 = DUSTSTORM OR SANDSTORM:
                                                       VSBY 1/2 MILE OR LESS
                                                   8 = SMOKE OR HAZE
[NO. OF DAYS WITH]      [WEATHER - DAYS WITH]      9 = BLOWING SNOW
                                                   X = TORNADO
MAX 32 OR BELOW:   0    0.01 INCH OR MORE:   8
MAX 90 OR ABOVE:  14    0.10 INCH OR MORE:   6
MIN 32 OR BELOW:   0    0.50 INCH OR MORE:   3
MIN  0 OR BELOW:   0    1.00 INCH OR MORE:   1

[HDD (BASE 65) ]
TOTAL THIS MO.     0    CLEAR  (SCALE 0-3)  18
DPTR FM NORMAL     0    PTCLDY (SCALE 4-7)  10
TOTAL FM JUL 1     0    CLOUDY (SCALE 8-10)  1
DPTR FM NORMAL     0

[CDD (BASE 65) ]
TOTAL THIS MO.   451
DPTR FM NORMAL    26    [PRESSURE DATA]
TOTAL FM JAN 1  1407    HIGHEST SLP  0.00 ON M
DPTR FM NORMAL    -3    LOWEST  SLP  0.00 ON M

[REMARKS]
