000
CXUS53 KMKX 210900
CF6MKE
PRELIMINARY LOCAL CLIMATOLOGICAL DATA (WS FORM: F-6)

                                          STATION:   MILWAUKEE WI
                                          MONTH:     NOVEMBER
                                          YEAR:      2014
                                          LATITUDE:   42 57 N
                                          LONGITUDE:  87 54 W

  TEMPERATURE IN F:       :PCPN:    SNOW:  WIND      :SUNSHINE: SKY     :PK WND
================================================================================
1   2   3   4   5  6A  6B    7    8   9   10  11  12  13   14  15   16   17  18
                                     12Z  AVG MX 2MIN
DY MAX MIN AVG DEP HDD CDD  WTR  SNW DPTH SPD SPD DIR MIN PSBL S-S WX    SPD DR
================================================================================

 1  42  27  35 -11  30   0    T    T    0  6.7 20 350   M    M   7        25 340
 2  52  24  38  -7  27   0 0.00  0.0    0  9.3 20 200   M    M   5 1      23 190
 3  62  42  52   7  13   0    T  0.0    0 11.9 24 220   M    M   8        31 200
 4  59  43  51   7  14   0 0.17  0.0    0 13.6 24 230   M    M   7 1      32 220
 5  54  36  45   1  20   0    T  0.0    0  9.1 30 210   M    M   7        36 210
 6  50  37  44   0  21   0 0.04    T    0 15.8 30 340   M    M  10 18     40 330
 7  45  33  39  -4  26   0 0.00  0.0    0  8.2 16 130   M    M   7        21 180
 8  46  37  42  -1  23   0 0.02  0.0    0 12.1 24 300   M    M   9        34 320
 9  50  34  42   0  23   0 0.06    T    0  9.7 28 220   M    M   9 1      36 200
10  56  39  48   6  17   0    T  0.0    0 11.1 22 140   M    M   9 1      26 130
11  50  29  40  -1  25   0 0.25    T    0 11.6 21 310   M    M   9 1      33 300
12  31  23  27 -14  38   0    T    T    0 12.4 21 280   M    M   7        26 290
13  31  23  27 -13  38   0    T    T    0 12.3 22 300   M    M   7        26 290
14  28  18  23 -17  42   0 0.00  0.0    0  8.5 16 300   M    M   6        20 300
15  30  15  23 -16  42   0 0.03  1.0    0  4.6 13 230   M    M   6 1      16 220
16  30  16  23 -16  42   0 0.02  0.8    1 10.6 18 240   M    M   9 18     23 260
17  19  10  15 -23  50   0    T    T    1 13.0 21 280   M    M   4 8      29 270
18  20  10  15 -23  50   0    T    T    T 13.7 21 280   M    M   5        29 270
19  28  17  23 -14  42   0 0.01  0.3    T 12.9 24 290   M    M   8        34 280
20  25  14  20 -17  45   0 0.00  0.0    T 13.6 23 280   M    M   1 8      32 270
================================================================================
SM  808  527       628   0  0.60     2.1 220.7          M      140
================================================================================
AV 40.4 26.4                              11.0 FASTST   M    M   7    MAX(MPH)
                                 MISC ---->  # 30 210               # 40  330
================================================================================
NOTES:
# LAST OF SEVERAL OCCURRENCES

COLUMN 17 PEAK WIND IN M.P.H.

PRELIMINARY LOCAL CLIMATOLOGICAL DATA (WS FORM: F-6) , PAGE 2

                                          STATION:  MILWAUKEE WI
                                          MONTH:    NOVEMBER
                                          YEAR:     2014
                                          LATITUDE:   42 57 N
                                          LONGITUDE:  87 54 W

[TEMPERATURE DATA]      [PRECIPITATION DATA]       SYMBOLS USED IN COLUMN 16

AVERAGE MONTHLY: 33.4   TOTAL FOR MONTH:   0.60    1 = FOG OR MIST
DPTR FM NORMAL:  -8.0   DPTR FM NORMAL:   -1.22    2 = FOG REDUCING VISIBILITY
HIGHEST:    62 ON  3    GRTST 24HR  0.25 ON 11-11      TO 1/4 MILE OR LESS
LOWEST:     10 ON 18,17                            3 = THUNDER
                        SNOW, ICE PELLETS, HAIL    4 = ICE PELLETS
                        TOTAL MONTH:   2.1 INCHES  5 = HAIL
                        GRTST 24HR   1.0 ON 15-15  6 = FREEZING RAIN OR DRIZZLE
                        GRTST DEPTH:   1 ON 17,16  7 = DUSTSTORM OR SANDSTORM:
                                                       VSBY 1/2 MILE OR LESS
                                                   8 = SMOKE OR HAZE
[NO. OF DAYS WITH]      [WEATHER - DAYS WITH]      9 = BLOWING SNOW
                                                   X = TORNADO
MAX 32 OR BELOW:   9    0.01 INCH OR MORE:   8
MAX 90 OR ABOVE:   0    0.10 INCH OR MORE:   2
MIN 32 OR BELOW:  12    0.50 INCH OR MORE:   0
MIN  0 OR BELOW:   0    1.00 INCH OR MORE:   0

[HDD (BASE 65) ]
TOTAL THIS MO.   628    CLEAR  (SCALE 0-3)   1
DPTR FM NORMAL   156    PTCLDY (SCALE 4-7)  13
TOTAL FM JUL 1  1230    CLOUDY (SCALE 8-10)  6
DPTR FM NORMAL   173

[CDD (BASE 65) ]
TOTAL THIS MO.     0
DPTR FM NORMAL     0    [PRESSURE DATA]
TOTAL FM JAN 1   464    HIGHEST SLP M ON M
DPTR FM NORMAL  -177    LOWEST  SLP 29.44 ON 10

[REMARKS]
