000
CXUS54 KMEG 220643
CF6MKL
PRELIMINARY LOCAL CLIMATOLOGICAL DATA (WS FORM: F-6)

                                          STATION:   JACKSON
                                          MONTH:     AUGUST
                                          YEAR:      2017
                                          LATITUDE:   35 35 N
                                          LONGITUDE:  88 55 W

  TEMPERATURE IN F:       :PCPN:    SNOW:  WIND      :SUNSHINE: SKY     :PK WND
================================================================================
1   2   3   4   5  6A  6B    7    8   9   10  11  12  13   14  15   16   17  18
                                     12Z  AVG MX 2MIN
DY MAX MIN AVG DEP HDD CDD  WTR  SNW DPTH SPD SPD DIR MIN PSBL S-S WX    SPD DR
================================================================================

 1  86  67  77  -2   0  12 0.00  0.0    0  1.4  9 240   M    M   1        12 240
 2  90  68  79   0   0  14 0.04  0.0    0  4.1 15 180   M    M   5 13     20 180
 3  89  66  78  -1   0  13    T  0.0    0  2.5 15 320   M    M   3 13     19 330
 4  85  60  73  -6   0   8 0.01  0.0    0  5.6 16 340   M    M   4 13     21 350
 5  86  58  72  -7   0   7 0.00  0.0    0  3.7 14 110   M    M   1        17 120
 6  89  67  78  -1   0  13 0.53  0.0    0  5.6 28 200   M    M   3 1      33 200
 7  81  69  75  -4   0  10 0.00  0.0    0  6.2 15 360   M    M   7 1      18  10
 8  86  67  77  -2   0  12 0.00  0.0    0  5.0 14  40   M    M   3 1      18  30
 9  89  64  77  -2   0  12 0.00  0.0    0  2.7 10  20   M    M   3 1      12  30
10  92  67  80   1   0  15 0.00  0.0    0  2.8 12 330   M    M   2 1      14 330
11  88  69  79   0   0  14 0.00  0.0    0  4.7 17 290   M    M   3 13     22 280
12  88  67  78  -1   0  13    T  0.0    0  5.7 16 330   M    M   6 128    19  10
13  83  66  75  -4   0  10 0.02  0.0    0  1.9  8 350   M    M   4 1      11 130
14  84  70  77  -2   0  12 0.88  0.0    0  4.4 17 190   M    M   8 13     23 190
15  84  70  77  -2   0  12 1.05  0.0    0  2.3 18 170   M    M   4 13     28 190
16  90  71  81   2   0  16 0.00  0.0    0  6.5 14 210   M    M   4 1      17 210
17  90  74  82   3   0  17    T  0.0    0  8.5 16 230   M    M   5 13     23 210
18  89  68  79   0   0  14 0.00  0.0    0  4.6 12 300   M    M   1        15 280
19  92  66  79   0   0  14 0.00  0.0    0  3.6 12 330   M    M   0 1      15 330
20  95  67  81   3   0  16 0.00  0.0    0  1.9  7 200   M    M   0 1      10 100
21  93  70  82   4   0  17 0.00  0.0    0  2.4  9 200   M    M   1 1      11 180
================================================================================
SM 1849 1411         0 271  2.53     0.0  86.1          M       68
================================================================================
AV 88.1 67.2                               4.1 FASTST   M    M   3    MAX(MPH)
                                 MISC ---->  # 28 200               # 33  200
================================================================================
NOTES:
# LAST OF SEVERAL OCCURRENCES

COLUMN 17 PEAK WIND IN M.P.H.

PRELIMINARY LOCAL CLIMATOLOGICAL DATA (WS FORM: F-6) , PAGE 2

                                          STATION:  JACKSON
                                          MONTH:    AUGUST
                                          YEAR:     2017
                                          LATITUDE:   35 35 N
                                          LONGITUDE:  88 55 W

[TEMPERATURE DATA]      [PRECIPITATION DATA]       SYMBOLS USED IN COLUMN 16

AVERAGE MONTHLY: 77.6   TOTAL FOR MONTH:   2.53    1 = FOG OR MIST
DPTR FM NORMAL:  -1.3   DPTR FM NORMAL:    0.35    2 = FOG REDUCING VISIBILITY
HIGHEST:    95 ON 20    GRTST 24HR  1.05 ON 15-15      TO 1/4 MILE OR LESS
LOWEST:     58 ON  5                               3 = THUNDER
                        SNOW, ICE PELLETS, HAIL    4 = ICE PELLETS
                        TOTAL MONTH:   0.0 INCH    5 = HAIL
                        GRTST 24HR     0.0         6 = FREEZING RAIN OR DRIZZLE
                        GRTST DEPTH:   0           7 = DUSTSTORM OR SANDSTORM:
                                                       VSBY 1/2 MILE OR LESS
                                                   8 = SMOKE OR HAZE
[NO. OF DAYS WITH]      [WEATHER - DAYS WITH]      9 = BLOWING SNOW
                                                   X = TORNADO
MAX 32 OR BELOW:   0    0.01 INCH OR MORE:   6
MAX 90 OR ABOVE:   7    0.10 INCH OR MORE:   3
MIN 32 OR BELOW:   0    0.50 INCH OR MORE:   3
MIN  0 OR BELOW:   0    1.00 INCH OR MORE:   1

[HDD (BASE 65) ]
TOTAL THIS MO.     0    CLEAR  (SCALE 0-3)   9
DPTR FM NORMAL     0    PTCLDY (SCALE 4-7)  11
TOTAL FM JUL 1     0    CLOUDY (SCALE 8-10)  1
DPTR FM NORMAL     0

[CDD (BASE 65) ]
TOTAL THIS MO.   271
DPTR FM NORMAL   -21    [PRESSURE DATA]
TOTAL FM JAN 1  1386    HIGHEST SLP M ON M
DPTR FM NORMAL    91    LOWEST  SLP 29.82 ON 14

[REMARKS]
