000
CXUS54 KMEG 180634
CF6MKL
PRELIMINARY LOCAL CLIMATOLOGICAL DATA (WS FORM: F-6)

                                          STATION:   JACKSON
                                          MONTH:     SEPTEMBER
                                          YEAR:      2014
                                          LATITUDE:   35 35 N
                                          LONGITUDE:  88 55 W

  TEMPERATURE IN F:       :PCPN:    SNOW:  WIND      :SUNSHINE: SKY     :PK WND
================================================================================
1   2   3   4   5  6A  6B    7    8   9   10  11  12  13   14  15   16   17  18
                                     12Z  AVG MX 2MIN
DY MAX MIN AVG DEP HDD CDD  WTR  SNW DPTH SPD SPD DIR MIN PSBL S-S WX    SPD DR
================================================================================

 1  90  75  83   7   0  18 0.00  0.0    0  8.2 18 240   M    M   2        24 220
 2  89  71  80   4   0  15 0.61  0.0    0  7.3 16 310   M    M   5 138    22  10
 3  86  66  76   0   0  11 0.00  0.0    0  1.1  7 210   M    M   7 12      9 330
 4  89  64  77   1   0  12 0.00  0.0    0  1.8  8 210   M    M   2 1      12 210
 5  92  68  80   5   0  15 0.00  0.0    0  1.2  7 240   M    M   1 1       9 170
 6  90  69  80   5   0  15 1.63  0.0    0  4.0 21  50   M    M   3 138    26  40
 7  83  66  75   0   0  10 0.00  0.0    0  4.7 10  30   M    M   4 1      14  30
 8  85  63  74   0   0   9 0.00  0.0    0  1.9 10  10   M    M   1 1      14  40
 9  90  62  76   2   0  11 0.00  0.0    0  2.0  9 180   M    M   0 1      15 180
10  89  75  82   8   0  17 0.00  0.0    0  8.1 17 200   M    M   3 18     25 190
11  78  65  72  -1   0   7 2.46  0.0    0  5.4 22 330   M    M   9 13     28 320
12  68  59  64  -9   1   0 0.00  0.0    0  9.4 16  10   M    M  10 1      20  20
13  66  56  61 -12   4   0 0.00  0.0    0  8.8 16  20   M    M   7 1      21  40
14  77  53  65  -7   0   0 0.00  0.0    0  3.3 10  30   M    M   0        15  10
15  80  56  68  -4   0   3 0.00  0.0    0  1.1  8 330   M    M   1 1       9 330
16  77  61  69  -2   0   4 0.00  0.0    0  3.9  9  10   M    M   7 1      13 360
17  72  53  63  -8   2   0 0.00  0.0    0  1.9 12 260   M    M   4 1      15 250
================================================================================
SM 1401 1082         7 147  4.70     0.0  74.1          M       66
================================================================================
AV 82.4 63.6                               4.4 FASTST   M    M   4    MAX(MPH)
                                 MISC ---->  # 22 330               # 28  320
================================================================================
NOTES:
# LAST OF SEVERAL OCCURRENCES

COLUMN 17 PEAK WIND IN M.P.H.

PRELIMINARY LOCAL CLIMATOLOGICAL DATA (WS FORM: F-6) , PAGE 2

                                          STATION:  JACKSON
                                          MONTH:    SEPTEMBER
                                          YEAR:     2014
                                          LATITUDE:   35 35 N
                                          LONGITUDE:  88 55 W

[TEMPERATURE DATA]      [PRECIPITATION DATA]       SYMBOLS USED IN COLUMN 16

AVERAGE MONTHLY: 73.0   TOTAL FOR MONTH:   4.70    1 = FOG OR MIST
DPTR FM NORMAL:  -0.9   DPTR FM NORMAL:    2.95    2 = FOG REDUCING VISIBILITY
HIGHEST:    92 ON  5    GRTST 24HR  2.47 ON 10-11      TO 1/4 MILE OR LESS
LOWEST:     53 ON 17,14                            3 = THUNDER
                        SNOW, ICE PELLETS, HAIL    4 = ICE PELLETS
                        TOTAL MONTH:   0.0 INCH    5 = HAIL
                        GRTST 24HR     0.0         6 = FREEZING RAIN OR DRIZZLE
                        GRTST DEPTH:   0           7 = DUSTSTORM OR SANDSTORM:
                                                       VSBY 1/2 MILE OR LESS
                                                   8 = SMOKE OR HAZE
[NO. OF DAYS WITH]      [WEATHER - DAYS WITH]      9 = BLOWING SNOW
                                                   X = TORNADO
MAX 32 OR BELOW:   0    0.01 INCH OR MORE:   3
MAX 90 OR ABOVE:   4    0.10 INCH OR MORE:   3
MIN 32 OR BELOW:   0    0.50 INCH OR MORE:   3
MIN  0 OR BELOW:   0    1.00 INCH OR MORE:   2

[HDD (BASE 65) ]
TOTAL THIS MO.     7    CLEAR  (SCALE 0-3)   8
DPTR FM NORMAL     5    PTCLDY (SCALE 4-7)   7
TOTAL FM JUL 1     7    CLOUDY (SCALE 8-10)  2
DPTR FM NORMAL     5

[CDD (BASE 65) ]
TOTAL THIS MO.   147
DPTR FM NORMAL    -8    [PRESSURE DATA]
TOTAL FM JAN 1  1464    HIGHEST SLP M ON M
DPTR FM NORMAL  -114    LOWEST  SLP 29.81 ON 10

[REMARKS]
