000
CXUS53 KMPX 211000
CF6MKT
PRELIMINARY LOCAL CLIMATOLOGICAL DATA (WS FORM: F-6)

                                          STATION:   MANKATO MN
                                          MONTH:     APRIL
                                          YEAR:      2014
                                          LATITUDE:   44 13 N
                                          LONGITUDE:  93 55 W

  TEMPERATURE IN F:       :PCPN:    SNOW:  WIND      :SUNSHINE: SKY     :PK WND
================================================================================
1   2   3   4   5  6A  6B    7    8   9   10  11  12  13   14  15   16   17  18
                                     12Z  AVG MX 2MIN
DY MAX MIN AVG DEP HDD CDD  WTR  SNW DPTH SPD SPD DIR MIN PSBL S-S WX    SPD DR
================================================================================

 1  32  19  26 -13  39   0    M    M    M 13.9 23 260   M    M   8        35 260
 2  45  23  34  -6  31   0    M    M    M  8.9 14  80   M    M   3         M  M
 3  37  28  33  -7  32   0    M    M    M 10.2 20  90   M    M  10        30  80
 4  39  27  33  -8  32   0    M    M    M  9.8 23 310   M    M   5        30 330
 5  52  25  39  -2  26   0    M    M    0 10.2 20 190   M    M   1        27 190
 6  61  39  50   8  15   0    M    M    M  9.7 17 260   M    M   3        21 180
 7  59  39  49   7  16   0    M    M    M  8.6 21 340   M    M   4        28 340
 8  52  34  43   0  22   0    M    M    M 13.0 21 330   M    M   4        24 330
 9  72  34  53  10  12   0    M    M    M 14.3 24 210   M    M   2        31 210
10  61  45  53   9  12   0    M    M    M 14.0 23 320   M    M   1        33 320
11  63  39  51   7  14   0 0.00    M    M  7.6 14 300   M    M   4        18 300
12  59  46  53   8  12   0    M    M    M 13.4 17  90   M    M   6 3      21  90
13  46  34  40  -5  25   0    M    M    M 17.9 27 350   M    M  10        33  10
14  37  25  31 -15  34   0    M    M    M 21.6 27 330   M    M   4        35 350
15  37  18  28 -18  37   0    M    M    M  8.5 17 120   M    M   3        21 120
16  52  30  41  -6  24   0    M    M    M 18.4 24 130   M    M   9        33 120
17  39  28  34 -13  31   0    M    M    M 11.3 22 350   M    M   7        30 350
18  55  28  42  -6  23   0    M    M    M 11.8 21 150   M    M   4        27 150
19  72  43  58  10   7   0    M    M    M 16.7 30 160   M    M   5        43 160
20  72  48  60  12   5   0    M    M    M  6.3 10  20   M    M   4         M  M
================================================================================
SM 1042  652       449   0  0.00    M    246.1          M       97
================================================================================
AV 52.1 32.6                              12.3 FASTST   M    M   5    MAX(MPH)
                                 MISC ---->    30   M                 43    M
================================================================================
NOTES:
# LAST OF SEVERAL OCCURRENCES

COLUMN 17 PEAK WIND IN M.P.H.

PRELIMINARY LOCAL CLIMATOLOGICAL DATA (WS FORM: F-6) , PAGE 2

                                          STATION:  MANKATO MN
                                          MONTH:    APRIL
                                          YEAR:     2014
                                          LATITUDE:   44 13 N
                                          LONGITUDE:  93 55 W

[TEMPERATURE DATA]      [PRECIPITATION DATA]       SYMBOLS USED IN COLUMN 16

AVERAGE MONTHLY: 42.3   TOTAL FOR MONTH:   0.00    1 = FOG OR MIST
DPTR FM NORMAL:  -1.6   DPTR FM NORMAL:   -1.94    2 = FOG REDUCING VISIBILITY
HIGHEST:    72 ON 20,19 GRTST 24HR  0.00 ON 11-11      TO 1/4 MILE OR LESS
LOWEST:     18 ON 15                               3 = THUNDER
                        SNOW, ICE PELLETS, HAIL    4 = ICE PELLETS
                        TOTAL MONTH:    M          5 = HAIL
                        GRTST 24HR    M  ON   M    6 = FREEZING RAIN OR DRIZZLE
                        GRTST DEPTH:   0           7 = DUSTSTORM OR SANDSTORM:
                                                       VSBY 1/2 MILE OR LESS
                                                   8 = SMOKE OR HAZE
[NO. OF DAYS WITH]      [WEATHER - DAYS WITH]      9 = BLOWING SNOW
                                                   X = TORNADO
MAX 32 OR BELOW:   1    0.01 INCH OR MORE:   0
MAX 90 OR ABOVE:   0    0.10 INCH OR MORE:   0
MIN 32 OR BELOW:  10    0.50 INCH OR MORE:   0
MIN  0 OR BELOW:   0    1.00 INCH OR MORE:   0

[HDD (BASE 65) ]
TOTAL THIS MO.   449    CLEAR  (SCALE 0-3)   5
DPTR FM NORMAL    26    PTCLDY (SCALE 4-7)  12
TOTAL FM JUL 1  8042    CLOUDY (SCALE 8-10)  3
DPTR FM NORMAL   665

[CDD (BASE 65) ]
TOTAL THIS MO.     0
DPTR FM NORMAL     0    [PRESSURE DATA]
TOTAL FM JAN 1     0    HIGHEST SLP M ON M
DPTR FM NORMAL     0    LOWEST  SLP M ON M

[REMARKS]
