000
CXUS55 KBYZ 271055
CF6MLS
PRELIMINARY LOCAL CLIMATOLOGICAL DATA (WS FORM: F-6)

                                          STATION:   MILES CITY MT
                                          MONTH:     AUGUST
                                          YEAR:      2015
                                          LATITUDE:   46 25 N
                                          LONGITUDE: 105 53 W

  TEMPERATURE IN F:       :PCPN:    SNOW:  WIND      :SUNSHINE: SKY     :PK WND
================================================================================
1   2   3   4   5  6A  6B    7    8   9   10  11  12  13   14  15   16   17  18
                                     12Z  AVG MX 2MIN
DY MAX MIN AVG DEP HDD CDD  WTR  SNW DPTH SPD SPD DIR MIN PSBL S-S WX    SPD DR
================================================================================

 1 101  55  78   2   0  13 0.00    M    M 10.4 25 300   M    M   0        32 290
 2  88  61  75   0   0  10 0.00    M    M 11.0 21  50   M    M   0        24  40
 3  93  59  76   1   0  11 0.00    M    M  9.2 16 160   M    M   0        21  70
 4  92  61  77   2   0  12 0.06    M    M  9.6 28 270   M    M   2 3      33 280
 5  88  58  73  -2   0   8 0.08    M    M  7.4 24 170   M    M   1 13     28 260
 6  87  63  75   0   0  10 0.01    M    M 10.8 25 300   M    M   3        30 300
 7  85  54  70  -5   0   5 0.00    M    M  7.7 17 260   M    M   0        25 240
 8  85  54  70  -5   0   5 0.01    M    M  8.5 23 160   M    M   5        27 150
 9  79  60  70  -5   0   5 0.03    M    M  4.6 21 270   M    M   6 3      25 280
10  89  56  73  -1   0   8 0.00    M    M  8.8 17 150   M    M   0        22 150
11 100  67  84  10   0  19 0.00    M    M  8.7 17 140   M    M   0        23 140
12 104  68  86  12   0  21 0.26    M    M  7.3 45 220   M    M   1 38     58 220
13 100  63  82   8   0  17 0.00    M    M  5.4 15 340   M    M   1        23 210
14 105  70  88  14   0  23 0.00    M    M 10.3 20 150   M    M   0        26 150
15  92  66  79   6   0  14 0.00    M    M 14.7 26 310   M    M   0 8      34 330
16  71  56  64  -9   1   0 0.00    M    M  7.6 16  20   M    M   7        20  30
17  63  50  57 -16   8   0 0.10    M    M  4.9 12 270   M    M   6        14 260
18  68  50  59 -14   6   0 0.02    M    M  7.2 17 320   M    M   9 123    23 340
19  76  45  61 -11   4   0 0.00    M    M  6.6 14 230   M    M   1 12     23 240
20  90  54  72   0   0   7 0.00    M    M 10.3 22 260   M    M   2 8      27 260
21  90  56  73   1   0   8    T    M    M 10.5 40 310   M    M   7 8      53 310
22  61  43  52 -19  13   0 0.07    M    M 20.7 37 310   M    M   7 18     46 320
23  76  35  56 -15   9   0 0.00    M    M  4.6 10 240   M    M   0        16 240
24  88  46  67  -4   0   2 0.00    M    M  9.2 18 140   M    M   0        22 150
25  97  60  79   9   0  14 0.00    M    M  8.8 21 140   M    M   0 8      26 130
26  99  63  81  11   0  16 0.00    M    M  7.7 16  30   M    M   0 8      20  30
================================================================================
SM 2267 1473        41 228  0.64    M    232.5          M       58
================================================================================
AV 87.2 56.7                               8.9 FASTST   M    M   2    MAX(MPH)
                                 MISC ---->  # 45 220               # 58  220
================================================================================
NOTES:
# LAST OF SEVERAL OCCURRENCES

COLUMN 17 PEAK WIND IN M.P.H.

PRELIMINARY LOCAL CLIMATOLOGICAL DATA (WS FORM: F-6) , PAGE 2

                                          STATION:  MILES CITY MT
                                          MONTH:    AUGUST
                                          YEAR:     2015
                                          LATITUDE:   46 25 N
                                          LONGITUDE: 105 53 W

[TEMPERATURE DATA]      [PRECIPITATION DATA]       SYMBOLS USED IN COLUMN 16

AVERAGE MONTHLY: 71.9   TOTAL FOR MONTH:   0.64    1 = FOG OR MIST
DPTR FM NORMAL:  -1.4   DPTR FM NORMAL:   -0.14    2 = FOG REDUCING VISIBILITY
HIGHEST:   105 ON 14    GRTST 24HR  0.26 ON 12-12      TO 1/4 MILE OR LESS
LOWEST:     35 ON 23                               3 = THUNDER
                        SNOW, ICE PELLETS, HAIL    4 = ICE PELLETS
                        TOTAL MONTH:    M          5 = HAIL
                        GRTST 24HR    M  ON   M    6 = FREEZING RAIN OR DRIZZLE
                        GRTST DEPTH:  M  ON   M    7 = DUSTSTORM OR SANDSTORM:
                                                       VSBY 1/2 MILE OR LESS
                                                   8 = SMOKE OR HAZE
[NO. OF DAYS WITH]      [WEATHER - DAYS WITH]      9 = BLOWING SNOW
                                                   X = TORNADO
MAX 32 OR BELOW:   0    0.01 INCH OR MORE:   9
MAX 90 OR ABOVE:  12    0.10 INCH OR MORE:   2
MIN 32 OR BELOW:   0    0.50 INCH OR MORE:   0
MIN  0 OR BELOW:   0    1.00 INCH OR MORE:   0

[HDD (BASE 65) ]
TOTAL THIS MO.    41    CLEAR  (SCALE 0-3)  19
DPTR FM NORMAL    31    PTCLDY (SCALE 4-7)   6
TOTAL FM JUL 1    41    CLOUDY (SCALE 8-10)  1
DPTR FM NORMAL    19

[CDD (BASE 65) ]
TOTAL THIS MO.   228
DPTR FM NORMAL    -3    [PRESSURE DATA]
TOTAL FM JAN 1   687    HIGHEST SLP  0.00 ON M
DPTR FM NORMAL    41    LOWEST  SLP  0.00 ON M

[REMARKS]
