000
CXUS55 KBYZ 251055
CF6MLS
PRELIMINARY LOCAL CLIMATOLOGICAL DATA (WS FORM: F-6)

                                          STATION:   MILES CITY MT
                                          MONTH:     FEBRUARY
                                          YEAR:      2017
                                          LATITUDE:   46 25 N
                                          LONGITUDE: 105 53 W

  TEMPERATURE IN F:       :PCPN:    SNOW:  WIND      :SUNSHINE: SKY     :PK WND
================================================================================
1   2   3   4   5  6A  6B    7    8   9   10  11  12  13   14  15   16   17  18
                                     12Z  AVG MX 2MIN
DY MAX MIN AVG DEP HDD CDD  WTR  SNW DPTH SPD SPD DIR MIN PSBL S-S WX    SPD DR
================================================================================

 1  18  11  15  -6  50   0    T    M    M 11.4 22 300   M    M   9        24 300
 2  16   6  11 -10  54   0    T    M    M  6.4 14 240   M    M   7        15 240
 3  20  -2   9 -13  56   0 0.00    M    M  9.4 20 140   M    M   1        23 140
 4  20  11  16  -6  49   0    T    M    M 10.3 20 330   M    M   9        23 330
 5  23   5  14  -8  51   0 0.00    M    M  7.5 17 320   M    M   1        20 350
 6  13   6  10 -12  55   0 0.02    M    M  9.1 20  30   M    M  10 18     23  30
 7   9   1   5 -17  60   0    T    M    M  7.5 13 340   M    M   8 18     14 330
 8   8  -6   1 -21  64   0    T    M    M  4.2 14 330   M    M   5        15 340
 9  39   8  24   1  41   0 0.00    M    M  7.0 18 150   M    M   4        21 150
10  46  32  39  16  26   0 0.00    M    M  7.3 20 250   M    M   4        21 250
11  41  23  32   9  33   0    T    M    M 13.8 35 300   M    M   3        42 290
12  42  17  30   7  35   0 0.00    M    M  7.1 15 250   M    M   0        18 260
13  43  24  34  10  31   0 0.00    M    M 10.4 18 280   M    M   0        22 290
14  45  24  35  11  30   0 0.00    M    M  7.9 13 160   M    M   1        14 270
15  52  24  38  14  27   0 0.00    M    M  7.8 14 240   M    M   0        14 240
16  52  32  42  18  23   0    T    M    M  9.3 14 230   M    M   1        15 170
17  57  36  47  22  18   0 0.00    M    M 14.1 29 290   M    M   1        37 280
18  53  34  44  19  21   0    T    M    M  6.7 14 160   M    M   3        15  40
19  52  31  42  17  23   0 0.00    M    M  6.2 13  40   M    M   2        14  40
20  59  35  47  21  18   0 0.00    M    M  8.6 16 260   M    M   2        20 260
21  61  38  50  24  15   0 0.26    M    M  6.4 32 330   M    M   5 38     42 320
22  38  29  34   8  31   0 0.11    M    M  8.6 15  20   M    M   9 1      17 360
23  33  28  31   4  34   0    T    M    M 10.4 17  50   M    M  10 18     20  50
24  34  24  29   2  36   0 0.00    M    M  5.8 12 120   M    M  10        13  70
================================================================================
SM  874  471       881   0  0.39    M    203.2          M      105
================================================================================
AV 36.4 19.6                               8.5 FASTST   M    M   4    MAX(MPH)
                                 MISC ---->  # 35 300               # 42  290
================================================================================
NOTES:
# LAST OF SEVERAL OCCURRENCES

COLUMN 17 PEAK WIND IN M.P.H.

PRELIMINARY LOCAL CLIMATOLOGICAL DATA (WS FORM: F-6) , PAGE 2

                                          STATION:  MILES CITY MT
                                          MONTH:    FEBRUARY
                                          YEAR:     2017
                                          LATITUDE:   46 25 N
                                          LONGITUDE: 105 53 W

[TEMPERATURE DATA]      [PRECIPITATION DATA]       SYMBOLS USED IN COLUMN 16

AVERAGE MONTHLY: 28.0   TOTAL FOR MONTH:   0.39    1 = FOG OR MIST
DPTR FM NORMAL:   4.3   DPTR FM NORMAL:    0.20    2 = FOG REDUCING VISIBILITY
HIGHEST:    61 ON 21    GRTST 24HR  0.26 ON 21-21      TO 1/4 MILE OR LESS
LOWEST:     -6 ON  8                               3 = THUNDER
                        SNOW, ICE PELLETS, HAIL    4 = ICE PELLETS
                        TOTAL MONTH:    M          5 = HAIL
                        GRTST 24HR    M  ON   M    6 = FREEZING RAIN OR DRIZZLE
                        GRTST DEPTH:  M  ON   M    7 = DUSTSTORM OR SANDSTORM:
                                                       VSBY 1/2 MILE OR LESS
                                                   8 = SMOKE OR HAZE
[NO. OF DAYS WITH]      [WEATHER - DAYS WITH]      9 = BLOWING SNOW
                                                   X = TORNADO
MAX 32 OR BELOW:   8    0.01 INCH OR MORE:   3
MAX 90 OR ABOVE:   0    0.10 INCH OR MORE:   2
MIN 32 OR BELOW:  20    0.50 INCH OR MORE:   0
MIN  0 OR BELOW:   2    1.00 INCH OR MORE:   0

[HDD (BASE 65) ]
TOTAL THIS MO.   881    CLEAR  (SCALE 0-3)  12
DPTR FM NORMAL  -108    PTCLDY (SCALE 4-7)   6
TOTAL FM JUL 1  5405    CLOUDY (SCALE 8-10)  6
DPTR FM NORMAL  -180

[CDD (BASE 65) ]
TOTAL THIS MO.     0
DPTR FM NORMAL     0    [PRESSURE DATA]
TOTAL FM JAN 1     0    HIGHEST SLP  0.00 ON 16
DPTR FM NORMAL     0    LOWEST  SLP  0.00 ON 16

[REMARKS]
