000
CXUS51 KCAR 250700
CF6MLT
PRELIMINARY LOCAL CLIMATOLOGICAL DATA (WS FORM: F-6)
STATION: MILLINOCKET ME
MONTH: APRIL
YEAR: 2024
LATITUDE: 45 39 N
LONGITUDE: 68 41 W
TEMPERATURE IN F: :PCPN: SNOW: WIND :SUNSHINE: SKY :PK WND
================================================================================
1 2 3 4 5 6A 6B 7 8 9 10 11 12 13 14 15 16 17 18
12Z AVG MX 2MIN
DY MAX MIN AVG DEP HDD CDD WTR SNW DPTH SPD SPD DIR MIN PSBL S-S WX SPD DR
================================================================================
1 51 21 36 2 29 0 0.00 M M 1.8 10 70 M M 4 14 50
2 52 30 41 7 24 0 0.00 M M 3.4 13 320 M M 3 21 340
3 45 29 37 3 28 0 0.00 M M 11.9 22 90 M M 4 35 90
4 33 29 31 -4 34 0 0.42 M M 13.3 22 50 M M 10 12 35 70
5 37 33 35 0 30 0 0.07 M M 10.9 17 60 M M 10 1 25 30
6 38 33 36 0 29 0 0.03 M M 9.3 15 20 M M 10 1 24 350
7 50 30 40 4 25 0 T M M 9.2 17 10 M M 6 26 360
8 65 25 45 8 20 0 0.00 M M 5.6 20 310 M M 0 28 270
9 55 28 42 5 23 0 0.00 M M 4.7 15 40 M M 0 22 40
10 49 25 37 -1 28 0 0.11 M M 4.0 12 170 M M 6 1 23 160
11 44 39 42 4 23 0 0.20 M M 5.3 12 130 M M 10 1 18 140
12 58 43 51 12 14 0 0.60 M M 8.8 18 150 M M 10 12 34 150
13 64 42 53 14 12 0 0.14 M M 8.8 16 180 M M 8 1 31 190
14 56 38 47 7 18 0 0.00 M M 8.0 21 300 M M 6 35 310
15 57 34 46 6 19 0 0.01 M M 4.0 18 310 M M 7 27 310
16 51 31 41 1 24 0 0.00 M M 9.1 21 310 M M 7 32 310
17 53 32 43 2 22 0 0.00 M M 6.8 17 350 M M 3 27 350
18 60 27 44 2 21 0 0.00 M M 1.8 12 120 M M 0 17 120
19 61 30 46 4 19 0 0.00 M M 4.8 14 160 M M 1 27 130
20 51 39 45 3 20 0 0.05 M M 3.8 10 280 M M 9 1 19 270
21 52 31 42 -1 23 0 0.00 M M 6.2 15 310 M M 6 24 290
22 43 26 35 -9 30 0 0.00 M M 10.3 24 300 M M 1 37 290
23 59 24 42 -2 23 0 0.00 M M 5.3 18 160 M M 0 34 170
24 45 24 35 -9 30 0 0.23 M M 7.9 24 320 M M 7 1 39 290
================================================================================
SM 1229 743 568 0 1.86 M 165.0 M 128
================================================================================
AV 51.2 31.0 6.9 FASTST M M 5 MAX(MPH)
MISC ----> # 24 300 39 290
================================================================================
NOTES:
# LAST OF SEVERAL OCCURRENCES
COLUMN 17 PEAK WIND IN M.P.H.
PRELIMINARY LOCAL CLIMATOLOGICAL DATA (WS FORM: F-6) , PAGE 2
STATION: MILLINOCKET ME
MONTH: APRIL
YEAR: 2024
LATITUDE: 45 39 N
LONGITUDE: 68 41 W
[TEMPERATURE DATA] [PRECIPITATION DATA] SYMBOLS USED IN COLUMN 16
AVERAGE MONTHLY: 41.1 TOTAL FOR MONTH: 1.86 1 = FOG OR MIST
DPTR FM NORMAL: 2.2 DPTR FM NORMAL: -0.91 2 = FOG REDUCING VISIBILITY
HIGHEST: 65 ON 8 GRTST 24HR 0.69 ON 11-12 TO 1/4 MILE OR LESS
LOWEST: 21 ON 1 3 = THUNDER
SNOW, ICE PELLETS, HAIL 4 = ICE PELLETS
TOTAL MONTH: M 5 = HAIL
GRTST 24HR M ON M 6 = FREEZING RAIN OR DRIZZLE
GRTST DEPTH: M ON M 7 = DUSTSTORM OR SANDSTORM:
VSBY 1/2 MILE OR LESS
8 = SMOKE OR HAZE
[NO. OF DAYS WITH] [WEATHER - DAYS WITH] 9 = BLOWING SNOW
X = TORNADO
MAX 32 OR BELOW: 0 0.01 INCH OR MORE: 10
MAX 90 OR ABOVE: 0 0.10 INCH OR MORE: 6
MIN 32 OR BELOW: 16 0.50 INCH OR MORE: 1
MIN 0 OR BELOW: 0 1.00 INCH OR MORE: 0
[HDD (BASE 65) ]
TOTAL THIS MO. 568 CLEAR (SCALE 0-3) 8
DPTR FM NORMAL -57 PTCLDY (SCALE 4-7) 10
TOTAL FM JUL 1 6729 CLOUDY (SCALE 8-10) 6
DPTR FM NORMAL -1017
[CDD (BASE 65) ]
TOTAL THIS MO. 0
DPTR FM NORMAL 0 [PRESSURE DATA]
TOTAL FM JAN 1 0 HIGHEST SLP M ON M
DPTR FM NORMAL 0 LOWEST SLP 29.32 ON 13
[REMARKS]