000
CXUS55 KBOU 230757
CF6MNH
PRELIMINARY LOCAL CLIMATOLOGICAL DATA (WS FORM: F-6)

                                          STATION:   ELBERT 6W CO
                                          MONTH:     AUGUST
                                          YEAR:      2017
                                          LATITUDE:   39 13 N
                                          LONGITUDE: 104 38 W

  TEMPERATURE IN F:       :PCPN:    SNOW:  WIND      :SUNSHINE: SKY     :PK WND
================================================================================
1   2   3   4   5  6A  6B    7    8   9   10  11  12  13   14  15   16   17  18
                                     12Z  AVG MX 2MIN
DY MAX MIN AVG DEP HDD CDD  WTR  SNW DPTH SPD SPD DIR MIN PSBL S-S WX    SPD DR
================================================================================

 1  75  48  62   M   3   0    M    M    M  7.1 13 180   M    M   1        17 340
 2  79  52  66   M   0   1    M    M    M 10.3 21 360   M    M   2 3      28 360
 3  68  50  59   M   6   0    M    M    M  7.5 21 340   M    M   6 123    27 340
 4  79  50  65   M   0   0    M    M    M 11.8 25 190   M    M   1        30 190
 5  77  50  64   M   1   0    M    M    M  9.5 32 320   M    M   2 3      44 320
 6  68  48  58   M   7   0    M    M    M  6.2 14 180   M    M   6 123    17 180
 7  61  52  57   M   8   0    M    M    M  7.8 16 140   M    M  10 13     21 140
 8  68  50  59   M   6   0    M    M    M  6.0 13 150   M    M   6 13     17 150
 9  70  46  58   M   7   0    M    M    M  6.0 13  30   M    M   3 3      18  30
10  72  46  59   M   6   0    M    M    M  7.9 17  40   M    M   4 3      27  40
11  64  46  55   M  10   0    M    M    M 12.2 20 190   M    M   2        25 190
12  75  48  62   M   3   0    M    M    M  7.2 17 350   M    M   2 13     33 350
13  73  52  63   M   2   0    M    M    M  5.9 10 220   M    M   2 3       M  M
14  77  50  64   M   1   0    M    M    M  8.0 22 260   M    M   2 3      31 260
15  77  48  63   M   2   0    M    M    M  6.9 16 110   M    M   4 3      18 350
16  68  46  57   M   8   0    M    M    M  4.4 10 120   M    M   4         M  M
17  73  48  61   M   4   0    M    M    M  8.2 24 330   M    M   1        35 330
18  77  48  63   M   2   0    M    M    M  7.6 14 180   M    M   1         M  M
19  81  52  67   M   0   2    M    M    M  7.0 14 200   M    M   1         M  M
20  77  54  66   M   0   1    M    M    M  7.7 12 230   M    M   0        18  40
21  77  52  65   M   0   0    M    M    M  7.8 17  20   M    M   0        25  20
22  72  46  59   M   6   0    M    M    M 12.3 24 200   M    M   3 2      31 200
================================================================================
SM 1608 1082        82   4    M     M    175.3          M       63
================================================================================
AV 73.1 49.2                               8.0 FASTST   M    M   3    MAX(MPH)
                                 MISC ---->  # 32 320               # 44  320
================================================================================
NOTES:
# LAST OF SEVERAL OCCURRENCES

COLUMN 17 PEAK WIND IN M.P.H.

PRELIMINARY LOCAL CLIMATOLOGICAL DATA (WS FORM: F-6) , PAGE 2

                                          STATION:  ELBERT 6W CO
                                          MONTH:    AUGUST
                                          YEAR:     2017
                                          LATITUDE:   39 13 N
                                          LONGITUDE: 104 38 W

[TEMPERATURE DATA]      [PRECIPITATION DATA]       SYMBOLS USED IN COLUMN 16

AVERAGE MONTHLY: 61.1   TOTAL FOR MONTH:      M    1 = FOG OR MIST
DPTR FM NORMAL:     M   DPTR FM NORMAL:       M    2 = FOG REDUCING VISIBILITY
HIGHEST:    81 ON 19    GRTST 24HR    M  ON   M        TO 1/4 MILE OR LESS
LOWEST:     46 ON 22,16                            3 = THUNDER
                        SNOW, ICE PELLETS, HAIL    4 = ICE PELLETS
                        TOTAL MONTH:    M          5 = HAIL
                        GRTST 24HR    M  ON   M    6 = FREEZING RAIN OR DRIZZLE
                        GRTST DEPTH:  M  ON   M    7 = DUSTSTORM OR SANDSTORM:
                                                       VSBY 1/2 MILE OR LESS
                                                   8 = SMOKE OR HAZE
[NO. OF DAYS WITH]      [WEATHER - DAYS WITH]      9 = BLOWING SNOW
                                                   X = TORNADO
MAX 32 OR BELOW:   0    0.01 INCH OR MORE:   0
MAX 90 OR ABOVE:   0    0.10 INCH OR MORE:   0
MIN 32 OR BELOW:   0    0.50 INCH OR MORE:   0
MIN  0 OR BELOW:   0    1.00 INCH OR MORE:   0

[HDD (BASE 65) ]
TOTAL THIS MO.    82    CLEAR  (SCALE 0-3)  14
DPTR FM NORMAL     M    PTCLDY (SCALE 4-7)   7
TOTAL FM JUL 1   103    CLOUDY (SCALE 8-10)  1
DPTR FM NORMAL     M

[CDD (BASE 65) ]
TOTAL THIS MO.     4
DPTR FM NORMAL     M    [PRESSURE DATA]
TOTAL FM JAN 1   124    HIGHEST SLP M ON M
DPTR FM NORMAL     M    LOWEST  SLP M ON M

[REMARKS]
