000
CXUS55 KBOU 260820
CF6MNH
PRELIMINARY LOCAL CLIMATOLOGICAL DATA (WS FORM: F-6)

                                          STATION:   ELBERT 6W CO
                                          MONTH:     APRIL
                                          YEAR:      2017
                                          LATITUDE:   39 13 N
                                          LONGITUDE: 104 38 W

  TEMPERATURE IN F:       :PCPN:    SNOW:  WIND      :SUNSHINE: SKY     :PK WND
================================================================================
1   2   3   4   5  6A  6B    7    8   9   10  11  12  13   14  15   16   17  18
                                     12Z  AVG MX 2MIN
DY MAX MIN AVG DEP HDD CDD  WTR  SNW DPTH SPD SPD DIR MIN PSBL S-S WX    SPD DR
================================================================================

 1  32  27  30   M  35   0    M    M    M  7.2 17 190   M    M   9 1      22 190
 2  54  25  40   M  25   0    M    M    M  5.5 15 200   M    M   3 1      18 200
 3  45  30  38   M  27   0    M    M    M  6.4 15  60   M    M   6 12     23 350
 4  32  27  30   M  35   0    M    M    M 11.2 15 350   M    M  10 18     20  50
 5  41  12  27   M  38   0    M    M    M  6.2 10 310   M    M   1 1       M  M
 6  54  28  41   M  24   0    M    M    M 11.4 20 180   M    M   0        27 170
 7  70  36  53   M  12   0    M    M    M  9.6 18 250   M    M   0        22 210
 8  68  39  54   M  11   0    M    M    M 14.2 23 250   M    M   1        36 250
 9  55  28  42   M  23   0    M    M    M 13.7 21 270   M    M   0        33 250
10  52  21  37   M  28   0    M    M    M 10.3 20 140   M    M   0        30 140
11  59  27  43   M  22   0    M    M    M 11.4 25 180   M    M   0        33 170
12  64  37  51   M  14   0    M    M    M  9.0 14 150   M    M   0        24 130
13  68  34  51   M  14   0    M    M    M 15.5 23 160   M    M   1        32 170
14  73  39  56   M   9   0    M    M    M 10.5 22 290   M    M   0        30 270
15  59  34  47   M  18   0    M    M    M  9.4 18 110   M    M   2        28 110
16  61  32  47   M  18   0    M    M    M 13.3 21 180   M    M   1        30 180
17  66  34  50   M  15   0    M    M    M 12.1 20 190   M    M   2 12     27 200
18  64  34  49   M  16   0    M    M    M 14.9 31 170   M    M   0        43 180
19  68  36  52   M  13   0    M    M    M 15.5 32 270   M    M   1        41 270
20  52  30  41   M  24   0    M    M    M 15.4 25 180   M    M   6        37 170
21  45  30  38   M  27   0    M    M    M 15.5 27 170   M    M   8 13     32 170
22  46  28  37   M  28   0    M    M    M  5.7 15 190   M    M   6 1       M  M
23  64  34  49   M  16   0    M    M    M 15.5 25 190   M    M   0        33 180
24  59  34  47   M  18   0    M    M    M  7.6 17 120   M    M   2        28 120
25  50  28  39   M  26   0    M    M    M  8.0 17  20   M    M   6        22  20
================================================================================
SM 1401  764       536   0    M     M    275.0          M       65
================================================================================
AV 56.0 30.6                              11.0 FASTST   M    M   3    MAX(MPH)
                                 MISC ---->  # 32 270               # 43  180
================================================================================
NOTES:
# LAST OF SEVERAL OCCURRENCES

COLUMN 17 PEAK WIND IN M.P.H.

PRELIMINARY LOCAL CLIMATOLOGICAL DATA (WS FORM: F-6) , PAGE 2

                                          STATION:  ELBERT 6W CO
                                          MONTH:    APRIL
                                          YEAR:     2017
                                          LATITUDE:   39 13 N
                                          LONGITUDE: 104 38 W

[TEMPERATURE DATA]      [PRECIPITATION DATA]       SYMBOLS USED IN COLUMN 16

AVERAGE MONTHLY: 43.3   TOTAL FOR MONTH:      M    1 = FOG OR MIST
DPTR FM NORMAL:     M   DPTR FM NORMAL:       M    2 = FOG REDUCING VISIBILITY
HIGHEST:    73 ON 14    GRTST 24HR    M  ON   M        TO 1/4 MILE OR LESS
LOWEST:     12 ON  5                               3 = THUNDER
                        SNOW, ICE PELLETS, HAIL    4 = ICE PELLETS
                        TOTAL MONTH:    M          5 = HAIL
                        GRTST 24HR    M  ON   M    6 = FREEZING RAIN OR DRIZZLE
                        GRTST DEPTH:  M  ON   M    7 = DUSTSTORM OR SANDSTORM:
                                                       VSBY 1/2 MILE OR LESS
                                                   8 = SMOKE OR HAZE
[NO. OF DAYS WITH]      [WEATHER - DAYS WITH]      9 = BLOWING SNOW
                                                   X = TORNADO
MAX 32 OR BELOW:   2    0.01 INCH OR MORE:   0
MAX 90 OR ABOVE:   0    0.10 INCH OR MORE:   0
MIN 32 OR BELOW:  14    0.50 INCH OR MORE:   0
MIN  0 OR BELOW:   0    1.00 INCH OR MORE:   0

[HDD (BASE 65) ]
TOTAL THIS MO.   536    CLEAR  (SCALE 0-3)  18
DPTR FM NORMAL     M    PTCLDY (SCALE 4-7)   5
TOTAL FM JUL 1  5741    CLOUDY (SCALE 8-10)  2
DPTR FM NORMAL     M

[CDD (BASE 65) ]
TOTAL THIS MO.     0
DPTR FM NORMAL     M    [PRESSURE DATA]
TOTAL FM JAN 1     0    HIGHEST SLP M ON M
DPTR FM NORMAL     M    LOWEST  SLP M ON M

[REMARKS]
