000
CXUS53 KMQT 260900
CF6MQT
PRELIMINARY LOCAL CLIMATOLOGICAL DATA (WS FORM: F-6)

                                          STATION:   MARQUETTE MI
                                          MONTH:     SEPTEMBER
                                          YEAR:      2016
                                          LATITUDE:   46 31 N
                                          LONGITUDE:  87 33 W

  TEMPERATURE IN F:       :PCPN:    SNOW:  WIND      :SUNSHINE: SKY     :PK WND
================================================================================
1   2   3   4   5  6A  6B    7    8   9   10  11  12  13   14  15   16   17  18
                                     12Z  AVG MX 2MIN
DY MAX MIN AVG DEP HDD CDD  WTR  SNW DPTH SPD SPD DIR MIN PSBL S-S WX    SPD DR
================================================================================

 1  62  45  54  -7  11   0 0.05  0.0    0   M   M   M   M    M   M        16  90
 2  75  41  58  -3   7   0 0.00  0.0    0   M   M   M   M    M   M        12  90
 3  76  53  65   4   0   0 0.00  0.0    0   M   M   M   M    M   M        18 270
 4  75  57  66   6   0   1 0.00  0.0    0   M   M   M   M    M   M        26 180
 5  80  60  70  10   0   5    T  0.0    0   M   M   M   M    M   M        25 180
 6  76  62  69   9   0   4 1.00  0.0    0   M   M   M   M    M   M 13     24 270
 7  66  59  63   4   2   0 0.63  0.0    0   M   M   M   M    M   M 12     13  45
 8  75  55  65   6   0   0 0.07  0.0    0   M   M   M   M    M   M 12     25 270
 9  70  50  60   1   5   0    T  0.0    0   M   M   M   M    M   M        19 225
10  60  46  53  -5  12   0 1.55  0.0    0   M   M   M   M    M   M        25 315
11  71  45  58   0   7   0 0.00  0.0    0   M   M   M   M    M   M        21 270
12  76  53  65   8   0   0 0.00  0.0    0   M   M   M   M    M   M        29 225
13  66  52  59   2   6   0 0.07  0.0    0   M   M   M   M    M   M        18 360
14  68  45  57   0   8   0    T  0.0    0   M   M   M   M    M   M 1      14 270
15  71  44  58   2   7   0 0.00  0.0    0   M   M   M   M    M   M        17 225
16  66  57  62   6   3   0 1.28  0.0    0   M   M   M   M    M   M        18 135
17  70  57  64   9   1   0 0.00  0.0    0   M   M   M   M    M   M 12     21 225
18  73  56  65  10   0   0 0.00  0.0    0   M   M   M   M    M   M        16 180
19  71  56  64   9   1   0 0.03  0.0    0   M   M   M   M    M   M        36 270
20  71  44  58   4   7   0 0.00  0.0    0   M   M   M   M    M   M        23 270
21  65  50  58   4   7   0 0.01  0.0    0   M   M   M   M    M   M        12  45
22  62  53  58   5   7   0    T  0.0    0   M   M   M   M    M   M        17  45
23  62  46  54   1  11   0 0.00  0.0    0   M   M   M   M    M   M        16  90
24  67  42  55   3  10   0    T  0.0    0   M   M   M   M    M   M        16 180
25  64  51  58   6   7   0 0.27  0.0    0   M   M   M   M    M   M        23 180
================================================================================
SM 1738 1279       119  10  4.96     0.0     M          M        M
================================================================================
AV 69.5 51.2                                 M FASTST   M    M -nan   MAX(MPH)
                                 MISC ---->     M   M               # 36  270
================================================================================
NOTES:
# LAST OF SEVERAL OCCURRENCES

COLUMN 17 PEAK WIND IN M.P.H.

PRELIMINARY LOCAL CLIMATOLOGICAL DATA (WS FORM: F-6) , PAGE 2

                                          STATION:  MARQUETTE MI
                                          MONTH:    SEPTEMBER
                                          YEAR:     2016
                                          LATITUDE:   46 31 N
                                          LONGITUDE:  87 33 W

[TEMPERATURE DATA]      [PRECIPITATION DATA]       SYMBOLS USED IN COLUMN 16

AVERAGE MONTHLY: 60.3   TOTAL FOR MONTH:   4.96    1 = FOG OR MIST
DPTR FM NORMAL:   3.5   DPTR FM NORMAL:    1.92    2 = FOG REDUCING VISIBILITY
HIGHEST:    80 ON  5    GRTST 24HR  1.55 ON 10-10      TO 1/4 MILE OR LESS
LOWEST:     41 ON  2                               3 = THUNDER
                        SNOW, ICE PELLETS, HAIL    4 = ICE PELLETS
                        TOTAL MONTH:   0.0 INCH    5 = HAIL
                        GRTST 24HR     0.0         6 = FREEZING RAIN OR DRIZZLE
                        GRTST DEPTH:   0           7 = DUSTSTORM OR SANDSTORM:
                                                       VSBY 1/2 MILE OR LESS
                                                   8 = SMOKE OR HAZE
[NO. OF DAYS WITH]      [WEATHER - DAYS WITH]      9 = BLOWING SNOW
                                                   X = TORNADO
MAX 32 OR BELOW:   0    0.01 INCH OR MORE:  10
MAX 90 OR ABOVE:   0    0.10 INCH OR MORE:   5
MIN 32 OR BELOW:   0    0.50 INCH OR MORE:   4
MIN  0 OR BELOW:   0    1.00 INCH OR MORE:   3

[HDD (BASE 65) ]
TOTAL THIS MO.   119    CLEAR  (SCALE 0-3)   0
DPTR FM NORMAL  -105    PTCLDY (SCALE 4-7)   0
TOTAL FM JUL 1   219    CLOUDY (SCALE 8-10)  0
DPTR FM NORMAL  -190

[CDD (BASE 65) ]
TOTAL THIS MO.    10
DPTR FM NORMAL   -11    [PRESSURE DATA]
TOTAL FM JAN 1   246    HIGHEST SLP M ON M
DPTR FM NORMAL     5    LOWEST  SLP M ON M

[REMARKS]
