000
CXUS51 KLWX 300620
CF6MRB
PRELIMINARY LOCAL CLIMATOLOGICAL DATA (WS FORM: F-6)

                                          STATION:   MARTINSBURG WV
                                          MONTH:     JULY
                                          YEAR:      2015
                                          LATITUDE:   39 24 N
                                          LONGITUDE:  77 59 W

  TEMPERATURE IN F:       :PCPN:    SNOW:  WIND      :SUNSHINE: SKY     :PK WND
================================================================================
1   2   3   4   5  6A  6B    7    8   9   10  11  12  13   14  15   16   17  18
                                     12Z  AVG MX 2MIN
DY MAX MIN AVG DEP HDD CDD  WTR  SNW DPTH SPD SPD DIR MIN PSBL S-S WX    SPD DR
================================================================================

 1  85  63  74   0   0   9 0.01    M    M  7.0 20 270   M    M   2 18     24 270
 2  75  63  69  -5   0   4 0.00    M    M  1.9  7 150   M    M   5 128    10 220
 3  78  63  71  -3   0   6 0.05    M    M  3.3 10 130   M    M   9 128    15 150
 4  80  66  73  -1   0   8 0.34    M    M  3.3 13 350   M    M   7 18     17 350
 5  83  62  73  -2   0   8 0.00    M    M  1.9  9 150   M    M   5 128    12 140
 6  84  70  77   2   0  12 0.09    M    M  4.0 15 160   M    M   6 1      22 150
 7  87  68  78   3   0  13 0.00    M    M  4.7 12 190   M    M   3 18     16 180
 8  87  72  80   5   0  15 0.06    M    M  4.9 16 330   M    M   7 1      21 330
 9  89  71  80   5   0  15 0.10    M    M  6.3 29 240   M    M   4 1      40 220
10  81  69  75   0   0  10    T    M    M  4.6 12  30   M    M   6        17 340
11  84  63  74  -1   0   9 0.01    M    M  3.3 12  30   M    M   3 18     16  10
12  84  57  71  -4   0   6 0.00    M    M  1.0  8 150   M    M   0 18     11 130
13  79  67  73  -2   0   8 0.04    M    M  3.9 14 140   M    M   8 1      19 160
14  85  66  76   1   0  11 1.17    M    M  4.9 26 280   M    M   6 12     35 280
15  83  65  74  -1   0   9 0.01    M    M  8.5 18 320   M    M   4 1      23 310
16  80  56  68  -7   0   3 0.00    M    M  3.2  9  30   M    M   0        12  30
17  81  57  69  -6   0   4 0.00    M    M  4.7 15 140   M    M   2        19 140
18  89  68  79   4   0  14 0.32    M    M  4.9 21 260   M    M   2 1      32 250
19  92  70  81   6   0  16 0.00    M    M  4.6 13 280   M    M   1 1      17 250
20  89  73  81   6   0  16 0.00    M    M  5.4 14 300   M    M   2        19 320
21  87  71  79   4   0  14    T    M    M  6.0 17 320   M    M   3        22 310
22  83  59  71  -4   0   6 0.00    M    M  6.1 16 290   M    M   1        22 290
23  82  60  71  -4   0   6 0.00    M    M  4.3 13 330   M    M   2        18 320
24  85  56  71  -4   0   6 0.00    M    M  2.5 12 290   M    M   1 18     15 320
25  88  61  75   0   0  10 0.00    M    M  2.3 10 160   M    M   1 18     14 150
26  88  63  76   1   0  11    T    M    M  3.4 15 200   M    M   1 18     22 200
27  87  68  78   3   0  13 0.00    M    M  3.4 10  20   M    M   5 18     14  40
28  90  68  79   4   0  14 0.00    M    M  3.0 12 160   M    M   3 18     15 150
29  88  67  78   4   0  13 0.00    M    M  3.2 13 150   M    M   3 128    15 150
================================================================================
SM 2453 1882         0 289  2.20    M    120.5          M      102
================================================================================
AV 84.6 64.9                               4.2 FASTST   M    M   4    MAX(MPH)
                                 MISC ---->  # 29 240               # 40  220
================================================================================
NOTES:
# LAST OF SEVERAL OCCURRENCES

COLUMN 17 PEAK WIND IN M.P.H.

PRELIMINARY LOCAL CLIMATOLOGICAL DATA (WS FORM: F-6) , PAGE 2

                                          STATION:  MARTINSBURG WV
                                          MONTH:    JULY
                                          YEAR:     2015
                                          LATITUDE:   39 24 N
                                          LONGITUDE:  77 59 W

[TEMPERATURE DATA]      [PRECIPITATION DATA]       SYMBOLS USED IN COLUMN 16

AVERAGE MONTHLY: 74.7   TOTAL FOR MONTH:   2.20    1 = FOG OR MIST
DPTR FM NORMAL:  -0.1   DPTR FM NORMAL:   -1.22    2 = FOG REDUCING VISIBILITY
HIGHEST:    92 ON 19    GRTST 24HR  1.18 ON 14-15      TO 1/4 MILE OR LESS
LOWEST:     56 ON 24,16                            3 = THUNDER
                        SNOW, ICE PELLETS, HAIL    4 = ICE PELLETS
                        TOTAL MONTH:    M          5 = HAIL
                        GRTST 24HR    M  ON   M    6 = FREEZING RAIN OR DRIZZLE
                        GRTST DEPTH:  M  ON   M    7 = DUSTSTORM OR SANDSTORM:
                                                       VSBY 1/2 MILE OR LESS
                                                   8 = SMOKE OR HAZE
[NO. OF DAYS WITH]      [WEATHER - DAYS WITH]      9 = BLOWING SNOW
                                                   X = TORNADO
MAX 32 OR BELOW:   0    0.01 INCH OR MORE:  11
MAX 90 OR ABOVE:   2    0.10 INCH OR MORE:   4
MIN 32 OR BELOW:   0    0.50 INCH OR MORE:   1
MIN  0 OR BELOW:   0    1.00 INCH OR MORE:   1

[HDD (BASE 65) ]
TOTAL THIS MO.     0    CLEAR  (SCALE 0-3)  16
DPTR FM NORMAL     0    PTCLDY (SCALE 4-7)  11
TOTAL FM JUL 1     0    CLOUDY (SCALE 8-10)  2
DPTR FM NORMAL     0

[CDD (BASE 65) ]
TOTAL THIS MO.   289
DPTR FM NORMAL     3    [PRESSURE DATA]
TOTAL FM JAN 1   686    HIGHEST SLP M ON M
DPTR FM NORMAL   160    LOWEST  SLP 29.54 ON 14

[REMARKS]
