000
CXUS51 KLWX 270620
CF6MRB
PRELIMINARY LOCAL CLIMATOLOGICAL DATA (WS FORM: F-6)

                                          STATION:   MARTINSBURG WV
                                          MONTH:     JULY
                                          YEAR:      2016
                                          LATITUDE:   39 24 N
                                          LONGITUDE:  77 59 W

  TEMPERATURE IN F:       :PCPN:    SNOW:  WIND      :SUNSHINE: SKY     :PK WND
================================================================================
1   2   3   4   5  6A  6B    7    8   9   10  11  12  13   14  15   16   17  18
                                     12Z  AVG MX 2MIN
DY MAX MIN AVG DEP HDD CDD  WTR  SNW DPTH SPD SPD DIR MIN PSBL S-S WX    SPD DR
================================================================================

 1  86  60  73  -1   0   8 0.05    M    M  5.8 17 270   M    M   1 1      28 240
 2  78  63  71  -3   0   6 0.00    M    M  5.5 15 340   M    M   2        20 330
 3  75  61  68  -6   0   3 0.00    M    M  2.5 10 170   M    M   6 1      13 170
 4  70  64  67  -7   0   2 0.29    M    M  3.6 10 140   M    M   8 1      14 140
 5  87  69  78   3   0  13 0.01    M    M  6.4 16 270   M    M   5 18     26 300
 6  90  69  80   5   0  15 0.00    M    M  3.8 13 240   M    M   2 1      16 240
 7  89  69  79   4   0  14 0.00    M    M  7.6 17 250   M    M   1        20 260
 8  90  68  79   4   0  14    T    M    M  6.3 21 270   M    M   1 1      28 270
 9  91  70  81   6   0  16 0.00    M    M  9.3 22 270   M    M   2        27 280
10  85  65  75   0   0  10 0.00    M    M  7.8 17 290   M    M   3        22 280
11  88  57  73  -2   0   8 0.00    M    M  2.5 10  70   M    M   0        14 120
12  86  62  74  -1   0   9 0.00    M    M  4.9 15 140   M    M   6        20 160
13  93  69  81   6   0  16    T    M    M  4.1 15 150   M    M   5        22 150
14  97  70  84   9   0  19 0.00    M    M  8.8 24 260   M    M   1        33 260
15  89  70  80   5   0  15 0.00    M    M  6.6 15 280   M    M   0        23 270
16  90  66  78   3   0  13 0.00    M    M  3.7 16 200   M    M   1        24 190
17  93  62  78   3   0  13 0.00    M    M  5.1 20 270   M    M   1 1      29 260
18  91  65  78   3   0  13 0.46    M    M  5.8 30 310   M    M   1 1      40 290
19  90  72  81   6   0  16 0.03    M    M  5.2 17 280   M    M   3 1      21 340
20  86  62  74  -1   0   9 0.00    M    M  4.5 13 360   M    M   1        16 350
21  91  57  74  -1   0   9 0.00    M    M  2.4 14 210   M    M   0 1      21 160
22  93  63  78   3   0  13 0.00    M    M  5.3 21 280   M    M   0 1      26 280
23  98  74  86  11   0  21 0.00    M    M  5.4 15 310   M    M   1        20 280
24  96  69  83   8   0  18    T    M    M  4.2 15 150   M    M   1 1      22 160
25  99  71  85  10   0  20 0.00    M    M  4.6 21 210   M    M   1 1      31 220
26  93  71  82   7   0  17 0.00    M    M  4.6 14 300   M    M   0        18 330
================================================================================
SM 2314 1718         0 330  0.84    M    136.3          M       53
================================================================================
AV 89.0 66.1                               5.2 FASTST   M    M   2    MAX(MPH)
                                 MISC ---->  # 30 310               # 40  290
================================================================================
NOTES:
# LAST OF SEVERAL OCCURRENCES

COLUMN 17 PEAK WIND IN M.P.H.

PRELIMINARY LOCAL CLIMATOLOGICAL DATA (WS FORM: F-6) , PAGE 2

                                          STATION:  MARTINSBURG WV
                                          MONTH:    JULY
                                          YEAR:     2016
                                          LATITUDE:   39 24 N
                                          LONGITUDE:  77 59 W

[TEMPERATURE DATA]      [PRECIPITATION DATA]       SYMBOLS USED IN COLUMN 16

AVERAGE MONTHLY: 77.5   TOTAL FOR MONTH:   0.84    1 = FOG OR MIST
DPTR FM NORMAL:   2.7   DPTR FM NORMAL:   -2.22    2 = FOG REDUCING VISIBILITY
HIGHEST:    99 ON 25    GRTST 24HR  0.49 ON 18-19      TO 1/4 MILE OR LESS
LOWEST:     57 ON 21,11                            3 = THUNDER
                        SNOW, ICE PELLETS, HAIL    4 = ICE PELLETS
                        TOTAL MONTH:    M          5 = HAIL
                        GRTST 24HR    M  ON   M    6 = FREEZING RAIN OR DRIZZLE
                        GRTST DEPTH:  M  ON   M    7 = DUSTSTORM OR SANDSTORM:
                                                       VSBY 1/2 MILE OR LESS
                                                   8 = SMOKE OR HAZE
[NO. OF DAYS WITH]      [WEATHER - DAYS WITH]      9 = BLOWING SNOW
                                                   X = TORNADO
MAX 32 OR BELOW:   0    0.01 INCH OR MORE:   5
MAX 90 OR ABOVE:  15    0.10 INCH OR MORE:   2
MIN 32 OR BELOW:   0    0.50 INCH OR MORE:   0
MIN  0 OR BELOW:   0    1.00 INCH OR MORE:   0

[HDD (BASE 65) ]
TOTAL THIS MO.     0    CLEAR  (SCALE 0-3)  21
DPTR FM NORMAL     0    PTCLDY (SCALE 4-7)   4
TOTAL FM JUL 1     0    CLOUDY (SCALE 8-10)  1
DPTR FM NORMAL     0

[CDD (BASE 65) ]
TOTAL THIS MO.   330
DPTR FM NORMAL    74    [PRESSURE DATA]
TOTAL FM JAN 1   619    HIGHEST SLP M ON M
DPTR FM NORMAL   123    LOWEST  SLP 29.77 ON M

[REMARKS]
