191
CXUS56 KMTR 211000
CF6MRY
PRELIMINARY LOCAL CLIMATOLOGICAL DATA (WS FORM: F-6)

                                          STATION:   MONTEREY AIRPORT
                                          MONTH:     JANUARY
                                          YEAR:      2017
                                          LATITUDE:   36 34 N
                                          LONGITUDE: 121 51 W

  TEMPERATURE IN F:       :PCPN:    SNOW:  WIND      :SUNSHINE: SKY     :PK WND
================================================================================
1   2   3   4   5  6A  6B    7    8   9   10  11  12  13   14  15   16   17  18
                                     12Z  AVG MX 2MIN
DY MAX MIN AVG DEP HDD CDD  WTR  SNW DPTH SPD SPD DIR MIN PSBL S-S WX    SPD DR
================================================================================

 1  51  43  47  -4  18   0 0.03  0.0    0  7.8 17 270   M    M   8        26 270
 2  50  43  47  -4  18   0 0.24    M    0  4.0 10 160   M    M   9 1      14 150
 3  58  47  53   2  12   0 0.54    M    0  4.5 23 150   M    M  10 1      37 130
 4  62  52  57   6   8   0 0.43  0.0    0  7.3 25 130   M    M  10 1      33 130
 5  52  37  45  -6  20   0 0.02  0.0    0  7.2 16 270   M    M   3 1      21 270
 6  53  31  42  -9  23   0 0.00  0.0    0  2.9  9  90   M    M   2        16  10
 7  66  48  57   6   8   0 0.76  0.0    0  8.6 26 160   M    M  10 1      40 150
 8  67  55  61  10   4   0 1.93  0.0    0 11.4 23 140   M    M   8 13     43 140
 9  60  52  56   5   9   0 0.14  0.0    0  8.6 23 200   M    M   6 1      32 180
10  60  56  58   7   7   0 0.92  0.0    0 13.2 36 190   M    M   8 18     47 200
11  58  48  53   2  12   0 0.15    M    0  6.9 21 190   M    M   6 1      27 180
12  52  42  47  -4  18   0 0.11  0.0    0  6.9 15 270   M    M   6 1      22 230
13  56  37  47  -4  18   0 0.00  0.0    0  5.9 13 100   M    M   1        16 280
14  57  38  48  -3  17   0 0.00  0.0    0  5.7 12 100   M    M   1        14 290
15  56  37  47  -4  18   0 0.00  0.0    0  4.2 12 100   M    M   0        14  90
16  59  35  47  -4  18   0 0.00  0.0    0  3.9 12  90   M    M   0        14 100
17  58  37  48  -3  17   0 0.00  0.0    0  3.6 15 100   M    M   0        17 100
18  58  47  53   2  12   0 0.27    M    0  7.7 24 150   M    M   9 1      35 140
19  57  48  53   2  12   0 0.21    M    0  6.4 16 230   M    M   6 13     19 230
20  55  46  51   0  14   0 0.68    M    0 10.2 28 240   M    M   9 13     38 190
================================================================================
SM 1145  879       283   0  6.43     0.0 136.9          M      112
================================================================================
AV 57.3 44.0                               6.8 FASTST   M    M   6    MAX(MPH)
                                 MISC ---->  # 36 190               # 47  200
================================================================================
NOTES:
# LAST OF SEVERAL OCCURRENCES

COLUMN 17 PEAK WIND IN M.P.H.

PRELIMINARY LOCAL CLIMATOLOGICAL DATA (WS FORM: F-6) , PAGE 2

                                          STATION:  MONTEREY AIRPORT
                                          MONTH:    JANUARY
                                          YEAR:     2017
                                          LATITUDE:   36 34 N
                                          LONGITUDE: 121 51 W

[TEMPERATURE DATA]      [PRECIPITATION DATA]       SYMBOLS USED IN COLUMN 16

AVERAGE MONTHLY: 50.6   TOTAL FOR MONTH:   6.43    1 = FOG OR MIST
DPTR FM NORMAL:  -0.4   DPTR FM NORMAL:    3.93    2 = FOG REDUCING VISIBILITY
HIGHEST:    67 ON  8    GRTST 24HR  2.20 ON  7- 8      TO 1/4 MILE OR LESS
LOWEST:     31 ON  6                               3 = THUNDER
                        SNOW, ICE PELLETS, HAIL    4 = ICE PELLETS
                        TOTAL MONTH:   0.0 INCH    5 = HAIL
                        GRTST 24HR     0.0         6 = FREEZING RAIN OR DRIZZLE
                        GRTST DEPTH:   0           7 = DUSTSTORM OR SANDSTORM:
                                                       VSBY 1/2 MILE OR LESS
                                                   8 = SMOKE OR HAZE
[NO. OF DAYS WITH]      [WEATHER - DAYS WITH]      9 = BLOWING SNOW
                                                   X = TORNADO
MAX 32 OR BELOW:   0    0.01 INCH OR MORE:  14
MAX 90 OR ABOVE:   0    0.10 INCH OR MORE:  12
MIN 32 OR BELOW:   1    0.50 INCH OR MORE:   5
MIN  0 OR BELOW:   0    1.00 INCH OR MORE:   1

[HDD (BASE 65) ]
TOTAL THIS MO.   283    CLEAR  (SCALE 0-3)   7
DPTR FM NORMAL     3    PTCLDY (SCALE 4-7)   5
TOTAL FM JUL 1  1606    CLOUDY (SCALE 8-10)  8
DPTR FM NORMAL     5

[CDD (BASE 65) ]
TOTAL THIS MO.     0
DPTR FM NORMAL     0    [PRESSURE DATA]
TOTAL FM JAN 1     0    HIGHEST SLP M ON M
DPTR FM NORMAL     0    LOWEST  SLP 29.33 ON 20

[REMARKS]
