000
CXUS54 KHUN 281015
CF6MSL
PRELIMINARY LOCAL CLIMATOLOGICAL DATA (WS FORM: F-6)

                                          STATION:   MUSCLE SHOALS
                                          MONTH:     AUGUST
                                          YEAR:      2016
                                          LATITUDE:   34 45 N
                                          LONGITUDE:  87 37 W

  TEMPERATURE IN F:       :PCPN:    SNOW:  WIND      :SUNSHINE: SKY     :PK WND
================================================================================
1   2   3   4   5  6A  6B    7    8   9   10  11  12  13   14  15   16   17  18
                                     12Z  AVG MX 2MIN
DY MAX MIN AVG DEP HDD CDD  WTR  SNW DPTH SPD SPD DIR MIN PSBL S-S WX    SPD DR
================================================================================

 1  94  71  83   2   0  18 0.00  0.0    0  2.3 12 300   M    M   2 1      15 260
 2  84  73  79  -2   0  14 1.47  0.0    0  2.2 12 180   M    M   2 13     19  60
 3  93  73  83   2   0  18 0.20  0.0    0  1.7 26 310   M    M   4 123    43 330
 4  94  71  83   2   0  18 0.00  0.0    0  1.4 15 320   M    M   2 123    21 330
 5  96  73  85   4   0  20 0.00  0.0    0  2.2 10 340   M    M   1 1      14 280
 6  95  74  85   5   0  20 1.26  0.0    0  2.3 28 330   M    M   1 13     36 340
 7  91  74  83   3   0  18 0.00  0.0    0  3.7 10 340   M    M   5 1      15 340
 8  93  73  83   3   0  18 0.51  0.0    0  2.4 14 140   M    M   2 138    19  80
 9  90  74  82   2   0  17 0.00  0.0    0  3.2 16 120   M    M   2 1      20 120
10  89  77  83   3   0  18 0.00  0.0    0  7.3 16 120   M    M   6        21 110
11  89  77  83   3   0  18 0.08  0.0    0  7.0 15 110   M    M   7 18     20 110
12  89  75  82   2   0  17    T  0.0    0  8.3 20 160   M    M   7        26 150
13  87  73  80   0   0  15 0.20  0.0    0  7.0 24 220   M    M   6 1      30 220
14  91  72  82   2   0  17 0.04  0.0    0  6.0 25 200   M    M   4 3      35 210
15  91  71  81   1   0  16 0.00  0.0    0  7.8 17 190   M    M   2        24 170
16  92  72  82   2   0  17 0.00  0.0    0  5.5 14 210   M    M   1        21 220
17  91  71  81   1   0  16 0.00  0.0    0  2.9 13 270   M    M   1        16 280
18  93  75  84   4   0  19 0.04  0.0    0  3.4 17 140   M    M   4 1      21 160
19  88  73  81   1   0  16 0.06  0.0    0  4.6 18 220   M    M   6 13     24 200
20  88  73  81   1   0  16 0.15  0.0    0  5.2 21 230   M    M   5 138    32 230
21  85  72  79  -1   0  14 0.81  0.0    0  5.4 16 310   M    M   6 13     22 310
22  85  68  77  -3   0  12 0.00  0.0    0  1.8  8  90   M    M   4        11  80
23  90  67  79  -1   0  14 0.00  0.0    0  2.3  8 320   M    M   3        11 240
24  95  70  83   4   0  18 0.00  0.0    0  1.6  8 190   M    M   1 1      12 230
25  94  72  83   4   0  18 0.01  0.0    0  1.9 15 270   M    M   2 13     17 260
26  97  73  85   6   0  20 0.58  0.0    0  3.8 36 150   M    M   1 138    42 160
27  94  70  82   3   0  17 0.00  0.0    0  2.6 12 190   M    M   1 123    13 200
================================================================================
SM 2458 1957         0 459  5.41     0.0 105.8          M       88
================================================================================
AV 91.0 72.5                               3.9 FASTST   M    M   3    MAX(MPH)
                                 MISC ---->  # 36 150               # 43  330
================================================================================
NOTES:
# LAST OF SEVERAL OCCURRENCES

COLUMN 17 PEAK WIND IN M.P.H.

PRELIMINARY LOCAL CLIMATOLOGICAL DATA (WS FORM: F-6) , PAGE 2

                                          STATION:  MUSCLE SHOALS
                                          MONTH:    AUGUST
                                          YEAR:     2016
                                          LATITUDE:   34 45 N
                                          LONGITUDE:  87 37 W

[TEMPERATURE DATA]      [PRECIPITATION DATA]       SYMBOLS USED IN COLUMN 16

AVERAGE MONTHLY: 81.8   TOTAL FOR MONTH:   5.41    1 = FOG OR MIST
DPTR FM NORMAL:   1.7   DPTR FM NORMAL:    2.66    2 = FOG REDUCING VISIBILITY
HIGHEST:    97 ON 26    GRTST 24HR  1.47 ON  2- 2      TO 1/4 MILE OR LESS
LOWEST:     67 ON 23                               3 = THUNDER
                        SNOW, ICE PELLETS, HAIL    4 = ICE PELLETS
                        TOTAL MONTH:   0.0 INCH    5 = HAIL
                        GRTST 24HR     0.0         6 = FREEZING RAIN OR DRIZZLE
                        GRTST DEPTH:   0           7 = DUSTSTORM OR SANDSTORM:
                                                       VSBY 1/2 MILE OR LESS
                                                   8 = SMOKE OR HAZE
[NO. OF DAYS WITH]      [WEATHER - DAYS WITH]      9 = BLOWING SNOW
                                                   X = TORNADO
MAX 32 OR BELOW:   0    0.01 INCH OR MORE:  13
MAX 90 OR ABOVE:  18    0.10 INCH OR MORE:   8
MIN 32 OR BELOW:   0    0.50 INCH OR MORE:   5
MIN  0 OR BELOW:   0    1.00 INCH OR MORE:   2

[HDD (BASE 65) ]
TOTAL THIS MO.     0    CLEAR  (SCALE 0-3)  15
DPTR FM NORMAL     0    PTCLDY (SCALE 4-7)  12
TOTAL FM JUL 1     0    CLOUDY (SCALE 8-10)  0
DPTR FM NORMAL     0

[CDD (BASE 65) ]
TOTAL THIS MO.   459
DPTR FM NORMAL    52    [PRESSURE DATA]
TOTAL FM JAN 1  1734    HIGHEST SLP M ON M
DPTR FM NORMAL   244    LOWEST  SLP 29.81 ON  8

[REMARKS]
