000
CXUS53 KMKX 230900
CF6MSN
PRELIMINARY LOCAL CLIMATOLOGICAL DATA (WS FORM: F-6)

                                          STATION:   MADISON WI
                                          MONTH:     JANUARY
                                          YEAR:      2018
                                          LATITUDE:   43  7 N
                                          LONGITUDE:  89 20 W

  TEMPERATURE IN F:       :PCPN:    SNOW:  WIND      :SUNSHINE: SKY     :PK WND
================================================================================
1   2   3   4   5  6A  6B    7    8   9   10  11  12  13   14  15   16   17  18
                                     12Z  AVG MX 2MIN
DY MAX MIN AVG DEP HDD CDD  WTR  SNW DPTH SPD SPD DIR MIN PSBL S-S WX    SPD DR
================================================================================

 1   2 -13  -5 -24  70   0 0.00  0.0    2  6.1 13 310   M    M   0        19 320
 2  10  -7   2 -17  63   0    T  0.1    2  7.5 17 220   M    M   5        27 230
 3  12  -1   6 -13  59   0 0.01  0.4    2  7.6 16 330   M    M   5 18     24 310
 4   9 -10   0 -19  65   0 0.00  0.0    2  5.9 13 340   M    M   0        18 330
 5   8  -9   0 -19  65   0 0.00  0.0    2  5.3 13 350   M    M   1        20 310
 6  11 -11   0 -19  65   0 0.00  0.0    2  4.3 18 190   M    M   3        25 190
 7  31   7  19   0  46   0 0.02  0.2    2 10.5 17 200   M    M   9 1      26 200
 8  42  25  34  15  31   0 0.00  0.0    1  5.1 15 280   M    M   4 18     24 300
 9  40  22  31  12  34   0 0.00  0.0    1  6.2 16 150   M    M   5 18     22 160
10  50  30  40  21  25   0 0.01  0.0    T 12.7 22 200   M    M  10 1      34 200
11  51  14  33  15  32   0 0.17    T    0 11.1 23 200   M    M  10 16     36 200
12  19   2  11  -7  54   0 0.00  0.0    0 14.3 24  10   M    M   5        33 340
13  10  -4   3 -15  62   0 0.00  0.0    0  5.4 13 340   M    M   0        18 280
14  18  -5   7 -11  58   0 0.06  2.4    0  9.3 18 160   M    M   7 1      28 170
15  22  13  18   0  47   0 0.12  4.5    2  6.9 18 160   M    M  10 128    25 160
16  21   5  13  -5  52   0    T    T    5  6.5 13 340   M    M   4 1      19 330
17  21   0  11  -7  54   0 0.00  0.0    3  7.0 16 240   M    M   3        31 230
18  32  18  25   7  40   0 0.00  0.0    2  7.0 14 220   M    M   2        23 220
19  39  25  32  14  33   0 0.00  0.0    1  8.7 21 200   M    M   6        32 210
20  50  24  37  19  28   0 0.00  0.0    0  1.7 10 170   M    M   4 18     14 230
21  38  24  31  13  34   0 0.12  0.0    0  3.7 15  30   M    M   8 12     22  30
22  38  31  35  17  30   0 1.12  0.9    0 12.5 28  70   M    M   9 1      37  70
================================================================================
SM  574  180      1047   0  1.63     8.5 165.3          M      110
================================================================================
AV 26.1  8.2                               7.5 FASTST   M    M   5    MAX(MPH)
                                 MISC ---->  # 28  70               # 37   70
================================================================================
NOTES:
# LAST OF SEVERAL OCCURRENCES

COLUMN 17 PEAK WIND IN M.P.H.

PRELIMINARY LOCAL CLIMATOLOGICAL DATA (WS FORM: F-6) , PAGE 2

                                          STATION:  MADISON WI
                                          MONTH:    JANUARY
                                          YEAR:     2018
                                          LATITUDE:   43  7 N
                                          LONGITUDE:  89 20 W

[TEMPERATURE DATA]      [PRECIPITATION DATA]       SYMBOLS USED IN COLUMN 16

AVERAGE MONTHLY: 17.1   TOTAL FOR MONTH:   1.63    1 = FOG OR MIST
DPTR FM NORMAL:  -1.3   DPTR FM NORMAL:    0.75    2 = FOG REDUCING VISIBILITY
HIGHEST:    51 ON 11    GRTST 24HR  1.12 ON 22-22      TO 1/4 MILE OR LESS
LOWEST:    -13 ON  1                               3 = THUNDER
                        SNOW, ICE PELLETS, HAIL    4 = ICE PELLETS
                        TOTAL MONTH:   8.5 INCHES  5 = HAIL
                        GRTST 24HR   4.5 ON 15-15  6 = FREEZING RAIN OR DRIZZLE
                        GRTST DEPTH:   5 ON 16     7 = DUSTSTORM OR SANDSTORM:
                                                       VSBY 1/2 MILE OR LESS
                                                   8 = SMOKE OR HAZE
[NO. OF DAYS WITH]      [WEATHER - DAYS WITH]      9 = BLOWING SNOW
                                                   X = TORNADO
MAX 32 OR BELOW:  14    0.01 INCH OR MORE:   8
MAX 90 OR ABOVE:   0    0.10 INCH OR MORE:   4
MIN 32 OR BELOW:  22    0.50 INCH OR MORE:   1
MIN  0 OR BELOW:   9    1.00 INCH OR MORE:   1

[HDD (BASE 65) ]
TOTAL THIS MO.  1047    CLEAR  (SCALE 0-3)   6
DPTR FM NORMAL    26    PTCLDY (SCALE 4-7)  11
TOTAL FM JUL 1  3729    CLOUDY (SCALE 8-10)  5
DPTR FM NORMAL  -171

[CDD (BASE 65) ]
TOTAL THIS MO.     0
DPTR FM NORMAL     0    [PRESSURE DATA]
TOTAL FM JAN 1     0    HIGHEST SLP M ON M
DPTR FM NORMAL     0    LOWEST  SLP 29.44 ON 22

[REMARKS]
