000
CXUS55 KMSO 170900
CF6MSO
PRELIMINARY LOCAL CLIMATOLOGICAL DATA (WS FORM: F-6)

                                          STATION:   MISSOULA MT
                                          MONTH:     JANUARY
                                          YEAR:      2017
                                          LATITUDE:   46 55 N
                                          LONGITUDE: 114  5 W

  TEMPERATURE IN F:       :PCPN:    SNOW:  WIND      :SUNSHINE: SKY     :PK WND
================================================================================
1   2   3   4   5  6A  6B    7    8   9   10  11  12  13   14  15   16   17  18
                                     12Z  AVG MX 2MIN
DY MAX MIN AVG DEP HDD CDD  WTR  SNW DPTH SPD SPD DIR MIN PSBL S-S WX    SPD DR
================================================================================

 1  21  -2  10 -14  55   0 0.05  1.1   10  8.0 24 120   M    M   7 18     29 120
 2  13   7  10 -14  55   0 0.00  0.0   10 19.4 26 130   M    M   9 8      32 120
 3  11   2   7 -17  58   0    T    T    9  8.0 18 120   M    M  10        22 120
 4   7 -14  -3 -27  68   0    T    T    9  2.0  8 350   M    M   2 1      10 340
 5   1 -19  -9 -33  74   0    T    T    9  0.8  7 120   M    M   5 18      7 130
 6  10  -5   3 -21  62   0 0.00  0.0    8  1.3  6  80   M    M   7 18      6  80
 7   7 -13  -3 -27  68   0 0.15  2.0    8  0.8  8  90   M    M   3 18      9  90
 8  20   7  14 -11  51   0 0.41  5.3   10  1.1  7 140   M    M   9 18      8 140
 9  32  17  25   0  40   0 0.17  1.6   15  3.2 14 260   M    M   9 16     16 320
10  26  10  18  -7  47   0 0.02  0.6   15  2.3 21 110   M    M  10 12     24 110
11  20   9  15 -10  50   0    T  0.2   15  6.5 24 110   M    M   9 18     31 110
12  20   0  10 -15  55   0    T    T   14  1.6  9 130   M    M   7        10 130
13  10 -11   0 -25  65   0    T    T   14  0.9  7 130   M    M   3 128     8 120
14   7 -14  -3 -29  68   0 0.00  0.0   14  0.1  6 140   M    M   1 128     6 130
15   7 -12  -2 -28  67   0 0.00  0.0   14  0.8  7 120   M    M   2 18      7 110
16  12 -12   0 -26  65   0 0.00  0.0   14  0.9  9 120   M    M   0 18     13 130
================================================================================
SM  224  -50       948   0  0.80    10.8  57.7          M       93
================================================================================
AV 14.0 -3.1                               3.6 FASTST   M    M   6    MAX(MPH)
                                 MISC ---->  # 26 130               # 32  120
================================================================================
NOTES:
# LAST OF SEVERAL OCCURRENCES

COLUMN 17 PEAK WIND IN M.P.H.

PRELIMINARY LOCAL CLIMATOLOGICAL DATA (WS FORM: F-6) , PAGE 2

                                          STATION:  MISSOULA MT
                                          MONTH:    JANUARY
                                          YEAR:     2017
                                          LATITUDE:   46 55 N
                                          LONGITUDE: 114  5 W

[TEMPERATURE DATA]      [PRECIPITATION DATA]       SYMBOLS USED IN COLUMN 16

AVERAGE MONTHLY:  5.4   TOTAL FOR MONTH:   0.80    1 = FOG OR MIST
DPTR FM NORMAL: -19.3   DPTR FM NORMAL:    0.33    2 = FOG REDUCING VISIBILITY
HIGHEST:    32 ON  9    GRTST 24HR  0.47 ON  8- 9      TO 1/4 MILE OR LESS
LOWEST:    -19 ON  5                               3 = THUNDER
                        SNOW, ICE PELLETS, HAIL    4 = ICE PELLETS
                        TOTAL MONTH:  10.8 INCHES  5 = HAIL
                        GRTST 24HR   5.3 ON   M    6 = FREEZING RAIN OR DRIZZLE
                        GRTST DEPTH:  15 ON 11,10  7 = DUSTSTORM OR SANDSTORM:
                                                       VSBY 1/2 MILE OR LESS
                                                   8 = SMOKE OR HAZE
[NO. OF DAYS WITH]      [WEATHER - DAYS WITH]      9 = BLOWING SNOW
                                                   X = TORNADO
MAX 32 OR BELOW:  16    0.01 INCH OR MORE:   5
MAX 90 OR ABOVE:   0    0.10 INCH OR MORE:   3
MIN 32 OR BELOW:  16    0.50 INCH OR MORE:   0
MIN  0 OR BELOW:  10    1.00 INCH OR MORE:   0

[HDD (BASE 65) ]
TOTAL THIS MO.   948    CLEAR  (SCALE 0-3)   6
DPTR FM NORMAL   304    PTCLDY (SCALE 4-7)   4
TOTAL FM JUL 1  4120    CLOUDY (SCALE 8-10)  6
DPTR FM NORMAL   304

[CDD (BASE 65) ]
TOTAL THIS MO.     0
DPTR FM NORMAL     0    [PRESSURE DATA]
TOTAL FM JAN 1     0    HIGHEST SLP M ON M
DPTR FM NORMAL     0    LOWEST  SLP 29.62 ON  9

[REMARKS]
