000
CXUS51 KBTV 280700
CF6MSS
PRELIMINARY LOCAL CLIMATOLOGICAL DATA (WS FORM: F-6)

                                          STATION:   MASSENA NY
                                          MONTH:     MARCH
                                          YEAR:      2015
                                          LATITUDE:   44 55 N
                                          LONGITUDE:  74 51 W

  TEMPERATURE IN F:       :PCPN:    SNOW:  WIND      :SUNSHINE: SKY     :PK WND
================================================================================
1   2   3   4   5  6A  6B    7    8   9   10  11  12  13   14  15   16   17  18
                                     12Z  AVG MX 2MIN
DY MAX MIN AVG DEP HDD CDD  WTR  SNW DPTH SPD SPD DIR MIN PSBL S-S WX    SPD DR
================================================================================

 1  29  -8  11 -11  54   0    T    M    0  4.6 14 220   M    M   6 1      17 210
 2  29   0  15  -7  50   0    T    M    0 11.6 28 300   M    M   7 18     38 310
 3  27 -11   8 -14  57   0 0.07    M    0  3.5 14  60   M    M   4 1268   16  60
 4  36  22  29   6  36   0    T    M    0 16.5 26 220   M    M   9 16     34 210
 5  22 -17   3 -20  62   0    T    M    0  7.7 20 280   M    M   1        25 290
 6  20 -21   0 -24  65   0 0.00  0.0    0 10.9 26 220   M    M   0        33 220
 7  28  11  20  -4  45   0    T    M    0 12.8 21 230   M    M   7 18     27 230
 8  33  17  25   1  40   0    T    M    0 10.4 20 280   M    M   9 18     26 290
 9  39  26  33   8  32   0 0.04    M    0 12.9 28 210   M    M   5 18     36 230
10  51  30  41  16  24   0 0.00  0.0    0 11.5 24 200   M    M   3        30 210
11  46  30  38  12  27   0    T    M    0 14.8 29 330   M    M   5 18     41 310
12  33  12  23  -3  42   0    T    M    0 10.7 26 310   M    M   0 1      36 310
13  29  10  20  -6  45   0    T    M    0  6.0 16  50   M    M   7 8      19  40
14  35  25  30   3  35   0 0.03    M    0  9.0 20  50   M    M   9 16     25  40
15  35  16  26  -1  39   0 0.05    M    0  5.0 15  20   M    M  10 1268   23  30
16  44  11  28   0  37   0 0.00  0.0    0  2.5 10 170   M    M   5 12     12 180
17  37  21  29   1  36   0 0.07    M    0 12.8 31 300   M    M   7 18     40 310
18  25   8  17 -12  48   0 0.00  0.0    0  9.4 21 300   M    M   2        29 310
19  29   3  16 -13  49   0 0.00  0.0    0  4.5 16 270   M    M   0        22 260
20  42  12  27  -3  38   0 0.00  0.0    0  5.6 17 210   M    M   5        23 210
21  38  18  28  -2  37   0 0.10    M    0 12.4 29 280   M    M   9 1      41 280
22  18   7  13 -18  52   0 0.00  0.0    0 12.1 22 300   M    M   3        31 290
23  20   5  13 -18  52   0 0.00  0.0    0 10.8 21 270   M    M   0        26 270
24  33   7  20 -12  45   0 0.00  0.0    0  4.2 10 300   M    M   0        14 320
25  43  13  28  -4  37   0 0.04    M    0  8.1 26 210   M    M   3 1      36 210
26  43  34  39   6  26   0 0.12    M    0 10.3 22 240   M    M   7 18     30 230
27  34  22  28  -5  37   0 0.02    M    0  8.1 17 290   M    M  10 18     20 270
================================================================================
SM  898  303      1147   0  0.54     0.0 248.7          M      133
================================================================================
AV 33.3 11.2                               9.2 FASTST   M    M   5    MAX(MPH)
                                 MISC ---->  # 31 300               # 41  310
================================================================================
NOTES:
# LAST OF SEVERAL OCCURRENCES

COLUMN 17 PEAK WIND IN M.P.H.

PRELIMINARY LOCAL CLIMATOLOGICAL DATA (WS FORM: F-6) , PAGE 2

                                          STATION:  MASSENA NY
                                          MONTH:    MARCH
                                          YEAR:     2015
                                          LATITUDE:   44 55 N
                                          LONGITUDE:  74 51 W

[TEMPERATURE DATA]      [PRECIPITATION DATA]       SYMBOLS USED IN COLUMN 16

AVERAGE MONTHLY: 22.2   TOTAL FOR MONTH:   0.54    1 = FOG OR MIST
DPTR FM NORMAL:  -4.9   DPTR FM NORMAL:   -1.25    2 = FOG REDUCING VISIBILITY
HIGHEST:    51 ON 10    GRTST 24HR  0.12 ON 26-26      TO 1/4 MILE OR LESS
LOWEST:    -21 ON  6                               3 = THUNDER
                        SNOW, ICE PELLETS, HAIL    4 = ICE PELLETS
                        TOTAL MONTH:   0.0 INCH    5 = HAIL
                        GRTST 24HR     0.0         6 = FREEZING RAIN OR DRIZZLE
                        GRTST DEPTH:   0           7 = DUSTSTORM OR SANDSTORM:
                                                       VSBY 1/2 MILE OR LESS
                                                   8 = SMOKE OR HAZE
[NO. OF DAYS WITH]      [WEATHER - DAYS WITH]      9 = BLOWING SNOW
                                                   X = TORNADO
MAX 32 OR BELOW:  11    0.01 INCH OR MORE:   9
MAX 90 OR ABOVE:   0    0.10 INCH OR MORE:   2
MIN 32 OR BELOW:  26    0.50 INCH OR MORE:   0
MIN  0 OR BELOW:   5    1.00 INCH OR MORE:   0

[HDD (BASE 65) ]
TOTAL THIS MO.  1147    CLEAR  (SCALE 0-3)   9
DPTR FM NORMAL   124    PTCLDY (SCALE 4-7)  12
TOTAL FM JUL 1  7313    CLOUDY (SCALE 8-10)  6
DPTR FM NORMAL   303

[CDD (BASE 65) ]
TOTAL THIS MO.     0
DPTR FM NORMAL     0    [PRESSURE DATA]
TOTAL FM JAN 1     0    HIGHEST SLP M ON M
DPTR FM NORMAL     0    LOWEST  SLP 29.43 ON 17

[REMARKS]
